000
CDUS42 KJAX 232128
CLISSI


CLIMATE REPORT
NATIONAL WEATHER SERVICE JACKSONVILLE FL
527 PM EDT THU MAR 23 2017


...................................

...THE ST SIMONS ISLAND CLIMATE SUMMARY FOR MARCH 23 2017...
VALID TODAY AS OF 0500 PM LOCAL TIME.

CLIMATE NORMAL PERIOD 1981 TO 2010
CLIMATE RECORD PERIOD 1948 TO 2017


WEATHER ITEM   OBSERVED TIME   RECORD YEAR NORMAL DEPARTURE LAST
                VALUE   (LST)  VALUE       VALUE  FROM      YEAR
                                                  NORMAL
..................................................................
TEMPERATURE (F)
 TODAY
  MAXIMUM         68   1158 AM  88    2011  70     -2       74
  MINIMUM         61    612 AM  37    1996  53      8       49
  AVERAGE         65                        62      3       62

PRECIPITATION (IN)
  TODAY            0.00          1.78 1993   0.12  -0.12     0.00
  MONTH TO DATE    0.66                      2.92  -2.26     0.67
  SINCE MAR 1      0.66                      2.92  -2.26     0.67
  SINCE JAN 1      6.52                      9.61  -3.09     7.81

SNOWFALL (IN)
  TODAY            0.0           0.0    MM                   0.0
  MONTH TO DATE    0.0                                       0.0
  SINCE MAR 1      0.0                                       0.0
  SINCE JUL 1      0.0                                       0.0

DEGREE DAYS
 HEATING
  TODAY            0                         4     -4        3
  MONTH TO DATE  151                       147      4       81
  SINCE MAR 1    151                       147      4       81
  SINCE JUL 1    766                      1398   -632      987

 COOLING
  TODAY            0                         1     -1        0
  MONTH TO DATE   34                        22     12       54
  SINCE MAR 1     34                        22     12       54
  SINCE JAN 1     86                        31     55       58
..................................................................


WIND (MPH)
  HIGHEST WIND SPEED    26   HIGHEST WIND DIRECTION    NE (50)
  HIGHEST GUST SPEED    34   HIGHEST GUST DIRECTION    NE (40)
  AVERAGE WIND SPEED    16.6


SKY COVER
  POSSIBLE SUNSHINE  MM
  AVERAGE SKY COVER 0.9


WEATHER CONDITIONS
 THE FOLLOWING WEATHER WAS RECORDED TODAY.
  NO SIGNIFICANT WEATHER WAS OBSERVED.


RELATIVE HUMIDITY (PERCENT)
 HIGHEST    84           300 AM
 LOWEST     52           100 PM
 AVERAGE    68

..........................................................


THE ST SIMONS ISLAND CLIMATE NORMALS FOR TOMORROW
                         NORMAL    RECORD    YEAR
 MAXIMUM TEMPERATURE (F)   71        88      2011
 MINIMUM TEMPERATURE (F)   53        34      1968


SUNRISE AND SUNSET
MARCH 23 2017.........SUNRISE   725 AM EDT   SUNSET   739 PM EDT
MARCH 24 2017.........SUNRISE   724 AM EDT   SUNSET   740 PM EDT


-  INDICATES NEGATIVE NUMBERS.
R  INDICATES RECORD WAS SET OR TIED.
MM INDICATES DATA IS MISSING.
T  INDICATES TRACE AMOUNT.




$$
