000
CDUS42 KJAX 200627
CLISSI


CLIMATE REPORT
NATIONAL WEATHER SERVICE JACKSONVILLE FL
126 AM EST MON NOV 20 2017


...................................

...THE ST SIMONS ISLAND CLIMATE SUMMARY FOR NOVEMBER 19 2017...

CLIMATE NORMAL PERIOD 1981 TO 2010
CLIMATE RECORD PERIOD 1948 TO 2017


WEATHER ITEM   OBSERVED TIME   RECORD YEAR NORMAL DEPARTURE LAST
                VALUE   (LST)  VALUE       VALUE  FROM      YEAR
                                                  NORMAL
..................................................................
TEMPERATURE (F)
 YESTERDAY
  MAXIMUM         68    331 PM  82    1958  70     -2       78
  MINIMUM         48   1159 PM  30    2014  52     -4       52
  AVERAGE         58                        61     -3       65

PRECIPITATION (IN)
  YESTERDAY        0.01          0.66 1948   0.06  -0.05     0.00
  MONTH TO DATE    0.08                      1.35  -1.27     0.04
  SINCE SEP 1     15.00                     11.57   3.43    19.44
  SINCE JAN 1     45.08                     41.68   3.40    43.25

SNOWFALL (IN)
  YESTERDAY        0.0           0.0    MM                   0.0
  MONTH TO DATE    0.0                                       0.0
  SINCE SEP 1      0.0                                       0.0
  SINCE JUL 1      0.0                                       0.0
  SNOW DEPTH       0

DEGREE DAYS
 HEATING
  YESTERDAY        7                         6      1        0
  MONTH TO DATE   48                        75    -27       44
  SINCE SEP 1     81                       105    -24       53
  SINCE JUL 1     81                       105    -24       53

 COOLING
  YESTERDAY        0                         1     -1        0
  MONTH TO DATE   38                        42     -4       36
  SINCE SEP 1    787                       627    160      707
  SINCE JAN 1   3114                      2603    511     2978
..................................................................


WIND (MPH)
  HIGHEST WIND SPEED    17   HIGHEST WIND DIRECTION    NW (310)
  HIGHEST GUST SPEED    24   HIGHEST GUST DIRECTION    NW (320)
  AVERAGE WIND SPEED     9.2


SKY COVER
  POSSIBLE SUNSHINE  MM
  AVERAGE SKY COVER 0.2


WEATHER CONDITIONS
 THE FOLLOWING WEATHER WAS RECORDED YESTERDAY.
  LIGHT RAIN
  FOG


RELATIVE HUMIDITY (PERCENT)
 HIGHEST   100           700 AM
 LOWEST     44           500 PM
 AVERAGE    72

..........................................................


THE ST SIMONS ISLAND CLIMATE NORMALS FOR TODAY
                         NORMAL    RECORD    YEAR
 MAXIMUM TEMPERATURE (F)   69        79      1970
 MINIMUM TEMPERATURE (F)   52        30      2014


SUNRISE AND SUNSET
NOVEMBER 20 2017......SUNRISE   657 AM EST   SUNSET   525 PM EST
NOVEMBER 21 2017......SUNRISE   658 AM EST   SUNSET   525 PM EST


-  INDICATES NEGATIVE NUMBERS.
R  INDICATES RECORD WAS SET OR TIED.
MM INDICATES DATA IS MISSING.
T  INDICATES TRACE AMOUNT.




$$
