000
CDUS42 KJAX 300532
CLISSI


CLIMATE REPORT
NATIONAL WEATHER SERVICE JACKSONVILLE FL
131 AM EDT THU JUL 30 2015


...................................

...THE ST SIMONS ISLAND CLIMATE SUMMARY FOR JULY 29 2015...
VALID TODAY AS OF 0100 AM LOCAL TIME.

CLIMATE NORMAL PERIOD 1981 TO 2010
CLIMATE RECORD PERIOD 1948 TO 2015


WEATHER ITEM   OBSERVED TIME   RECORD YEAR NORMAL DEPARTURE LAST
                VALUE   (LST)  VALUE       VALUE  FROM      YEAR
                                                  NORMAL
..................................................................
TEMPERATURE (F)
 TODAY
  MAXIMUM         89    212 PM  99    1993  90     -1       92
  MINIMUM         76    343 AM  69    1954  76      0       76
  AVERAGE         83                        83      0       84

PRECIPITATION (IN)
  TODAY            0.00          1.90 1951   0.14  -0.14     0.00
  MONTH TO DATE    5.15                      3.80   1.35     2.63
  SINCE JUN 1      9.17                      8.64   0.53     7.39
  SINCE JAN 1     23.29                     23.56  -0.27    25.88

SNOWFALL (IN)
  TODAY            0.0           0.0    MM                   0.0
  MONTH TO DATE    0.0                                       0.0
  SINCE JUN 1      0.0                                       0.0
  SINCE JUL 1      0.0                                       0.0

DEGREE DAYS
 HEATING
  TODAY            0                         0      0        0
  MONTH TO DATE    0                         0      0        0
  SINCE JUN 1      0                         0      0        0
  SINCE JUL 1      0                         0      0        0

 COOLING
  TODAY           18                        18      0       19
  MONTH TO DATE  529                       517     12      504
  SINCE JUN 1   1024                       976     48      971
  SINCE JAN 1   1572                      1418    154     1414
..................................................................


WIND (MPH)
  HIGHEST WIND SPEED    16   HIGHEST WIND DIRECTION     E (70)
  HIGHEST GUST SPEED    20   HIGHEST GUST DIRECTION     E (70)
  AVERAGE WIND SPEED     6.7


SKY COVER
  POSSIBLE SUNSHINE  MM
  AVERAGE SKY COVER 0.0


WEATHER CONDITIONS
 THE FOLLOWING WEATHER WAS RECORDED TODAY.
  NO SIGNIFICANT WEATHER WAS OBSERVED.


RELATIVE HUMIDITY (PERCENT)
 HIGHEST    94           400 AM
 LOWEST     63          1200 PM
 AVERAGE    79

..........................................................


THE ST SIMONS ISLAND CLIMATE NORMALS FOR TOMORROW
                         NORMAL    RECORD    YEAR
 MAXIMUM TEMPERATURE (F)   90        99      2010
 MINIMUM TEMPERATURE (F)   76        69      1962


SUNRISE AND SUNSET
JULY 29 2015..........SUNRISE   640 AM EDT   SUNSET   823 PM EDT
JULY 30 2015..........SUNRISE   641 AM EDT   SUNSET   823 PM EDT


-  INDICATES NEGATIVE NUMBERS.
R  INDICATES RECORD WAS SET OR TIED.
MM INDICATES DATA IS MISSING.
T  INDICATES TRACE AMOUNT.




$$
