000
CDUS42 KJAX 020539
CLISSI


CLIMATE REPORT
NATIONAL WEATHER SERVICE JACKSONVILLE FL
138 AM EDT TUE JUN 2 2015


...................................

...THE ST SIMONS ISLAND CLIMATE SUMMARY FOR JUNE 1 2015...

CLIMATE NORMAL PERIOD 1981 TO 2010
CLIMATE RECORD PERIOD 1948 TO 2015


WEATHER ITEM   OBSERVED TIME   RECORD YEAR NORMAL DEPARTURE LAST
                VALUE   (LST)  VALUE       VALUE  FROM      YEAR
                                                  NORMAL
..................................................................
TEMPERATURE (F)
 YESTERDAY
  MAXIMUM         84   1205 PM 101    1953  85     -1       78
  MINIMUM         69    510 AM  52    1984  71     -2       71
  AVERAGE         77                        78     -1       75

PRECIPITATION (IN)
  YESTERDAY        0.03          0.98 1995   0.14  -0.11     0.10
  MONTH TO DATE    0.03                      0.14  -0.11     0.10
  SINCE JUN 1      0.03                      0.14  -0.11     0.10
  SINCE JAN 1     14.15                     15.06  -0.91    18.59

SNOWFALL (IN)
  YESTERDAY       MM             0.0    MM                   0.0
  MONTH TO DATE   MM                                         0.0
  SINCE JUN 1     MM                                         0.0
  SINCE JUL 1      0.0                                        T
  SNOW DEPTH      MM

DEGREE DAYS
 HEATING
  YESTERDAY        0                         0      0        0
  MONTH TO DATE    0                         0      0        0
  SINCE JUN 1      0                         0      0        0
  SINCE JUL 1   1495                      1488      7     1494

 COOLING
  YESTERDAY       12                        13     -1       10
  MONTH TO DATE   12                        13     -1       10
  SINCE JUN 1     12                        13     -1       10
  SINCE JAN 1    560                       455    105      453
..................................................................


WIND (MPH)
  HIGHEST WIND SPEED    15   HIGHEST WIND DIRECTION    SE (120)
  HIGHEST GUST SPEED    19   HIGHEST GUST DIRECTION    SE (120)
  AVERAGE WIND SPEED     5.9


SKY COVER
  POSSIBLE SUNSHINE  MM
  AVERAGE SKY COVER  MM


WEATHER CONDITIONS
 THE FOLLOWING WEATHER WAS RECORDED YESTERDAY.
  NO SIGNIFICANT WEATHER WAS OBSERVED.


RELATIVE HUMIDITY (PERCENT)
 HIGHEST    MM
 LOWEST     MM
 AVERAGE    MM

..........................................................


THE ST SIMONS ISLAND CLIMATE NORMALS FOR TODAY
                         NORMAL    RECORD    YEAR
 MAXIMUM TEMPERATURE (F)   86       102      1998
 MINIMUM TEMPERATURE (F)   71        58      1972


SUNRISE AND SUNSET
JUNE  2 2015..........SUNRISE   622 AM EDT   SUNSET   825 PM EDT
JUNE  3 2015..........SUNRISE   622 AM EDT   SUNSET   826 PM EDT


-  INDICATES NEGATIVE NUMBERS.
R  INDICATES RECORD WAS SET OR TIED.
MM INDICATES DATA IS MISSING.
T  INDICATES TRACE AMOUNT.




$$
