000
CDUS43 KMPX 210635
CLISTC


CLIMATE REPORT
NATIONAL WEATHER SERVICE CHANHASSEN MN
1234 AM CST WED FEB 21 2018


...................................

...THE ST CLOUD MN CLIMATE SUMMARY FOR FEBRUARY 20 2018...

CLIMATE NORMAL PERIOD 1981 TO 2010
CLIMATE RECORD PERIOD 1893 TO 2018


WEATHER ITEM   OBSERVED TIME   RECORD YEAR NORMAL DEPARTURE LAST
                VALUE   (LST)  VALUE       VALUE  FROM      YEAR
                                                  NORMAL
..................................................................
TEMPERATURE (F)
 YESTERDAY
  MAXIMUM         18    340 PM  57    1981  28    -10       51
  MINIMUM          0   1144 PM -20    1966   9     -9       37
                                      1918
  AVERAGE          9                        19    -10       44

PRECIPITATION (IN)
  YESTERDAY        0.15          0.78 1922   0.02   0.13     0.54
  MONTH TO DATE    0.43                      0.37   0.06     0.64
  SINCE DEC 1      1.05                      1.84  -0.79     2.73
  SINCE JAN 1      0.61                      1.02  -0.41     1.18

SNOWFALL (IN)
  YESTERDAY        1.5           7.6  2014   0.3    1.2      0.0
  MONTH TO DATE    5.4                       4.7    0.7      0.3
  SINCE DEC 1     14.7                      22.7   -8.0     19.1
  SINCE JUL 1     21.8                      31.9  -10.1     26.4
  SNOW DEPTH       4

DEGREE DAYS
 HEATING
  YESTERDAY       56                        46     10       21
  MONTH TO DATE 1153                       988    165      775
  SINCE DEC 1   4291                      4165    126     3717
  SINCE JUL 1   6057                      6090    -33     5091

 COOLING
  YESTERDAY        0                         0      0        0
  MONTH TO DATE    0                         0      0        0
  SINCE DEC 1      0                         0      0        0
  SINCE JAN 1      0                         0      0        0
..................................................................


WIND (MPH)
  HIGHEST WIND SPEED    21   HIGHEST WIND DIRECTION    NW (300)
  HIGHEST GUST SPEED    27   HIGHEST GUST DIRECTION     N (10)
  AVERAGE WIND SPEED    11.4


SKY COVER
  POSSIBLE SUNSHINE  MM
  AVERAGE SKY COVER 0.7


WEATHER CONDITIONS
 THE FOLLOWING WEATHER WAS RECORDED YESTERDAY.
  LT FREEZING RAIN
  HEAVY SNOW
  SNOW
  LIGHT SNOW
  FOG


RELATIVE HUMIDITY (PERCENT)
 HIGHEST    96           100 AM
 LOWEST     61           400 PM
 AVERAGE    79

..........................................................


THE ST CLOUD MN CLIMATE NORMALS FOR TODAY
                         NORMAL    RECORD    YEAR
 MAXIMUM TEMPERATURE (F)   29        56      2017
 MINIMUM TEMPERATURE (F)   10       -25      1939


SUNRISE AND SUNSET
FEBRUARY 21 2018......SUNRISE   708 AM CST   SUNSET   552 PM CST
FEBRUARY 22 2018......SUNRISE   707 AM CST   SUNSET   553 PM CST


-  INDICATES NEGATIVE NUMBERS.
R  INDICATES RECORD WAS SET OR TIED.
MM INDICATES DATA IS MISSING.
T  INDICATES TRACE AMOUNT.




$$
