000
CDUS43 KMPX 300635
CLISTC


CLIMATE REPORT
NATIONAL WEATHER SERVICE CHANHASSEN MN
135 AM CDT SAT APR 30 2016


...................................

...THE ST CLOUD MN CLIMATE SUMMARY FOR APRIL 29 2016...

CLIMATE NORMAL PERIOD 1981 TO 2010
CLIMATE RECORD PERIOD 1893 TO 2016


WEATHER ITEM   OBSERVED TIME   RECORD YEAR NORMAL DEPARTURE LAST
                VALUE   (LST)  VALUE       VALUE  FROM      YEAR
                                                  NORMAL
..................................................................
TEMPERATURE (F)
 YESTERDAY
  MAXIMUM         59    612 PM  86    1952  63     -4       68
  MINIMUM         31    533 AM  18    1958  39     -8       31
  AVERAGE         45                        51     -6       50

PRECIPITATION (IN)
  YESTERDAY        0.00          1.24 2006   0.11  -0.11     0.00
  MONTH TO DATE    1.74                      2.47  -0.73     1.67
  SINCE MAR 1      3.24                      4.02  -0.78     2.05
  SINCE JAN 1      4.18                      5.26  -1.08     2.64

SNOWFALL (IN)
  YESTERDAY        0.0           3.0  1950   0.1   -0.1      0.0
                                      1909
  MONTH TO DATE    1.6                       3.0   -1.4      1.0
  SINCE MAR 1      4.6                      11.5   -6.9      4.3
  SINCE JUL 1     30.3                      45.7  -15.4     31.1
  SNOW DEPTH       0

DEGREE DAYS
 HEATING
  YESTERDAY       20                        14      6       15
  MONTH TO DATE  588                       604    -16      542
  SINCE MAR 1   1405                      1708   -303     1543
  SINCE JUL 1   6856                      8154  -1298     7801

 COOLING
  YESTERDAY        0                         0      0        0
  MONTH TO DATE    5                         0      5        0
  SINCE MAR 1      5                         0      5        0
  SINCE JAN 1      5                         0      5        0
..................................................................


WIND (MPH)
  HIGHEST WIND SPEED    15   HIGHEST WIND DIRECTION    NE (40)
  HIGHEST GUST SPEED    23   HIGHEST GUST DIRECTION     N (10)
  AVERAGE WIND SPEED     4.5


SKY COVER
  POSSIBLE SUNSHINE  MM
  AVERAGE SKY COVER 0.2


WEATHER CONDITIONS
 THE FOLLOWING WEATHER WAS RECORDED YESTERDAY.
  FOG
  HAZE


RELATIVE HUMIDITY (PERCENT)
 HIGHEST   100           100 AM
 LOWEST     36           400 PM
 AVERAGE    68

..........................................................


THE ST CLOUD MN CLIMATE NORMALS FOR TODAY
                         NORMAL    RECORD    YEAR
 MAXIMUM TEMPERATURE (F)   64        91      1934
 MINIMUM TEMPERATURE (F)   39        21      1966
                                             1903


SUNRISE AND SUNSET
APRIL 30 2016.........SUNRISE   605 AM CDT   SUNSET   823 PM CDT
MAY  1 2016...........SUNRISE   603 AM CDT   SUNSET   824 PM CDT


-  INDICATES NEGATIVE NUMBERS.
R  INDICATES RECORD WAS SET OR TIED.
MM INDICATES DATA IS MISSING.
T  INDICATES TRACE AMOUNT.




$$
