876
CDUS43 KMPX 280803
CLISTC


CLIMATE REPORT
NATIONAL WEATHER SERVICE CHANHASSEN MN
302 AM CDT SUN MAY 28 2017


...................................

...THE ST CLOUD MN CLIMATE SUMMARY FOR MAY 27 2017...

CLIMATE NORMAL PERIOD 1981 TO 2010
CLIMATE RECORD PERIOD 1893 TO 2017


WEATHER ITEM   OBSERVED TIME   RECORD YEAR NORMAL DEPARTURE LAST
                VALUE   (LST)  VALUE       VALUE  FROM      YEAR
                                                  NORMAL
..................................................................
TEMPERATURE (F)
 YESTERDAY
  MAXIMUM         73    319 PM  97    1969  72      1       67
  MINIMUM         45    506 AM  28    1907  48     -3       57
  AVERAGE         59                        60     -1       62

PRECIPITATION (IN)
  YESTERDAY        0.00          1.86 1963   0.10  -0.10     0.34
  MONTH TO DATE    4.32                      2.54   1.78     1.85
  SINCE MAR 1      8.26                      6.66   1.60     5.09
  SINCE JAN 1      9.58                      7.90   1.68     6.03

SNOWFALL (IN)
  YESTERDAY        0.0           T    1965   0.0    0.0      0.0
  MONTH TO DATE    1.0                       0.0    1.0      0.0
  SINCE MAR 1      3.0                      11.5   -8.5      4.6
  SINCE JUL 1     31.9                      45.7  -13.8     30.3
  SNOW DEPTH       0

DEGREE DAYS
 HEATING
  YESTERDAY        6                         6      0        3
  MONTH TO DATE  275                       264     11      259
  SINCE MAR 1   1898                      1985    -87     1681
  SINCE JUL 1   7254                      8431  -1177     7132

 COOLING
  YESTERDAY        0                         1     -1        0
  MONTH TO DATE    3                        19    -16       22
  SINCE MAR 1      3                        21    -18       27
  SINCE JAN 1      3                        21    -18       27
..................................................................


WIND (MPH)
  HIGHEST WIND SPEED    16   HIGHEST WIND DIRECTION    SW (230)
  HIGHEST GUST SPEED    19   HIGHEST GUST DIRECTION    SW (240)
  AVERAGE WIND SPEED     4.9


SKY COVER
  POSSIBLE SUNSHINE  MM
  AVERAGE SKY COVER 0.1


WEATHER CONDITIONS
 THE FOLLOWING WEATHER WAS RECORDED YESTERDAY.
  NO SIGNIFICANT WEATHER WAS OBSERVED.


RELATIVE HUMIDITY (PERCENT)
 HIGHEST   100           500 AM
 LOWEST     37           400 PM
 AVERAGE    69

..........................................................


THE ST CLOUD MN CLIMATE NORMALS FOR TODAY
                         NORMAL    RECORD    YEAR
 MAXIMUM TEMPERATURE (F)   72       100      1934
 MINIMUM TEMPERATURE (F)   48        31      1906


SUNRISE AND SUNSET
MAY 28 2017...........SUNRISE   533 AM CDT   SUNSET   855 PM CDT
MAY 29 2017...........SUNRISE   532 AM CDT   SUNSET   856 PM CDT


-  INDICATES NEGATIVE NUMBERS.
R  INDICATES RECORD WAS SET OR TIED.
MM INDICATES DATA IS MISSING.
T  INDICATES TRACE AMOUNT.




$$
