000
CDUS43 KEAX 280632
CLISTJ


CLIMATE REPORT
NATIONAL WEATHER SERVICE KANSAS CITY/PLEASANT HILL MO
132 AM CDT SUN MAY 28 2017


...................................

...THE ST. JOSEPH MO CLIMATE SUMMARY FOR MAY 27 2017...

CLIMATE NORMAL PERIOD 1981 TO 2010
CLIMATE RECORD PERIOD 1892 TO 2017


WEATHER ITEM   OBSERVED TIME   RECORD YEAR NORMAL DEPARTURE LAST
                VALUE   (LST)  VALUE       VALUE  FROM      YEAR
                                                  NORMAL
..................................................................
TEMPERATURE (F)
 YESTERDAY
  MAXIMUM         77    518 PM  93    2006  79     -2       77
                                      1966
  MINIMUM         61   1145 PM  42    1968  58      3       60
  AVERAGE         69                        68      1       69

PRECIPITATION (IN)
  YESTERDAY        0.40          2.93 2013   0.16   0.24     0.78
  MONTH TO DATE    3.85                      4.75  -0.90     5.92
  SINCE MAR 1     11.06                     10.79   0.27    13.22
  SINCE JAN 1     12.08                     12.28  -0.20    14.13

DEGREE DAYS
 HEATING
  YESTERDAY        0                         1     -1        0
  MONTH TO DATE  116                       108      8      126
  SINCE MAR 1    963                      1138   -175      901
  SINCE JUL 1   4260                      5446  -1186     4519

 COOLING
  YESTERDAY        4                         5     -1        4
  MONTH TO DATE   88                        70     18       39
  SINCE MAR 1    106                        91     15       58
  SINCE JAN 1    106                        91     15       58
..................................................................


WIND (MPH)
  HIGHEST WIND SPEED    33   HIGHEST WIND DIRECTION     W (270)
  HIGHEST GUST SPEED    43   HIGHEST GUST DIRECTION     W (260)
  AVERAGE WIND SPEED     4.9


SKY COVER
  POSSIBLE SUNSHINE  MM
  AVERAGE SKY COVER 0.2


WEATHER CONDITIONS
 THE FOLLOWING WEATHER WAS RECORDED YESTERDAY.
  THUNDERSTORM
  HEAVY RAIN
  RAIN
  LIGHT RAIN
  FOG


RELATIVE HUMIDITY (PERCENT)
 HIGHEST   100           100 AM
 LOWEST     64           500 PM
 AVERAGE    82

..........................................................


THE ST. JOSEPH MO CLIMATE NORMALS FOR TODAY
                         NORMAL    RECORD    YEAR
 MAXIMUM TEMPERATURE (F)   80        94      1998
 MINIMUM TEMPERATURE (F)   58        37      1947


SUNRISE AND SUNSET
MAY 28 2017...........SUNRISE   555 AM CDT   SUNSET   839 PM CDT
MAY 29 2017...........SUNRISE   555 AM CDT   SUNSET   840 PM CDT


-  INDICATES NEGATIVE NUMBERS.
R  INDICATES RECORD WAS SET OR TIED.
MM INDICATES DATA IS MISSING.
T  INDICATES TRACE AMOUNT.




$$
