000
CDUS43 KEAX 110633
CLISTJ


CLIMATE REPORT
NATIONAL WEATHER SERVICE KANSAS CITY/PLEASANT HILL MO
1232 AM CST MON DEC 11 2017


...................................

...THE ST. JOSEPH MO CLIMATE SUMMARY FOR DECEMBER 10 2017...

CLIMATE NORMAL PERIOD 1981 TO 2010
CLIMATE RECORD PERIOD 1892 TO 2017


WEATHER ITEM   OBSERVED TIME   RECORD YEAR NORMAL DEPARTURE LAST
                VALUE   (LST)  VALUE       VALUE  FROM      YEAR
                                                  NORMAL
..................................................................
TEMPERATURE (F)
 YESTERDAY
  MAXIMUM         56    304 PM  65    1965  41     15       36
  MINIMUM         21    228 AM -14    1972  21      0       25
  AVERAGE         39                        31      8       31

PRECIPITATION (IN)
  YESTERDAY        0.00          0.76 2007   0.06  -0.06     0.00
  MONTH TO DATE    T                         0.48  -0.48     0.59
  SINCE DEC 1      T                         0.48  -0.48     0.59
  SINCE JAN 1     25.86                     34.56  -8.70    41.57

DEGREE DAYS
 HEATING
  YESTERDAY       26                        34     -8       34
  MONTH TO DATE  278                       325    -47      355
  SINCE DEC 1    278                       325    -47      355
  SINCE JUL 1   1253                      1436   -183     1030

 COOLING
  YESTERDAY        0                         0      0        0
  MONTH TO DATE    0                         0      0        0
  SINCE DEC 1      0                         0      0        0
  SINCE JAN 1   1271                      1221     50     1547
..................................................................


WIND (MPH)
  HIGHEST WIND SPEED    18   HIGHEST WIND DIRECTION    NW (320)
  HIGHEST GUST SPEED    24   HIGHEST GUST DIRECTION    NW (320)
  AVERAGE WIND SPEED     6.3


SKY COVER
  POSSIBLE SUNSHINE  MM
  AVERAGE SKY COVER 0.0


WEATHER CONDITIONS
 THE FOLLOWING WEATHER WAS RECORDED YESTERDAY.
  NO SIGNIFICANT WEATHER WAS OBSERVED.


RELATIVE HUMIDITY (PERCENT)
 HIGHEST    92           100 AM
 LOWEST     32           300 PM
 AVERAGE    62

..........................................................


THE ST. JOSEPH MO CLIMATE NORMALS FOR TODAY
                         NORMAL    RECORD    YEAR
 MAXIMUM TEMPERATURE (F)   40        70      1965
 MINIMUM TEMPERATURE (F)   21       -15      1972


SUNRISE AND SUNSET
DECEMBER 11 2017......SUNRISE   731 AM CST   SUNSET   455 PM CST
DECEMBER 12 2017......SUNRISE   732 AM CST   SUNSET   455 PM CST


-  INDICATES NEGATIVE NUMBERS.
R  INDICATES RECORD WAS SET OR TIED.
MM INDICATES DATA IS MISSING.
T  INDICATES TRACE AMOUNT.




$$
