000
CDUS43 KEAX 010653
CLISTJ


CLIMATE REPORT
NATIONAL WEATHER SERVICE KANSAS CITY/PLEASANT HILL MO
1252 AM CST WED MAR 1 2017


...................................

...THE ST. JOSEPH MO CLIMATE SUMMARY FOR FEBRUARY 28 2017...

CLIMATE NORMAL PERIOD 1981 TO 2010
CLIMATE RECORD PERIOD 1892 TO 2017


WEATHER ITEM   OBSERVED TIME   RECORD YEAR NORMAL DEPARTURE LAST
                VALUE   (LST)  VALUE       VALUE  FROM      YEAR
                                                  NORMAL
..................................................................
TEMPERATURE (F)
 YESTERDAY
  MAXIMUM         70    314 PM  77    2006  47     23       66
                                      1932
  MINIMUM         41   1159 PM  -7    1962  25     16       33
  AVERAGE         56                        36     20       50

PRECIPITATION (IN)
  YESTERDAY        T             1.18 1987   0.04  -0.04     0.00
  MONTH TO DATE    0.05                      0.93  -0.88     0.32
  SINCE DEC 1      2.12                      3.01  -0.89     3.16
  SINCE JAN 1      1.02                      1.49  -0.47     0.91

DEGREE DAYS
 HEATING
  YESTERDAY        9                        29    -20       15
  MONTH TO DATE  665                       924   -259      776
  SINCE DEC 1   2622                      3197   -575     2765
  SINCE JUL 1   3297                      4308  -1011     3601

 COOLING
  YESTERDAY        0                         0      0        0
  MONTH TO DATE    0                         0      0        0
  SINCE DEC 1      0                         0      0        0
  SINCE JAN 1      0                         0      0        0
..................................................................


WIND (MPH)
  HIGHEST WIND SPEED    31   HIGHEST WIND DIRECTION    NW (330)
  HIGHEST GUST SPEED    39   HIGHEST GUST DIRECTION     N (340)
  AVERAGE WIND SPEED    15.9


SKY COVER
  POSSIBLE SUNSHINE  MM
  AVERAGE SKY COVER 0.5


WEATHER CONDITIONS
 THE FOLLOWING WEATHER WAS RECORDED YESTERDAY.
  LIGHT RAIN
  FOG


RELATIVE HUMIDITY (PERCENT)
 HIGHEST    93           900 AM
 LOWEST     40           300 PM
 AVERAGE    67

..........................................................


THE ST. JOSEPH MO CLIMATE NORMALS FOR TODAY
                         NORMAL    RECORD    YEAR
 MAXIMUM TEMPERATURE (F)   47        85      1992
 MINIMUM TEMPERATURE (F)   26        -9      1962


SUNRISE AND SUNSET
MARCH  1 2017.........SUNRISE   652 AM CST   SUNSET   612 PM CST
MARCH  2 2017.........SUNRISE   651 AM CST   SUNSET   613 PM CST


-  INDICATES NEGATIVE NUMBERS.
R  INDICATES RECORD WAS SET OR TIED.
MM INDICATES DATA IS MISSING.
T  INDICATES TRACE AMOUNT.




$$
