000
CDUS43 KEAX 010641
CLISTJ


CLIMATE REPORT
NATIONAL WEATHER SERVICE KANSAS CITY/PLEASANT HILL MO
1239 AM CST SUN MAR 1 2015


...................................

...THE ST. JOSEPH MO CLIMATE SUMMARY FOR FEBRUARY 28 2015...

CLIMATE NORMAL PERIOD 1981 TO 2010
CLIMATE RECORD PERIOD 1892 TO 2015


WEATHER ITEM   OBSERVED TIME   RECORD YEAR NORMAL DEPARTURE LAST
                VALUE   (LST)  VALUE       VALUE  FROM      YEAR
                                                  NORMAL
..................................................................
TEMPERATURE (F)
 YESTERDAY
  MAXIMUM         24    456 PM  77    2006  47    -23       52
                                      1932
  MINIMUM         13    652 AM  -7    1962  25    -12       19
  AVERAGE         19                        36    -17       36

PRECIPITATION (IN)
  YESTERDAY        0.02          1.18 1987   0.04  -0.02     0.01
  MONTH TO DATE    0.60                      0.93  -0.33     0.74
  SINCE DEC 1      2.71                      3.01  -0.30     1.19
  SINCE JAN 1      1.75                      1.49   0.26     0.82

DEGREE DAYS
 HEATING
  YESTERDAY       46                        29     17       29
  MONTH TO DATE 1187                       924    263     1198
  SINCE DEC 1   3278                      3197     81     3771
  SINCE JUL 1   4524                      4308    216     4940

 COOLING
  YESTERDAY        0                         0      0        0
  MONTH TO DATE    0                         0      0        0
  SINCE DEC 1      0                         0      0        0
  SINCE JAN 1      0                         0      0        0
..................................................................


WIND (MPH)
  HIGHEST WIND SPEED    10   HIGHEST WIND DIRECTION     S (170)
  HIGHEST GUST SPEED    13   HIGHEST GUST DIRECTION    SE (130)
  AVERAGE WIND SPEED     5.9


SKY COVER
  POSSIBLE SUNSHINE  MM
  AVERAGE SKY COVER 0.9


WEATHER CONDITIONS
 THE FOLLOWING WEATHER WAS RECORDED YESTERDAY.
  LIGHT SNOW
  FOG
  HAZE


RELATIVE HUMIDITY (PERCENT)
 HIGHEST    88           300 PM
 LOWEST     61          1200 AM
 AVERAGE    75

..........................................................


THE ST. JOSEPH MO CLIMATE NORMALS FOR TODAY
                         NORMAL    RECORD    YEAR
 MAXIMUM TEMPERATURE (F)   47        85      1992
 MINIMUM TEMPERATURE (F)   26        -9      1962


SUNRISE AND SUNSET
MARCH  1 2015.........SUNRISE   653 AM CST   SUNSET   611 PM CST
MARCH  2 2015.........SUNRISE   652 AM CST   SUNSET   613 PM CST


-  INDICATES NEGATIVE NUMBERS.
R  INDICATES RECORD WAS SET OR TIED.
MM INDICATES DATA IS MISSING.
T  INDICATES TRACE AMOUNT.




$$
