000
CDUS43 KEAX 260636
CLISTJ


CLIMATE REPORT
NATIONAL WEATHER SERVICE KANSAS CITY/PLEASANT HILL MO
136 AM CDT TUE JUL 26 2016


...................................

...THE ST. JOSEPH MO CLIMATE SUMMARY FOR JULY 25 2016...

CLIMATE NORMAL PERIOD 1981 TO 2010
CLIMATE RECORD PERIOD 1892 TO 2016


WEATHER ITEM   OBSERVED TIME   RECORD YEAR NORMAL DEPARTURE LAST
                VALUE   (LST)  VALUE       VALUE  FROM      YEAR
                                                  NORMAL
..................................................................
TEMPERATURE (F)
 YESTERDAY
  MAXIMUM         88    403 PM 108    1936  87      1       85
  MINIMUM         68   1159 PM  53    1975  67      1       72
  AVERAGE         78                        77      1       79

PRECIPITATION (IN)
  YESTERDAY        0.00          2.18 1981   0.19  -0.19     0.02
  MONTH TO DATE    8.31                      4.15   4.16     4.03
  SINCE JUN 1      9.02                      8.33   0.69    10.93
  SINCE JAN 1     23.15                     21.28   1.87    26.62

DEGREE DAYS
 HEATING
  YESTERDAY        0                         0      0        0
  MONTH TO DATE    2                         0      2        0
  SINCE JUN 1      2                         8     -6        1
  SINCE JUL 1      2                         0      2        0

 COOLING
  YESTERDAY       13                        12      1       14
  MONTH TO DATE  351                       298     53      299
  SINCE JUN 1    778                       565    213      613
  SINCE JAN 1    861                       678    183      681
..................................................................


WIND (MPH)
  HIGHEST WIND SPEED    15   HIGHEST WIND DIRECTION    NE (30)
  HIGHEST GUST SPEED    20   HIGHEST GUST DIRECTION    NE (60)
  AVERAGE WIND SPEED     4.7


SKY COVER
  POSSIBLE SUNSHINE  MM
  AVERAGE SKY COVER 0.0


WEATHER CONDITIONS
 THE FOLLOWING WEATHER WAS RECORDED YESTERDAY.
  NO SIGNIFICANT WEATHER WAS OBSERVED.


RELATIVE HUMIDITY (PERCENT)
 HIGHEST    97           200 AM
 LOWEST     43           400 PM
 AVERAGE    70

..........................................................


THE ST. JOSEPH MO CLIMATE NORMALS FOR TODAY
                         NORMAL    RECORD    YEAR
 MAXIMUM TEMPERATURE (F)   87       106      1936
 MINIMUM TEMPERATURE (F)   67        51      1971


SUNRISE AND SUNSET
JULY 26 2016..........SUNRISE   614 AM CDT   SUNSET   838 PM CDT
JULY 27 2016..........SUNRISE   615 AM CDT   SUNSET   837 PM CDT


-  INDICATES NEGATIVE NUMBERS.
R  INDICATES RECORD WAS SET OR TIED.
MM INDICATES DATA IS MISSING.
T  INDICATES TRACE AMOUNT.




$$
