810
CDUS43 KEAX 250638
CLISTJ


CLIMATE REPORT
NATIONAL WEATHER SERVICE KANSAS CITY/PLEASANT HILL MO
138 AM CDT TUE APR 25 2017


...................................

...THE ST. JOSEPH MO CLIMATE SUMMARY FOR APRIL 24 2017...

CLIMATE NORMAL PERIOD 1981 TO 2010
CLIMATE RECORD PERIOD 1892 TO 2017


WEATHER ITEM   OBSERVED TIME   RECORD YEAR NORMAL DEPARTURE LAST
                VALUE   (LST)  VALUE       VALUE  FROM      YEAR
                                                  NORMAL
..................................................................
TEMPERATURE (F)
 YESTERDAY
  MAXIMUM         76    414 PM  92    1989  68      8       83
  MINIMUM         43    439 AM  27    2013  45     -2       60
                                      1967
  AVERAGE         60                        57      3       72

PRECIPITATION (IN)
  YESTERDAY        0.00          1.01 2014   0.16  -0.16     0.17
  MONTH TO DATE    2.52                      2.77  -0.25     1.37
  SINCE MAR 1      5.09                      5.02   0.07     2.24
  SINCE JAN 1      6.11                      6.51  -0.40     3.15

DEGREE DAYS
 HEATING
  YESTERDAY        5                         9     -4        0
  MONTH TO DATE  192                       297   -105      231
  SINCE MAR 1    759                       982   -223      734
  SINCE JUL 1   4056                      5290  -1234     4352

 COOLING
  YESTERDAY        0                         1     -1        7
  MONTH TO DATE   14                        17     -3       12
  SINCE MAR 1     18                        19     -1       14
  SINCE JAN 1     18                        19     -1       14
..................................................................


WIND (MPH)
  HIGHEST WIND SPEED    32   HIGHEST WIND DIRECTION     S (170)
  HIGHEST GUST SPEED    45   HIGHEST GUST DIRECTION     S (190)
  AVERAGE WIND SPEED    15.7


SKY COVER
  POSSIBLE SUNSHINE  MM
  AVERAGE SKY COVER 0.0


WEATHER CONDITIONS
 THE FOLLOWING WEATHER WAS RECORDED YESTERDAY.
  NO SIGNIFICANT WEATHER WAS OBSERVED.


RELATIVE HUMIDITY (PERCENT)
 HIGHEST    92           200 AM
 LOWEST     23           200 PM
 AVERAGE    58

..........................................................


THE ST. JOSEPH MO CLIMATE NORMALS FOR TODAY
                         NORMAL    RECORD    YEAR
 MAXIMUM TEMPERATURE (F)   68        96      2012
 MINIMUM TEMPERATURE (F)   46        31      2013


SUNRISE AND SUNSET
APRIL 25 2017.........SUNRISE   628 AM CDT   SUNSET   808 PM CDT
APRIL 26 2017.........SUNRISE   626 AM CDT   SUNSET   809 PM CDT


-  INDICATES NEGATIVE NUMBERS.
R  INDICATES RECORD WAS SET OR TIED.
MM INDICATES DATA IS MISSING.
T  INDICATES TRACE AMOUNT.




$$
