000
CDUS43 KEAX 270635
CLISTJ


CLIMATE REPORT
NATIONAL WEATHER SERVICE KANSAS CITY/PLEASANT HILL MO
134 AM CDT WED MAY 27 2015


...................................

...THE ST. JOSEPH MO CLIMATE SUMMARY FOR MAY 26 2015...

CLIMATE NORMAL PERIOD 1981 TO 2010
CLIMATE RECORD PERIOD 1892 TO 2015


WEATHER ITEM   OBSERVED TIME   RECORD YEAR NORMAL DEPARTURE LAST
                VALUE   (LST)  VALUE       VALUE  FROM      YEAR
                                                  NORMAL
..................................................................
TEMPERATURE (F)
 YESTERDAY
  MAXIMUM         77    442 PM  94    1967  79     -2       82
  MINIMUM         61   1159 PM  43    1925  57      4       65
  AVERAGE         69                        68      1       74

PRECIPITATION (IN)
  YESTERDAY        0.49          1.36 2000   0.16   0.33     0.04
  MONTH TO DATE    9.13                      4.59   4.54     2.53
  SINCE MAR 1     13.31                     10.63   2.68     6.92
  SINCE JAN 1     15.06                     12.12   2.94     7.74

DEGREE DAYS
 HEATING
  YESTERDAY        0                         2     -2        0
  MONTH TO DATE   91                       107    -16      122
  SINCE MAR 1    970                      1137   -167     1329
  SINCE JUL 1   5494                      5445     49     6269

 COOLING
  YESTERDAY        4                         5     -1        9
  MONTH TO DATE   52                        65    -13       98
  SINCE MAR 1     57                        86    -29      106
  SINCE JAN 1     57                        86    -29      106
..................................................................


WIND (MPH)
  HIGHEST WIND SPEED    24   HIGHEST WIND DIRECTION    SW (240)
  HIGHEST GUST SPEED    32   HIGHEST GUST DIRECTION     W (250)
  AVERAGE WIND SPEED     9.9


SKY COVER
  POSSIBLE SUNSHINE  MM
  AVERAGE SKY COVER 0.6


WEATHER CONDITIONS
 THE FOLLOWING WEATHER WAS RECORDED YESTERDAY.
  THUNDERSTORM
  HEAVY RAIN
  RAIN
  LIGHT RAIN
  FOG


RELATIVE HUMIDITY (PERCENT)
 HIGHEST   100           200 AM
 LOWEST     57           600 PM
 AVERAGE    79

..........................................................


THE ST. JOSEPH MO CLIMATE NORMALS FOR TODAY
                         NORMAL    RECORD    YEAR
 MAXIMUM TEMPERATURE (F)   79        93      2006
                                             1966
 MINIMUM TEMPERATURE (F)   58        42      1968


SUNRISE AND SUNSET
MAY 27 2015...........SUNRISE   556 AM CDT   SUNSET   838 PM CDT
MAY 28 2015...........SUNRISE   556 AM CDT   SUNSET   839 PM CDT


-  INDICATES NEGATIVE NUMBERS.
R  INDICATES RECORD WAS SET OR TIED.
MM INDICATES DATA IS MISSING.
T  INDICATES TRACE AMOUNT.




$$
