000
CDUS43 KEAX 110632
CLISTJ


CLIMATE REPORT
NATIONAL WEATHER SERVICE KANSAS CITY/PLEASANT HILL MO
132 AM CDT FRI JUL 11 2014


...................................

...THE ST. JOSEPH MO CLIMATE SUMMARY FOR JULY 10 2014...

CLIMATE NORMAL PERIOD 1981 TO 2010
CLIMATE RECORD PERIOD 1892 TO 2014


WEATHER ITEM   OBSERVED TIME   RECORD YEAR NORMAL DEPARTURE LAST
                VALUE   (LST)  VALUE       VALUE  FROM      YEAR
                                                  NORMAL
..................................................................
TEMPERATURE (F)
 YESTERDAY
  MAXIMUM         84    323 PM 103    1938  87     -3       90
  MINIMUM         68    550 AM  52    1996  67      1       66
  AVERAGE         76                        77     -1       78

PRECIPITATION (IN)
  YESTERDAY        0.00          2.55 1958   0.15  -0.15     0.01
  MONTH TO DATE    3.77                      1.46   2.31     0.07
  SINCE JUN 1     11.68                      5.64   6.04     2.16
  SINCE JAN 1     19.45                     18.59   0.86    16.21

DEGREE DAYS
 HEATING
  YESTERDAY        0                         0      0        0
  MONTH TO DATE    4                         0      4        0
  SINCE JUN 1      5                         8     -3       15
  SINCE JUL 1      4                         0      4        0

 COOLING
  YESTERDAY       11                        12     -1       13
  MONTH TO DATE   82                       118    -36      122
  SINCE JUN 1    361                       385    -24      397
  SINCE JAN 1    522                       498     24      523
..................................................................


WIND (MPH)
  HIGHEST WIND SPEED    17   HIGHEST WIND DIRECTION    SE (140)
  HIGHEST GUST SPEED    22   HIGHEST GUST DIRECTION    SE (130)
  AVERAGE WIND SPEED    10.4


SKY COVER
  POSSIBLE SUNSHINE  MM
  AVERAGE SKY COVER 0.2


WEATHER CONDITIONS
 THE FOLLOWING WEATHER WAS RECORDED YESTERDAY.
  NO SIGNIFICANT WEATHER WAS OBSERVED.


RELATIVE HUMIDITY (PERCENT)
 HIGHEST    84          1100 PM
 LOWEST     58          1100 AM
 AVERAGE    71

..........................................................


THE ST. JOSEPH MO CLIMATE NORMALS FOR TODAY
                         NORMAL    RECORD    YEAR
 MAXIMUM TEMPERATURE (F)   87       104      1954
 MINIMUM TEMPERATURE (F)   67        48      1975


SUNRISE AND SUNSET
JULY 11 2014..........SUNRISE   601 AM CDT   SUNSET   849 PM CDT
JULY 12 2014..........SUNRISE   602 AM CDT   SUNSET   848 PM CDT


-  INDICATES NEGATIVE NUMBERS.
R  INDICATES RECORD WAS SET OR TIED.
MM INDICATES DATA IS MISSING.
T  INDICATES TRACE AMOUNT.




$$
