926
CDUS43 KEAX 080635
CLISTJ


CLIMATE REPORT
NATIONAL WEATHER SERVICE KANSAS CITY/PLEASANT HILL MO
1234 AM CST THU DEC 8 2016


...................................

...THE ST. JOSEPH MO CLIMATE SUMMARY FOR DECEMBER 7 2016...

CLIMATE NORMAL PERIOD 1981 TO 2010
CLIMATE RECORD PERIOD 1892 TO 2016


WEATHER ITEM   OBSERVED TIME   RECORD YEAR NORMAL DEPARTURE LAST
                VALUE   (LST)  VALUE       VALUE  FROM      YEAR
                                                  NORMAL
..................................................................
TEMPERATURE (F)
 YESTERDAY
  MAXIMUM         29    209 AM  64    1946  42    -13       59
  MINIMUM         18    900 PM  -3    1917  22     -4       26
  AVERAGE         24                        32     -8       43

PRECIPITATION (IN)
  YESTERDAY        0.00          2.16 1980   0.05  -0.05     0.00
  MONTH TO DATE    0.59                      0.32   0.27      T
  SINCE DEC 1      0.59                      0.32   0.27      T
  SINCE JAN 1     41.57                     34.40   7.17    35.95

DEGREE DAYS
 HEATING
  YESTERDAY       41                        33      8       22
  MONTH TO DATE  227                       223      4      183
  SINCE DEC 1    227                       223      4      183
  SINCE JUL 1    902                      1334   -432     1019

 COOLING
  YESTERDAY        0                         0      0        0
  MONTH TO DATE    0                         0      0        0
  SINCE DEC 1      0                         0      0        0
  SINCE JAN 1   1547                      1221    326     1288
..................................................................


WIND (MPH)
  HIGHEST WIND SPEED    20   HIGHEST WIND DIRECTION    NW (320)
  HIGHEST GUST SPEED    23   HIGHEST GUST DIRECTION    NW (320)
  AVERAGE WIND SPEED     9.9


SKY COVER
  POSSIBLE SUNSHINE  MM
  AVERAGE SKY COVER 0.6


WEATHER CONDITIONS
 THE FOLLOWING WEATHER WAS RECORDED YESTERDAY.
  NO SIGNIFICANT WEATHER WAS OBSERVED.


RELATIVE HUMIDITY (PERCENT)
 HIGHEST    74           900 PM
 LOWEST     50           100 PM
 AVERAGE    62

..........................................................


THE ST. JOSEPH MO CLIMATE NORMALS FOR TODAY
                         NORMAL    RECORD    YEAR
 MAXIMUM TEMPERATURE (F)   41        70      1946
 MINIMUM TEMPERATURE (F)   22       -10      2005


SUNRISE AND SUNSET
DECEMBER  8 2016......SUNRISE   729 AM CST   SUNSET   455 PM CST
DECEMBER  9 2016......SUNRISE   729 AM CST   SUNSET   455 PM CST


-  INDICATES NEGATIVE NUMBERS.
R  INDICATES RECORD WAS SET OR TIED.
MM INDICATES DATA IS MISSING.
T  INDICATES TRACE AMOUNT.




$$
