000
CDUS43 KLSX 290729
CLISTL


CLIMATE REPORT
NATIONAL WEATHER SERVICE ST LOUIS MO
229 AM CDT THU JUN 29 2017


...................................

...THE ST. LOUIS CLIMATE SUMMARY FOR JUNE 28 2017...

CLIMATE NORMAL PERIOD 1981 TO 2010
CLIMATE RECORD PERIOD 1874 TO 2017


WEATHER ITEM   OBSERVED TIME   RECORD YEAR NORMAL DEPARTURE LAST
                VALUE   (LST)  VALUE       VALUE  FROM      YEAR
                                                  NORMAL
..................................................................
TEMPERATURE (F)
 YESTERDAY
  MAXIMUM         90    451 PM 108    2012  88      2       88
  MINIMUM         69    553 AM  54    1968  70     -1       73
  AVERAGE         80                        79      1       81

PRECIPITATION (IN)
  YESTERDAY        0.00          4.70 1902   0.13  -0.13     0.00
  MONTH TO DATE    2.44                      4.04  -1.60     0.91
  SINCE JUN 1      2.44                      4.04  -1.60     0.91
  SINCE JAN 1     25.34                     20.41   4.93    13.96

SNOWFALL (IN)
  YESTERDAY        0.0           0.0  2015   0.0    0.0      0.0
  MONTH TO DATE    0.0                       0.0    0.0      0.0
  SINCE JUN 1      0.0                       0.0    0.0      0.0
  SINCE JUL 1      3.2                      17.7  -14.5     10.9
  SNOW DEPTH       0

DEGREE DAYS
 HEATING
  YESTERDAY        0                         0      0        0
  MONTH TO DATE    0                         3     -3        0
  SINCE JUN 1      0                         3     -3        0
  SINCE JUL 1   3397                      4533  -1136     3484

 COOLING
  YESTERDAY       15                        14      1       16
  MONTH TO DATE  376                       304     72      477
  SINCE JUN 1    376                       304     72      477
  SINCE JAN 1    628                       478    150      671
..................................................................


WIND (MPH)
  HIGHEST WIND SPEED    23   HIGHEST WIND DIRECTION     S (200)
  HIGHEST GUST SPEED    33   HIGHEST GUST DIRECTION    SW (210)
  AVERAGE WIND SPEED    13.2


SKY COVER
  AVERAGE SKY COVER 0.7


WEATHER CONDITIONS
 THE FOLLOWING WEATHER WAS RECORDED YESTERDAY.
  NO SIGNIFICANT WEATHER WAS OBSERVED.


RELATIVE HUMIDITY (PERCENT)
 HIGHEST    68           700 AM
 LOWEST     38           500 PM
 AVERAGE    53

..........................................................


THE ST. LOUIS CLIMATE NORMALS FOR TODAY
                         NORMAL    RECORD    YEAR
 MAXIMUM TEMPERATURE (F)   88       106      2012
 MINIMUM TEMPERATURE (F)   70        55      1923


SUNRISE AND SUNSET
JUNE 29 2017..........SUNRISE   540 AM CDT   SUNSET   830 PM CDT
JUNE 30 2017..........SUNRISE   540 AM CDT   SUNSET   830 PM CDT


-  INDICATES NEGATIVE NUMBERS.
R  INDICATES RECORD WAS SET OR TIED.
MM INDICATES DATA IS MISSING.
T  INDICATES TRACE AMOUNT.




$$
