000
CDUS43 KLSX 310745
CLISTL


CLIMATE REPORT
NATIONAL WEATHER SERVICE ST LOUIS MO
244 AM CDT TUE MAY 31 2016


...................................

...THE ST. LOUIS CLIMATE SUMMARY FOR MAY 30 2016...

CLIMATE NORMAL PERIOD 1981 TO 2010
CLIMATE RECORD PERIOD 1874 TO 2016


WEATHER ITEM   OBSERVED TIME   RECORD YEAR NORMAL DEPARTURE LAST
                VALUE   (LST)  VALUE       VALUE  FROM      YEAR
                                                  NORMAL
..................................................................
TEMPERATURE (F)
 YESTERDAY
  MAXIMUM         91   1215 PM  97    1934  80     11       75
  MINIMUM         67    451 AM  42    1889  62      5       59
  AVERAGE         79                        71      8       67

PRECIPITATION (IN)
  YESTERDAY        T             2.63 1974   0.17  -0.17     0.54
  MONTH TO DATE    4.67                      4.56   0.11     3.62
  SINCE MAR 1     11.45                     11.57  -0.12    12.04
  SINCE JAN 1     13.05                     16.21  -3.16    14.99

SNOWFALL (IN)
  YESTERDAY        0.0           0.0  2015   0.0    0.0      0.0
  MONTH TO DATE    0.0                       0.0    0.0      0.0
  SINCE MAR 1      0.3                       2.7   -2.4      0.6
  SINCE JUL 1     10.9                      17.7   -6.8     16.8
  SNOW DEPTH       0

DEGREE DAYS
 HEATING
  YESTERDAY        0                         1     -1        0
  MONTH TO DATE   83                        74      9       42
  SINCE MAR 1    654                       932   -278      772
  SINCE JUL 1   3484                      4530  -1046     4574

 COOLING
  YESTERDAY       14                         7      7        2
  MONTH TO DATE  121                       121      0      199
  SINCE MAR 1    181                       167     14      224
  SINCE JAN 1    181                       167     14      224
..................................................................


WIND (MPH)
  HIGHEST WIND SPEED    15   HIGHEST WIND DIRECTION     S (180)
  HIGHEST GUST SPEED    23   HIGHEST GUST DIRECTION    SW (230)
  AVERAGE WIND SPEED     3.6


SKY COVER
  AVERAGE SKY COVER 0.7


WEATHER CONDITIONS
 THE FOLLOWING WEATHER WAS RECORDED YESTERDAY.
  THUNDERSTORM


RELATIVE HUMIDITY (PERCENT)
 HIGHEST    81           500 AM
 LOWEST     34          1200 PM
 AVERAGE    58

..........................................................


THE ST. LOUIS CLIMATE NORMALS FOR TODAY
                         NORMAL    RECORD    YEAR
 MAXIMUM TEMPERATURE (F)   81        98      1934
 MINIMUM TEMPERATURE (F)   62        42      1889


SUNRISE AND SUNSET
MAY 31 2016...........SUNRISE   539 AM CDT   SUNSET   820 PM CDT
JUNE  1 2016..........SUNRISE   538 AM CDT   SUNSET   821 PM CDT


-  INDICATES NEGATIVE NUMBERS.
R  INDICATES RECORD WAS SET OR TIED.
MM INDICATES DATA IS MISSING.
T  INDICATES TRACE AMOUNT.




$$
