000
CDUS46 KMTR 290832
CLISTS


CLIMATE REPORT
NATIONAL WEATHER SERVICE SAN FRANCISCO BAY AREA
131 AM PDT MON AUG 29 2016


...................................

...THE SANTA ROSA AIRPORT CLIMATE SUMMARY FOR AUGUST 28 2016...

CLIMATE NORMAL PERIOD 1981 TO 2010
CLIMATE RECORD PERIOD 1998 TO 2016


WEATHER ITEM   OBSERVED TIME   RECORD YEAR NORMAL DEPARTURE LAST
                VALUE   (LST)  VALUE       VALUE  FROM      YEAR
                                                  NORMAL
..................................................................
TEMPERATURE (F)
 YESTERDAY
  MAXIMUM         79    221 PM 103    2008  84     -5       95
  MINIMUM         53   1117 PM  46    2010  51      2       59
  AVERAGE         66                        68     -2       77

PRECIPITATION (IN)
  YESTERDAY        0.00          0.00 2000   0.01  -0.01     0.00
  MONTH TO DATE    T                         0.06  -0.06      T
  SINCE OCT 1     32.14                     35.91  -3.77    24.56
  SINCE JAN 1     23.56                     22.16   1.40     6.01

DEGREE DAYS
 HEATING
  YESTERDAY        0                                         0
  MONTH TO DATE    5                                         3
  SINCE JUN 1     33                                        26
  SINCE JUL 1     12                                         7

 COOLING
  YESTERDAY        1                                        12
  MONTH TO DATE   34                                       150
  SINCE JUN 1    217                                       374
  SINCE JAN 1    246                                       386
..................................................................


WIND (MPH)
  RESULTANT WIND SPEED   4   RESULTANT WIND DIRECTION   S (160)
  HIGHEST WIND SPEED    13   HIGHEST WIND DIRECTION     S (160)
  HIGHEST GUST SPEED    18   HIGHEST GUST DIRECTION     S (170)
  AVERAGE WIND SPEED     4.7


SKY COVER
  POSSIBLE SUNSHINE  MM
  AVERAGE SKY COVER 0.5


WEATHER CONDITIONS
 THE FOLLOWING WEATHER WAS RECORDED YESTERDAY.
  NO SIGNIFICANT WEATHER WAS OBSERVED.


RELATIVE HUMIDITY (PERCENT)
 HIGHEST    93          1100 PM
 LOWEST     43           100 PM
 AVERAGE    68

..........................................................


THE SANTA ROSA AIRPORT CLIMATE NORMALS FOR TODAY
                         NORMAL    RECORD    YEAR
 MAXIMUM TEMPERATURE (F)   84       101      2009
 MINIMUM TEMPERATURE (F)   51        45      2005


SUNRISE AND SUNSET
AUGUST 29 2016........SUNRISE   638 AM PDT   SUNSET   745 PM PDT
AUGUST 30 2016........SUNRISE   639 AM PDT   SUNSET   743 PM PDT


-  INDICATES NEGATIVE NUMBERS.
R  INDICATES RECORD WAS SET OR TIED.
MM INDICATES DATA IS MISSING.
T  INDICATES TRACE AMOUNT.




$$
