000
CDUS46 KMTR 180831
CLISTS


CLIMATE REPORT
NATIONAL WEATHER SERVICE SAN FRANCISCO BAY AREA
1231 AM PST MON DEC 18 2017


...................................

...THE SANTA ROSA AIRPORT CLIMATE SUMMARY FOR DECEMBER 17 2017...

CLIMATE NORMAL PERIOD 1981 TO 2010
CLIMATE RECORD PERIOD 1998 TO 2017


WEATHER ITEM   OBSERVED TIME   RECORD YEAR NORMAL DEPARTURE LAST
                VALUE   (LST)  VALUE       VALUE  FROM      YEAR
                                                  NORMAL
..................................................................
TEMPERATURE (F)
 YESTERDAY
  MAXIMUM         69R   241 PM  67    1998  56     13       52
  MINIMUM         37   1146 PM  24    2008  36      1       29
  AVERAGE         53                        46      7       41

PRECIPITATION (IN)
  YESTERDAY        0.00          0.96 2010   0.25  -0.25     0.00
  MONTH TO DATE    0.04                      3.27  -3.23     5.90
  SINCE OCT 1      6.27                      9.99  -3.72    17.57
  SINCE JAN 1     48.25                     32.52  15.73    41.13

DEGREE DAYS
 HEATING
  YESTERDAY       12                                        24
  MONTH TO DATE  289                                       287
  SINCE DEC 1    289                                       287
  SINCE JUL 1    738                                       780

 COOLING
  YESTERDAY        0                                         0
  MONTH TO DATE    0                                         0
  SINCE DEC 1      0                                         0
  SINCE JAN 1    635                                       356
..................................................................


WIND (MPH)
  RESULTANT WIND SPEED   1   RESULTANT WIND DIRECTION   S (160)
  HIGHEST WIND SPEED    16   HIGHEST WIND DIRECTION    NW (330)
  HIGHEST GUST SPEED    20   HIGHEST GUST DIRECTION     N (350)
  AVERAGE WIND SPEED     4.1


SKY COVER
  POSSIBLE SUNSHINE  MM
  AVERAGE SKY COVER 0.1


WEATHER CONDITIONS
 THE FOLLOWING WEATHER WAS RECORDED YESTERDAY.
  NO SIGNIFICANT WEATHER WAS OBSERVED.


RELATIVE HUMIDITY (PERCENT)
 HIGHEST    82           900 PM
 LOWEST     27           300 PM
 AVERAGE    55

..........................................................


THE SANTA ROSA AIRPORT CLIMATE NORMALS FOR TODAY
                         NORMAL    RECORD    YEAR
 MAXIMUM TEMPERATURE (F)   56        64      1998
 MINIMUM TEMPERATURE (F)   36        24      2008


SUNRISE AND SUNSET
DECEMBER 18 2017......SUNRISE   724 AM PST   SUNSET   453 PM PST
DECEMBER 19 2017......SUNRISE   724 AM PST   SUNSET   453 PM PST


-  INDICATES NEGATIVE NUMBERS.
R  INDICATES RECORD WAS SET OR TIED.
MM INDICATES DATA IS MISSING.
T  INDICATES TRACE AMOUNT.




$$
