000
CDUS43 KFSD 230632
CLISUX


CLIMATE REPORT
NATIONAL WEATHER SERVICE SIOUX FALLS SD
131 AM CDT WED AUG 23 2017


...................................

...THE SIOUX CITY IA CLIMATE SUMMARY FOR AUGUST 22 2017...

CLIMATE NORMAL PERIOD 1981 TO 2010
CLIMATE RECORD PERIOD 1889 TO 2017


WEATHER ITEM   OBSERVED TIME   RECORD YEAR NORMAL DEPARTURE LAST
                VALUE   (LST)  VALUE       VALUE  FROM      YEAR
                                                  NORMAL
..................................................................
TEMPERATURE (F)
 YESTERDAY
  MAXIMUM         75    452 PM 100    1914  83     -8       85
                                      1898
  MINIMUM         56   1159 PM  43    1923  60     -4       59
                                      1890
  AVERAGE         66                        72     -6       72

PRECIPITATION (IN)
  YESTERDAY        0.00          3.19 1988   0.10  -0.10     0.00
  MONTH TO DATE    5.10                      2.28   2.82     2.46
  SINCE JUN 1      7.66                      9.61  -1.95     6.03
  SINCE JAN 1     17.13                     19.59  -2.46    21.76

SNOWFALL (IN)
  YESTERDAY        0.0           0.0    MM   0.0    0.0      0.0
  MONTH TO DATE    0.0                       0.0    0.0      0.0
  SINCE JUN 1      0.0                       0.0    0.0      0.0
  SINCE JUL 1      0.0                       0.0    0.0      0.0
  SNOW DEPTH       0

DEGREE DAYS
 HEATING
  YESTERDAY        0                         0      0        0
  MONTH TO DATE    8                         0      8        0
  SINCE JUN 1     18                        30    -12        0
  SINCE JUL 1      8                         3      5        0

 COOLING
  YESTERDAY        1                         7     -6        7
  MONTH TO DATE  105                       178    -73      228
  SINCE JUN 1    761                       659    102      910
  SINCE JAN 1    799                       723     76      962
..................................................................


WIND (MPH)
  HIGHEST WIND SPEED    16   HIGHEST WIND DIRECTION    NW (320)
  HIGHEST GUST SPEED    22   HIGHEST GUST DIRECTION     N (340)
  AVERAGE WIND SPEED     7.0


SKY COVER
  POSSIBLE SUNSHINE  MM
  AVERAGE SKY COVER 0.1


WEATHER CONDITIONS
 THE FOLLOWING WEATHER WAS RECORDED YESTERDAY.
  FOG
  FOG W/VISIBILITY <= 1/4 MILE


RELATIVE HUMIDITY (PERCENT)
 HIGHEST   100          1200 AM
 LOWEST     43           500 PM
 AVERAGE    72

..........................................................


THE SIOUX CITY IA CLIMATE NORMALS FOR TODAY
                         NORMAL    RECORD    YEAR
 MAXIMUM TEMPERATURE (F)   83       102      1938
 MINIMUM TEMPERATURE (F)   60        40      1891


SUNRISE AND SUNSET
AUGUST 23 2017........SUNRISE   641 AM CDT   SUNSET   814 PM CDT
AUGUST 24 2017........SUNRISE   642 AM CDT   SUNSET   812 PM CDT


-  INDICATES NEGATIVE NUMBERS.
R  INDICATES RECORD WAS SET OR TIED.
MM INDICATES DATA IS MISSING.
T  INDICATES TRACE AMOUNT.




$$
