000
CDUS43 KFSD 020645
CLISUX


CLIMATE REPORT
NATIONAL WEATHER SERVICE SIOUX FALLS SD
144 AM CDT THU OCT 2 2014


...................................

...THE SIOUX CITY IA CLIMATE SUMMARY FOR OCTOBER 1 2014...

CLIMATE NORMAL PERIOD 1981 TO 2010
CLIMATE RECORD PERIOD 1889 TO 2014


WEATHER ITEM   OBSERVED TIME   RECORD YEAR NORMAL DEPARTURE LAST
                VALUE   (LST)  VALUE       VALUE  FROM      YEAR
                                                  NORMAL
..................................................................
TEMPERATURE (F)
 YESTERDAY
  MAXIMUM         80    235 PM  91    2006  70     10       80
                                      1963
  MINIMUM         57    701 AM  25    2003  43     14       48
  AVERAGE         69                        57     12       64

PRECIPITATION (IN)
  YESTERDAY        0.02          1.30 1894   0.09  -0.07     0.00
  MONTH TO DATE    0.02                      0.09  -0.07     0.00
  SINCE SEP 1      2.81                      3.05  -0.24     1.44
  SINCE JAN 1     38.44                     23.59  14.85    21.47

SNOWFALL (IN)
  YESTERDAY        0.0           T    1999   0.0    0.0      0.0
  MONTH TO DATE    0.0                       0.0    0.0      0.0
  SINCE SEP 1      0.0                       0.0    0.0      0.0
  SINCE JUL 1      0.0                       0.0    0.0      0.0
  SNOW DEPTH       0

DEGREE DAYS
 HEATING
  YESTERDAY        0                         9     -9        1
  MONTH TO DATE    0                         9     -9        1
  SINCE SEP 1    106                       141    -35       46
  SINCE JUL 1    112                       156    -44       66

 COOLING
  YESTERDAY        4                         1      3        0
  MONTH TO DATE    4                         1      3        0
  SINCE SEP 1     96                        85     11      152
  SINCE JAN 1    862                       862      0      953
..................................................................


WIND (MPH)
  HIGHEST WIND SPEED    13   HIGHEST WIND DIRECTION     S (180)
  HIGHEST GUST SPEED    18   HIGHEST GUST DIRECTION     S (180)
  AVERAGE WIND SPEED     3.7


SKY COVER
  POSSIBLE SUNSHINE  MM
  AVERAGE SKY COVER 0.2


WEATHER CONDITIONS
 THE FOLLOWING WEATHER WAS RECORDED YESTERDAY.
  THUNDERSTORM
  LIGHT RAIN
  FOG


RELATIVE HUMIDITY (PERCENT)
 HIGHEST   100           500 AM
 LOWEST     45           300 PM
 AVERAGE    73

..........................................................


THE SIOUX CITY IA CLIMATE NORMALS FOR TODAY
                         NORMAL    RECORD    YEAR
 MAXIMUM TEMPERATURE (F)   70        94      1997
 MINIMUM TEMPERATURE (F)   43        24      2004


SUNRISE AND SUNSET
OCTOBER  2 2014.......SUNRISE   724 AM CDT   SUNSET   705 PM CDT
OCTOBER  3 2014.......SUNRISE   725 AM CDT   SUNSET   703 PM CDT


-  INDICATES NEGATIVE NUMBERS.
R  INDICATES RECORD WAS SET OR TIED.
MM INDICATES DATA IS MISSING.
T  INDICATES TRACE AMOUNT.




$$
