000
CDUS43 KFSD 282235
CLISUX


CLIMATE REPORT
NATIONAL WEATHER SERVICE SIOUX FALLS SD
434 PM CST SUN DEC 28 2014


...................................

...THE SIOUX CITY IA CLIMATE SUMMARY FOR DECEMBER 28 2014...
VALID TODAY AS OF 0400 PM LOCAL TIME.

CLIMATE NORMAL PERIOD 1981 TO 2010
CLIMATE RECORD PERIOD 1889 TO 2014


WEATHER ITEM   OBSERVED TIME   RECORD YEAR NORMAL DEPARTURE LAST
                VALUE   (LST)  VALUE       VALUE  FROM      YEAR
                                                  NORMAL
..................................................................
TEMPERATURE (F)
 TODAY
  MAXIMUM         26    255 PM  62    2013  30     -4       62
  MINIMUM          2    621 AM -20    1924  11     -9        8
                                      1917
  AVERAGE         14                        20     -6       35

PRECIPITATION (IN)
  TODAY            0.00          0.51 1889   0.02  -0.02      T
  MONTH TO DATE    1.36                      0.74   0.62     0.16
  SINCE DEC 1      1.36                      0.74   0.62     0.16
  SINCE JAN 1     41.32                     27.68  13.64    26.61

SNOWFALL (IN)
  TODAY            0.0           4.1  1946   0.2   -0.2       T
  MONTH TO DATE    3.1                       7.1   -4.0      2.1
  SINCE DEC 1      3.1                       7.1   -4.0      2.1
  SINCE JUL 1      7.6                      12.5   -4.9      3.0
  SNOW DEPTH       2

DEGREE DAYS
 HEATING
  TODAY           51                        45      6       30
  MONTH TO DATE  946                      1182   -236     1285
  SINCE DEC 1    946                      1182   -236     1285
  SINCE JUL 1   2441                      2658   -217     2709

 COOLING
  TODAY            0                         0      0        0
  MONTH TO DATE    0                         0      0        0
  SINCE DEC 1      0                         0      0        0
  SINCE JAN 1    862                       869     -7      960
..................................................................


WIND (MPH)
  HIGHEST WIND SPEED     9   HIGHEST WIND DIRECTION     E (110)
  HIGHEST GUST SPEED    10   HIGHEST GUST DIRECTION     E (110)
  AVERAGE WIND SPEED     2.8


SKY COVER
  POSSIBLE SUNSHINE  MM
  AVERAGE SKY COVER 0.0


WEATHER CONDITIONS
 THE FOLLOWING WEATHER WAS RECORDED TODAY.
  FOG
  HAZE


RELATIVE HUMIDITY (PERCENT)
 HIGHEST    92          1000 AM
 LOWEST     63           300 PM
 AVERAGE    78

..........................................................


THE SIOUX CITY IA CLIMATE NORMALS FOR TOMORROW
                         NORMAL    RECORD    YEAR
 MAXIMUM TEMPERATURE (F)   30        61      1999
 MINIMUM TEMPERATURE (F)   11       -28      1917


SUNRISE AND SUNSET
DECEMBER 28 2014......SUNRISE   754 AM CST   SUNSET   500 PM CST
DECEMBER 29 2014......SUNRISE   754 AM CST   SUNSET   501 PM CST


-  INDICATES NEGATIVE NUMBERS.
R  INDICATES RECORD WAS SET OR TIED.
MM INDICATES DATA IS MISSING.
T  INDICATES TRACE AMOUNT.




$$
