000
CDUS43 KFSD 272220
CLISUX


CLIMATE REPORT
NATIONAL WEATHER SERVICE SIOUX FALLS SD
519 PM CDT SAT AUG 27 2016


...................................

...THE SIOUX CITY IA CLIMATE SUMMARY FOR AUGUST 27 2016...
VALID TODAY AS OF 0500 PM LOCAL TIME.

CLIMATE NORMAL PERIOD 1981 TO 2010
CLIMATE RECORD PERIOD 1889 TO 2016


WEATHER ITEM   OBSERVED TIME   RECORD YEAR NORMAL DEPARTURE LAST
                VALUE   (LST)  VALUE       VALUE  FROM      YEAR
                                                  NORMAL
..................................................................
TEMPERATURE (F)
 TODAY
  MAXIMUM         79    359 PM 104    1955  82     -3       81
  MINIMUM         64    626 AM  41    1896  59      5       61
  AVERAGE         72                        70      2       71

PRECIPITATION (IN)
  TODAY            T             1.42 1963   0.10  -0.10     0.41
  MONTH TO DATE    4.91                      2.79   2.12     4.18
  SINCE JUN 1      8.48                     10.12  -1.64    14.05
  SINCE JAN 1     24.21                     20.10   4.11    21.95

SNOWFALL (IN)
  TODAY            0.0           0.0    MM   0.0    0.0      0.0
  MONTH TO DATE    0.0                       0.0    0.0      0.0
  SINCE JUN 1      0.0                       0.0    0.0      0.0
  SINCE JUL 1      0.0                       0.0    0.0      0.0
  SNOW DEPTH       0

DEGREE DAYS
 HEATING
  TODAY            0                         1     -1        0
  MONTH TO DATE    0                         5     -5       20
  SINCE JUN 1      0                        35    -35       25
  SINCE JUL 1      0                         8     -8       23

 COOLING
  TODAY            7                         6      1        6
  MONTH TO DATE  247                       210     37      177
  SINCE JUN 1    929                       691    238      674
  SINCE JAN 1    981                       755    226      703
..................................................................


WIND (MPH)
  HIGHEST WIND SPEED    12   HIGHEST WIND DIRECTION     S (190)
  HIGHEST GUST SPEED    14   HIGHEST GUST DIRECTION     S (200)
  AVERAGE WIND SPEED     4.8


SKY COVER
  POSSIBLE SUNSHINE  MM
  AVERAGE SKY COVER 0.8


WEATHER CONDITIONS
 THE FOLLOWING WEATHER WAS RECORDED TODAY.
  LIGHT RAIN
  FOG


RELATIVE HUMIDITY (PERCENT)
 HIGHEST    93           500 AM
 LOWEST     67           300 PM
 AVERAGE    80

..........................................................


THE SIOUX CITY IA CLIMATE NORMALS FOR TOMORROW
                         NORMAL    RECORD    YEAR
 MAXIMUM TEMPERATURE (F)   82        99      1955
 MINIMUM TEMPERATURE (F)   59        39      1986


SUNRISE AND SUNSET
AUGUST 27 2016........SUNRISE   646 AM CDT   SUNSET   807 PM CDT
AUGUST 28 2016........SUNRISE   647 AM CDT   SUNSET   805 PM CDT


-  INDICATES NEGATIVE NUMBERS.
R  INDICATES RECORD WAS SET OR TIED.
MM INDICATES DATA IS MISSING.
T  INDICATES TRACE AMOUNT.




$$
