000
CDUS41 KBGM 290549
CLISYR


CLIMATE REPORT
NATIONAL WEATHER SERVICE BINGHAMTON NY
149 AM EDT THU JUN 29 2017


...................................

...THE SYRACUSE NY CLIMATE SUMMARY FOR JUNE 28 2017...

CLIMATE NORMAL PERIOD 1981 TO 2010
CLIMATE RECORD PERIOD 1902 TO 2017


WEATHER ITEM   OBSERVED TIME   RECORD YEAR NORMAL DEPARTURE LAST
                VALUE   (LST)  VALUE       VALUE  FROM      YEAR
                                                  NORMAL
..................................................................
TEMPERATURE (F)
 YESTERDAY
  MAXIMUM         75    514 PM  97    1941  80     -5       82
  MINIMUM         50    447 AM  44    1970  59     -9       63
  AVERAGE         63                        70     -7       73

PRECIPITATION (IN)
  YESTERDAY        0.00          2.04 1914   0.11  -0.11     0.00
  MONTH TO DATE    4.06                      3.08   0.98     1.95
  SINCE JUN 1      4.06                      3.08   0.98     1.95
  SINCE JAN 1     25.90                     17.01   8.89    16.51

SNOWFALL (IN)
  YESTERDAY        0.0           0.0  2002   0.0    0.0      0.0
                                      2001
  MONTH TO DATE    0.0                       0.0    0.0       T
  SINCE JUN 1      0.0                       0.0    0.0       T
  SINCE JUL 1    134.9                     123.8   11.1     80.3
  SNOW DEPTH       0

DEGREE DAYS
 HEATING
  YESTERDAY        2                         1      1        0
  MONTH TO DATE   68                        59      9       53
  SINCE JUN 1     68                        59      9       53
  SINCE JUL 1   6135                      6649   -514     5851

 COOLING
  YESTERDAY        0                         6     -6        8
  MONTH TO DATE   92                       101     -9       94
  SINCE JUN 1     92                       101     -9       94
  SINCE JAN 1    124                       131     -7      150
..................................................................


WIND (MPH)
  HIGHEST WIND SPEED    17   HIGHEST WIND DIRECTION     W (270)
  HIGHEST GUST SPEED    22   HIGHEST GUST DIRECTION     W (250)
  AVERAGE WIND SPEED     7.1


SKY COVER
  POSSIBLE SUNSHINE  MM
  AVERAGE SKY COVER 0.6


WEATHER CONDITIONS
 THE FOLLOWING WEATHER WAS RECORDED YESTERDAY.
  NO SIGNIFICANT WEATHER WAS OBSERVED.


RELATIVE HUMIDITY (PERCENT)
 HIGHEST    96           500 AM
 LOWEST     46           200 PM
 AVERAGE    71

..........................................................


THE SYRACUSE NY CLIMATE NORMALS FOR TODAY
                         NORMAL    RECORD    YEAR
 MAXIMUM TEMPERATURE (F)   81        95      1933
 MINIMUM TEMPERATURE (F)   60        42      1988


SUNRISE AND SUNSET
JUNE 29 2017..........SUNRISE   528 AM EDT   SUNSET   848 PM EDT
JUNE 30 2017..........SUNRISE   528 AM EDT   SUNSET   848 PM EDT


-  INDICATES NEGATIVE NUMBERS.
R  INDICATES RECORD WAS SET OR TIED.
MM INDICATES DATA IS MISSING.
T  INDICATES TRACE AMOUNT.




$$
