000
CDUS41 KBGM 260320
CLISYR


CLIMATE REPORT
NATIONAL WEATHER SERVICE BINGHAMTON NY
1020 PM EST SUN FEB 25 2018


...................................

...THE SYRACUSE NY CLIMATE SUMMARY FOR FEBRUARY 25 2018...
VALID AS OF 1000 PM LOCAL TIME.

CLIMATE NORMAL PERIOD 1981 TO 2010
CLIMATE RECORD PERIOD 1902 TO 2018


WEATHER ITEM   OBSERVED TIME   RECORD YEAR NORMAL DEPARTURE LAST
                VALUE   (LST)  VALUE       VALUE  FROM      YEAR
                                                  NORMAL
..................................................................
TEMPERATURE (F)
 TODAY
  MAXIMUM         51    408 PM  68    2017  36     15       68
  MINIMUM         33   1237 AM -10    1993  19     14       31
  AVERAGE         42                        28     14       50

PRECIPITATION (IN)
  TODAY            0.37          1.30 1961   0.08   0.29     0.48
  MONTH TO DATE    2.92                      1.82   1.10     3.55
  SINCE DEC 1      8.39                      7.54   0.85     9.82
  SINCE JAN 1      6.05                      4.32   1.73     6.58

SNOWFALL (IN)
  TODAY            0.0          13.6  2010   0.9   -0.9      0.1
  MONTH TO DATE   23.6                      22.8    0.8     32.5
  SINCE DEC 1    102.3                      89.5   12.8     78.1
  SINCE JUL 1    107.5                      99.4    8.1    103.5
  SNOW DEPTH       0

DEGREE DAYS
 HEATING
  TODAY           23                        37    -14       15
  MONTH TO DATE  848                       985   -137      806
  SINCE DEC 1   3407                      3372     35     2999
  SINCE JUL 1   4604                      4721   -117     4193

 COOLING
  TODAY            0                         0      0        0
  MONTH TO DATE    0                         0      0        0
  SINCE DEC 1      0                         0      0        0
  SINCE JAN 1      0                         0      0        0
..................................................................


WIND (MPH)
  HIGHEST WIND SPEED    24   HIGHEST WIND DIRECTION    SE (150)
  HIGHEST GUST SPEED    32   HIGHEST GUST DIRECTION     S (160)
  AVERAGE WIND SPEED     9.6


SKY COVER
  POSSIBLE SUNSHINE  MM
  AVERAGE SKY COVER 0.9


WEATHER CONDITIONS
 THE FOLLOWING WEATHER WAS RECORDED TODAY.
  HEAVY RAIN
  RAIN
  LIGHT RAIN
  LT FREEZING RAIN
  FOG


RELATIVE HUMIDITY (PERCENT)
 HIGHEST   100           400 AM
 LOWEST     77           300 PM
 AVERAGE    89

..........................................................


THE SYRACUSE NY CLIMATE NORMALS FOR TOMORROW
                         NORMAL    RECORD    YEAR
 MAXIMUM TEMPERATURE (F)   37        64      1976
 MINIMUM TEMPERATURE (F)   20       -10      1995
                                             1990


SUNRISE AND SUNSET
FEBRUARY 25 2018......SUNRISE   647 AM EST   SUNSET   549 PM EST
FEBRUARY 26 2018......SUNRISE   645 AM EST   SUNSET   550 PM EST


-  INDICATES NEGATIVE NUMBERS.
R  INDICATES RECORD WAS SET OR TIED.
MM INDICATES DATA IS MISSING.
T  INDICATES TRACE AMOUNT.




$$
