538
CDUS41 KBGM 220540
CLISYR


CLIMATE REPORT
NATIONAL WEATHER SERVICE BINGHAMTON NY
1240 AM EST WED FEB 22 2017


...................................

...THE SYRACUSE NY CLIMATE SUMMARY FOR FEBRUARY 21 2017...

CLIMATE NORMAL PERIOD 1981 TO 2010
CLIMATE RECORD PERIOD 1902 TO 2017


WEATHER ITEM   OBSERVED TIME   RECORD YEAR NORMAL DEPARTURE LAST
                VALUE   (LST)  VALUE       VALUE  FROM      YEAR
                                                  NORMAL
..................................................................
TEMPERATURE (F)
 YESTERDAY
  MAXIMUM         47    603 PM  65    1997  35     12       41
                                      1953
  MINIMUM         21    247 AM -16    2015  19      2       30
  AVERAGE         34                        27      7       36

PRECIPITATION (IN)
  YESTERDAY        0.03          1.49 1951   0.08  -0.05      T
  MONTH TO DATE    2.33                      1.51   0.82     3.21
  SINCE DEC 1      8.60                      7.23   1.37     9.75
  SINCE JAN 1      5.36                      4.01   1.35     4.92

SNOWFALL (IN)
  YESTERDAY        0.0           9.7  1993   0.9   -0.9      0.0
  MONTH TO DATE   32.4                      19.4   13.0     21.9
  SINCE DEC 1     78.0                      86.1   -8.1     62.8
  SINCE JUL 1    103.4                      96.0    7.4     63.6
  SNOW DEPTH       2

DEGREE DAYS
 HEATING
  YESTERDAY       31                        38     -7       29
  MONTH TO DATE  754                       835    -81      822
  SINCE DEC 1   2947                      3222   -275     2757
  SINCE JUL 1   4141                      4571   -430     3842

 COOLING
  YESTERDAY        0                         0      0        0
  MONTH TO DATE    0                         0      0        0
  SINCE DEC 1      0                         0      0        0
  SINCE JAN 1      0                         0      0        0
..................................................................


WIND (MPH)
  HIGHEST WIND SPEED    16   HIGHEST WIND DIRECTION    SE (150)
  HIGHEST GUST SPEED    20   HIGHEST GUST DIRECTION    SE (120)
  AVERAGE WIND SPEED     8.6


SKY COVER
  POSSIBLE SUNSHINE  MM
  AVERAGE SKY COVER 0.9


WEATHER CONDITIONS
 THE FOLLOWING WEATHER WAS RECORDED YESTERDAY.
  LIGHT RAIN


RELATIVE HUMIDITY (PERCENT)
 HIGHEST    84           200 AM
 LOWEST     33          1200 PM
 AVERAGE    59

..........................................................


THE SYRACUSE NY CLIMATE NORMALS FOR TODAY
                         NORMAL    RECORD    YEAR
 MAXIMUM TEMPERATURE (F)   36        66      1981
 MINIMUM TEMPERATURE (F)   19        -4      1918


SUNRISE AND SUNSET
FEBRUARY 22 2017......SUNRISE   651 AM EST   SUNSET   545 PM EST
FEBRUARY 23 2017......SUNRISE   650 AM EST   SUNSET   546 PM EST


-  INDICATES NEGATIVE NUMBERS.
R  INDICATES RECORD WAS SET OR TIED.
MM INDICATES DATA IS MISSING.
T  INDICATES TRACE AMOUNT.




$$
