000
CDUS41 KBGM 180557
CLISYR


CLIMATE REPORT
NATIONAL WEATHER SERVICE BINGHAMTON NY
157 AM EDT WED OCT 18 2017


...................................

...THE SYRACUSE NY CLIMATE SUMMARY FOR OCTOBER 17 2017...

CLIMATE NORMAL PERIOD 1981 TO 2010
CLIMATE RECORD PERIOD 1902 TO 2017


WEATHER ITEM   OBSERVED TIME   RECORD YEAR NORMAL DEPARTURE LAST
                VALUE   (LST)  VALUE       VALUE  FROM      YEAR
                                                  NORMAL
..................................................................
TEMPERATURE (F)
 YESTERDAY
  MAXIMUM         61    348 PM  84    1947  60      1       70
  MINIMUM         32    634 AM  24    1978  41     -9       60
  AVERAGE         47                        50     -3       65

PRECIPITATION (IN)
  YESTERDAY        0.00          1.42 1942   0.11  -0.11     0.03
  MONTH TO DATE    1.88                      1.91  -0.03     2.01
  SINCE SEP 1      3.26                      5.60  -2.34     5.71
  SINCE JAN 1     35.78                     30.19   5.59    28.92

SNOWFALL (IN)
  YESTERDAY        0.0           0.3  1972   0.0    0.0      0.0
  MONTH TO DATE    0.0                       0.0    0.0      0.0
  SINCE SEP 1      0.0                       0.0    0.0      0.0
  SINCE JUL 1      0.0                       0.0    0.0      0.0
  SNOW DEPTH       0

DEGREE DAYS
 HEATING
  YESTERDAY       18                        15      3        0
  MONTH TO DATE  108                       210   -102      147
  SINCE SEP 1    211                       351   -140      235
  SINCE JUL 1    247                       377   -130      236

 COOLING
  YESTERDAY        0                         0      0        0
  MONTH TO DATE   17                         0     17        0
  SINCE SEP 1    112                        52     60       90
  SINCE JAN 1    562                       565     -3      802
..................................................................


WIND (MPH)
  HIGHEST WIND SPEED    17   HIGHEST WIND DIRECTION     S (200)
  HIGHEST GUST SPEED    22   HIGHEST GUST DIRECTION     S (200)
  AVERAGE WIND SPEED     6.5


SKY COVER
  POSSIBLE SUNSHINE  MM
  AVERAGE SKY COVER 0.2


WEATHER CONDITIONS
 THE FOLLOWING WEATHER WAS RECORDED YESTERDAY.
  NO SIGNIFICANT WEATHER WAS OBSERVED.


RELATIVE HUMIDITY (PERCENT)
 HIGHEST   100          1200 AM
 LOWEST     36          1200 PM
 AVERAGE    68

..........................................................


THE SYRACUSE NY CLIMATE NORMALS FOR TODAY
                         NORMAL    RECORD    YEAR
 MAXIMUM TEMPERATURE (F)   59        83      1947
 MINIMUM TEMPERATURE (F)   40        26      1939


SUNRISE AND SUNSET
OCTOBER 18 2017.......SUNRISE   722 AM EDT   SUNSET   616 PM EDT
OCTOBER 19 2017.......SUNRISE   723 AM EDT   SUNSET   615 PM EDT


-  INDICATES NEGATIVE NUMBERS.
R  INDICATES RECORD WAS SET OR TIED.
MM INDICATES DATA IS MISSING.
T  INDICATES TRACE AMOUNT.




$$
