000
CDUS41 KBGM 230548
CLISYR


CLIMATE REPORT
NATIONAL WEATHER SERVICE BINGHAMTON NY
148 AM EDT WED JUL 23 2014


...................................

...THE SYRACUSE NY CLIMATE SUMMARY FOR JULY 22 2014...

CLIMATE NORMAL PERIOD 1981 TO 2010
CLIMATE RECORD PERIOD 1902 TO 2014


WEATHER ITEM   OBSERVED TIME   RECORD YEAR NORMAL DEPARTURE LAST
                VALUE   (LST)  VALUE       VALUE  FROM      YEAR
                                                  NORMAL
..................................................................
TEMPERATURE (F)
 YESTERDAY
  MAXIMUM         91    445 PM  98    2002  82      9       84
  MINIMUM         65    450 AM  48    1970  61      4       62
  AVERAGE         78                        72      6       73

PRECIPITATION (IN)
  YESTERDAY        0.00          3.21 1928   0.13  -0.13     0.06
  MONTH TO DATE    1.84                      2.70  -0.86     1.56
  SINCE JUN 1      4.58                      6.01  -1.43     8.36
  SINCE JAN 1     21.96                     19.94   2.02    22.30

SNOWFALL (IN)
  YESTERDAY        0.0           0.0  2002   0.0    0.0      0.0
                                      2000
                                      2001
  MONTH TO DATE    0.0                       0.0    0.0      0.0
  SINCE JUN 1      0.0                       0.0    0.0      0.0
  SINCE JUL 1      0.0                       0.0    0.0      0.0
  SNOW DEPTH       0

DEGREE DAYS
 HEATING
  YESTERDAY        0                         0      0        0
  MONTH TO DATE    0                         2     -2        0
  SINCE JUN 1     23                        63    -40       61
  SINCE JUL 1      0                         2     -2        0

 COOLING
  YESTERDAY       13                         7      6        8
  MONTH TO DATE  174                       146     28      273
  SINCE JUN 1    321                       259     62      397
  SINCE JAN 1    377                       289     88      449
..................................................................


WIND (MPH)
  HIGHEST WIND SPEED    14   HIGHEST WIND DIRECTION    SW (210)
  HIGHEST GUST SPEED    21   HIGHEST GUST DIRECTION    SW (210)
  AVERAGE WIND SPEED     4.2


SKY COVER
  POSSIBLE SUNSHINE  MM
  AVERAGE SKY COVER 0.6


WEATHER CONDITIONS
 THE FOLLOWING WEATHER WAS RECORDED YESTERDAY.
  FOG


RELATIVE HUMIDITY (PERCENT)
 HIGHEST    93           400 AM
 LOWEST     41           200 PM
 AVERAGE    67

..........................................................


THE SYRACUSE NY CLIMATE NORMALS FOR TODAY
                         NORMAL    RECORD    YEAR
 MAXIMUM TEMPERATURE (F)   82        98      1933
 MINIMUM TEMPERATURE (F)   61        50      1977
                                             1923


SUNRISE AND SUNSET
JULY 23 2014..........SUNRISE   546 AM EDT   SUNSET   835 PM EDT
JULY 24 2014..........SUNRISE   547 AM EDT   SUNSET   835 PM EDT


-  INDICATES NEGATIVE NUMBERS.
R  INDICATES RECORD WAS SET OR TIED.
MM INDICATES DATA IS MISSING.
T  INDICATES TRACE AMOUNT.




$$
