416
CDKA40 PTYA 040700
CLIT11
DAILY CLIMATE REPORT
NATIONAL WEATHER SERVICE YAP FM
5PM LST THU FEB 04 2016
THE YAP FM CLIMATE SUMMARY FOR FEBRUARY 04 2016
CLIMATE NORMAL PERIOD  1981  TO 2010
CLIMATE RECORD PERIOD  1951  TO 2016
WEATHER ITEM OBSERVED TIME  RECORD YEAR NORMAL DEPARTURE LAST
              VALUE   (LST) VALUE       VALUE    FROM    YEAR
                                                NORMAL
TEMPERATURE   (F)
TODAY
MAXIMUM       90  1445 PM  97  2014     87       3        86
MINIMUM       76  0845 AM  63  1999     77      -1        74
AVERAGE       83                        82       1        80
PRECIPITATION INCHES
TODAY           0.01   164.24  1996    0.23    -0.22     0.17
MONTH TO DATE   0.06                   0.98    -0.92     0.62
SINCE 01 DEC    7.22                  17.56   -10.34    23.25
SINCE JAN 01    2.29                   8.28    -5.99     6.47
