000
CDUS45 KPUB 231401
CLITAD


CLIMATE REPORT
NATIONAL WEATHER SERVICE PUEBLO
701 AM MST FRI FEB 23 2018


...................................

...THE TRINIDAD CO CLIMATE SUMMARY FOR FEBRUARY 22 2018...

CLIMATE NORMAL PERIOD 1981 TO 2010
CLIMATE RECORD PERIOD 9999 TO 9999


WEATHER ITEM   OBSERVED TIME   NORMAL DEPARTURE LAST
                VALUE   (LST)  VALUE  FROM      YEAR
                                      NORMAL
......................................................
TEMPERATURE (F)
 YESTERDAY
  MAXIMUM         50    134 PM  52     -2       69
  MINIMUM         12    328 AM  21     -9       46
  AVERAGE         31            36     -5       58

PRECIPITATION (IN)
  YESTERDAY        0.00          0.02  -0.02     0.00
  MONTH TO DATE    0.29          0.36  -0.07     0.06
  SINCE DEC 1      0.43          1.30  -0.87     1.86
  SINCE JAN 1      0.42          0.76  -0.34     1.56

DEGREE DAYS
 HEATING
  YESTERDAY       34            29      5        7
  MONTH TO DATE  611           676    -65      406
  SINCE DEC 1   2381          2725   -344     2500
  SINCE JUL 1   3348          3958   -610     3266

 COOLING
  YESTERDAY        0             0      0        0
  MONTH TO DATE    0             0      0        0
  SINCE DEC 1      0             0      0        0
  SINCE JAN 1      0             0      0        0
......................................................


WIND (MPH)
  HIGHEST WIND SPEED    32   HIGHEST WIND DIRECTION    SW (240)
  HIGHEST GUST SPEED    40   HIGHEST GUST DIRECTION    SW (240)
  AVERAGE WIND SPEED    10.6


SKY COVER
  POSSIBLE SUNSHINE  MM
  AVERAGE SKY COVER 0.1


WEATHER CONDITIONS
 THE FOLLOWING WEATHER WAS RECORDED YESTERDAY.
  NO SIGNIFICANT WEATHER WAS OBSERVED.


RELATIVE HUMIDITY (PERCENT)
 HIGHEST    92           200 AM
 LOWEST     15           400 PM
 AVERAGE    54

..........................................................




SUNRISE AND SUNSET
FEBRUARY 23 2018......SUNRISE   636 AM MST   SUNSET   545 PM MST
FEBRUARY 24 2018......SUNRISE   635 AM MST   SUNSET   546 PM MST


-  INDICATES NEGATIVE NUMBERS.
R  INDICATES RECORD WAS SET OR TIED.
MM INDICATES DATA IS MISSING.
T  INDICATES TRACE AMOUNT.




$$
