000
CDUS45 KPUB 171046
CLITAD


CLIMATE REPORT
NATIONAL WEATHER SERVICE PUEBLO
446 AM MDT THU AUG 17 2017


...................................

...THE TRINIDAD CO CLIMATE SUMMARY FOR AUGUST 16 2017...

CLIMATE NORMAL PERIOD 1981 TO 2010
CLIMATE RECORD PERIOD 9999 TO 9999


WEATHER ITEM   OBSERVED TIME   NORMAL DEPARTURE LAST
                VALUE   (LST)  VALUE  FROM      YEAR
                                      NORMAL
......................................................
TEMPERATURE (F)
 YESTERDAY
  MAXIMUM         80    339 PM  86     -6       87
  MINIMUM         52    507 AM  57     -5       57
  AVERAGE         66            72     -6       72

PRECIPITATION (IN)
  YESTERDAY        0.00          0.07  -0.07    MM
  MONTH TO DATE    1.63          1.30   0.33     0.00
  SINCE JUN 1      6.54          5.01   1.53     1.94
  SINCE JAN 1     14.95          9.53   5.42     6.17

DEGREE DAYS
 HEATING
  YESTERDAY        0             0      0        0
  MONTH TO DATE    3             0      3        0
  SINCE JUN 1     11            42    -31        4
  SINCE JUL 1      3             3      0        0

 COOLING
  YESTERDAY        1             7     -6        7
  MONTH TO DATE   72           118    -46       26
  SINCE JUN 1    585           525     60      355
  SINCE JAN 1    600           553     47      367
......................................................


WIND (MPH)
  HIGHEST WIND SPEED    15   HIGHEST WIND DIRECTION    NW (310)
  HIGHEST GUST SPEED    20   HIGHEST GUST DIRECTION    NW (310)
  AVERAGE WIND SPEED     5.8


SKY COVER
  POSSIBLE SUNSHINE  MM
  AVERAGE SKY COVER 0.1


WEATHER CONDITIONS
 THE FOLLOWING WEATHER WAS RECORDED YESTERDAY.
  NO SIGNIFICANT WEATHER WAS OBSERVED.


RELATIVE HUMIDITY (PERCENT)
 HIGHEST    83           500 AM
 LOWEST     30           300 PM
 AVERAGE    57

..........................................................




SUNRISE AND SUNSET
AUGUST 17 2017........SUNRISE   616 AM MDT   SUNSET   746 PM MDT
AUGUST 18 2017........SUNRISE   616 AM MDT   SUNSET   745 PM MDT


-  INDICATES NEGATIVE NUMBERS.
R  INDICATES RECORD WAS SET OR TIED.
MM INDICATES DATA IS MISSING.
T  INDICATES TRACE AMOUNT.




$$
