000
CDUS45 KPUB 241045
CLITAD


CLIMATE REPORT
NATIONAL WEATHER SERVICE PUEBLO
444 AM MDT SAT JUN 24 2017


...................................

...THE TRINIDAD CO CLIMATE SUMMARY FOR JUNE 23 2017...

CLIMATE NORMAL PERIOD 1981 TO 2010
CLIMATE RECORD PERIOD 9999 TO 9999


WEATHER ITEM   OBSERVED TIME   NORMAL DEPARTURE LAST
                VALUE   (LST)  VALUE  FROM      YEAR
                                      NORMAL
......................................................
TEMPERATURE (F)
 YESTERDAY
  MAXIMUM         67    554 PM  86    -19       92
  MINIMUM         52   1038 AM  55     -3       57
  AVERAGE         60            71    -11       75

PRECIPITATION (IN)
  YESTERDAY        0.06          0.04   0.02      T
  MONTH TO DATE    0.39          1.08  -0.69     1.70
  SINCE JUN 1      0.39          1.08  -0.69     1.70
  SINCE JAN 1      8.80          5.60   3.20     5.93

DEGREE DAYS
 HEATING
  YESTERDAY        5             0      5        0
  MONTH TO DATE    7            38    -31        4
  SINCE JUN 1      7            38    -31        4
  SINCE JUL 1   4607          5533   -926     4880

 COOLING
  YESTERDAY        0             6     -6       10
  MONTH TO DATE  145            92     53      167
  SINCE JUN 1    145            92     53      167
  SINCE JAN 1    160           120     40      179
......................................................


WIND (MPH)
  HIGHEST WIND SPEED    20   HIGHEST WIND DIRECTION    NE (50)
  HIGHEST GUST SPEED    25   HIGHEST GUST DIRECTION    NE (50)
  AVERAGE WIND SPEED     7.4


SKY COVER
  POSSIBLE SUNSHINE  MM
  AVERAGE SKY COVER 0.7


WEATHER CONDITIONS
 THE FOLLOWING WEATHER WAS RECORDED YESTERDAY.
  RAIN
  LIGHT RAIN
  FOG
  HAZE


RELATIVE HUMIDITY (PERCENT)
 HIGHEST    87           800 AM
 LOWEST     48           600 PM
 AVERAGE    68

..........................................................




SUNRISE AND SUNSET
JUNE 24 2017..........SUNRISE   538 AM MDT   SUNSET   822 PM MDT
JUNE 25 2017..........SUNRISE   538 AM MDT   SUNSET   822 PM MDT


-  INDICATES NEGATIVE NUMBERS.
R  INDICATES RECORD WAS SET OR TIED.
MM INDICATES DATA IS MISSING.
T  INDICATES TRACE AMOUNT.




$$
