000
CDUS45 KPUB 231134
CLITAD


CLIMATE REPORT
NATIONAL WEATHER SERVICE PUEBLO
433 AM MST THU NOV 23 2017


...................................

...THE TRINIDAD CO CLIMATE SUMMARY FOR NOVEMBER 22 2017...

CLIMATE NORMAL PERIOD 1981 TO 2010
CLIMATE RECORD PERIOD 9999 TO 9999


WEATHER ITEM   OBSERVED TIME   NORMAL DEPARTURE LAST
                VALUE   (LST)  VALUE  FROM      YEAR
                                      NORMAL
......................................................
TEMPERATURE (F)
 YESTERDAY
  MAXIMUM         68    234 PM  53     15       51
  MINIMUM         36    719 AM  23     13       35
  AVERAGE         52            38     14       43

PRECIPITATION (IN)
  YESTERDAY        0.00          0.02  -0.02     0.08
  MONTH TO DATE    0.36          0.54  -0.18     0.31
  SINCE SEP 1      4.37          2.68   1.69     1.47
  SINCE JAN 1     20.57         13.14   7.43     7.70

DEGREE DAYS
 HEATING
  YESTERDAY       13            27    -14       22
  MONTH TO DATE  389           497   -108      317
  SINCE SEP 1    843           988   -145      536
  SINCE JUL 1    846           998   -152      543

 COOLING
  YESTERDAY        0             0      0        0
  MONTH TO DATE    0             0      0        0
  SINCE SEP 1    111            77     34      149
  SINCE JAN 1    796           719     77      564
......................................................


WIND (MPH)
  HIGHEST WIND SPEED    20   HIGHEST WIND DIRECTION     W (250)
  HIGHEST GUST SPEED    24   HIGHEST GUST DIRECTION     W (250)
  AVERAGE WIND SPEED    10.1


SKY COVER
  POSSIBLE SUNSHINE  MM
  AVERAGE SKY COVER 0.0


WEATHER CONDITIONS
 THE FOLLOWING WEATHER WAS RECORDED YESTERDAY.
  NO SIGNIFICANT WEATHER WAS OBSERVED.


RELATIVE HUMIDITY (PERCENT)
 HIGHEST    82          1200 AM
 LOWEST     19           100 PM
 AVERAGE    51

..........................................................




SUNRISE AND SUNSET
NOVEMBER 23 2017......SUNRISE   645 AM MST   SUNSET   442 PM MST
NOVEMBER 24 2017......SUNRISE   646 AM MST   SUNSET   442 PM MST


-  INDICATES NEGATIVE NUMBERS.
R  INDICATES RECORD WAS SET OR TIED.
MM INDICATES DATA IS MISSING.
T  INDICATES TRACE AMOUNT.




$$
