000
CDUS44 KBMX 190741
CLITCL


CLIMATE REPORT
NATIONAL WEATHER SERVICE BIRMINGHAM, AL
241 AM CDT THU OCT 19 2017


...................................

...THE TUSCALOOSA CLIMATE SUMMARY FOR OCTOBER 18 2017...

CLIMATE NORMAL PERIOD 1981 TO 2010
CLIMATE RECORD PERIOD 1948 TO 2017


WEATHER ITEM   OBSERVED TIME   RECORD YEAR NORMAL DEPARTURE LAST
                VALUE   (LST)  VALUE       VALUE  FROM      YEAR
                                                  NORMAL
..................................................................
TEMPERATURE (F)
 YESTERDAY
  MAXIMUM         75    317 PM  90    2016  76     -1       90
  MINIMUM         46    636 AM  30    1948  51     -5       64
  AVERAGE         61                        64     -3       77

PRECIPITATION (IN)
  YESTERDAY        0.00          1.49 1966   0.11  -0.11     0.00
  MONTH TO DATE    2.67                      2.05   0.62      T
  SINCE SEP 1      4.30                      5.57  -1.27     0.33
  SINCE JAN 1     52.59                     41.44  11.15    32.07

SNOWFALL (IN)
  YESTERDAY        0.0                       0.0    0.0
  MONTH TO DATE    0.0                       0.0    0.0
  SINCE SEP 1      0.0                       0.0    0.0
  SINCE JUL 1      0.0                       0.0    0.0

DEGREE DAYS
 HEATING
  YESTERDAY        4                         4      0
  MONTH TO DATE   11                        41    -30
  SINCE SEP 1     15                        48    -33
  SINCE JUL 1     15                        48    -33
..................................................................


WIND (MPH)
  HIGHEST WIND SPEED    14   HIGHEST WIND DIRECTION     E (110)
  HIGHEST GUST SPEED    19   HIGHEST GUST DIRECTION    SE (150)
  AVERAGE WIND SPEED     2.9


SKY COVER
  AVERAGE SKY COVER 0.0


WEATHER CONDITIONS
 THE FOLLOWING WEATHER WAS RECORDED YESTERDAY.
  FOG


RELATIVE HUMIDITY (PERCENT)
 HIGHEST   100          1200 AM
 LOWEST     35           200 PM
 AVERAGE    68

..........................................................


THE TUSCALOOSA CLIMATE NORMALS FOR TODAY
                         NORMAL    RECORD    YEAR
 MAXIMUM TEMPERATURE (F)   76        91      2016
 MINIMUM TEMPERATURE (F)   51        28      1948


SUNRISE AND SUNSET
OCTOBER 19 2017.......SUNRISE   658 AM CDT   SUNSET   612 PM CDT
OCTOBER 20 2017.......SUNRISE   659 AM CDT   SUNSET   611 PM CDT


-  INDICATES NEGATIVE NUMBERS.
R  INDICATES RECORD WAS SET OR TIED.
MM INDICATES DATA IS MISSING.
T  INDICATES TRACE AMOUNT.




$$
