000
CDUS44 KBMX 200952
CLITCL


CLIMATE REPORT
NATIONAL WEATHER SERVICE BIRMINGHAM, AL
452 AM CDT SAT SEP 20 2014


...................................

...THE TUSCALOOSA CLIMATE SUMMARY FOR SEPTEMBER 19 2014...

CLIMATE NORMAL PERIOD 1981 TO 2010
CLIMATE RECORD PERIOD 1948 TO 2014


WEATHER ITEM   OBSERVED TIME   RECORD YEAR NORMAL DEPARTURE LAST
                VALUE   (LST)  VALUE       VALUE  FROM      YEAR
                                                  NORMAL
..................................................................
TEMPERATURE (F)
 YESTERDAY
  MAXIMUM         92    238 PM 100    1954  86      6       91
  MINIMUM         69    635 AM  44    1981  63      6       69
  AVERAGE         81                        74      7       80

PRECIPITATION (IN)
  YESTERDAY        T             2.07 1953   0.11  -0.11     0.00
  MONTH TO DATE    1.24                      2.24  -1.00     0.08
  SINCE SEP 1      1.24                      2.24  -1.00     0.08
  SINCE JAN 1     34.90                     38.11  -3.21    38.90

DEGREE DAYS
 HEATING
  YESTERDAY        0                         0      0
  MONTH TO DATE    0                         0      0
  SINCE SEP 1      0                         0      0
  SINCE JUL 1      0                         0      0
..................................................................


WIND (MPH)
  HIGHEST WIND SPEED    10   HIGHEST WIND DIRECTION    NE (60)
  HIGHEST GUST SPEED    14   HIGHEST GUST DIRECTION     S (170)
  AVERAGE WIND SPEED     5.0


SKY COVER
  AVERAGE SKY COVER 0.1


WEATHER CONDITIONS
 THE FOLLOWING WEATHER WAS RECORDED YESTERDAY.
  LIGHT RAIN


RELATIVE HUMIDITY (PERCENT)
 HIGHEST    97           300 AM
 LOWEST     38           100 PM
 AVERAGE    68

..........................................................


THE TUSCALOOSA CLIMATE NORMALS FOR TODAY
                         NORMAL    RECORD    YEAR
 MAXIMUM TEMPERATURE (F)   86       100      2010
 MINIMUM TEMPERATURE (F)   62        46      1981


SUNRISE AND SUNSET
SEPTEMBER 20 2014.....SUNRISE   637 AM CDT   SUNSET   650 PM CDT
SEPTEMBER 21 2014.....SUNRISE   638 AM CDT   SUNSET   649 PM CDT


-  INDICATES NEGATIVE NUMBERS.
R  INDICATES RECORD WAS SET OR TIED.
MM INDICATES DATA IS MISSING.
T  INDICATES TRACE AMOUNT.




$$
