000
CDUS44 KBMX 230735
CLITCL


CLIMATE REPORT
NATIONAL WEATHER SERVICE BIRMINGHAM, AL
234 AM CDT TUE MAY 23 2017


...................................

...THE TUSCALOOSA CLIMATE SUMMARY FOR MAY 22 2017...

CLIMATE NORMAL PERIOD 1981 TO 2010
CLIMATE RECORD PERIOD 1948 TO 2017


WEATHER ITEM   OBSERVED TIME   RECORD YEAR NORMAL DEPARTURE LAST
                VALUE   (LST)  VALUE       VALUE  FROM      YEAR
                                                  NORMAL
..................................................................
TEMPERATURE (F)
 YESTERDAY
  MAXIMUM         81    138 PM  96    1970  85     -4       83
  MINIMUM         68   1030 PM  43    2002  62      6       55
  AVERAGE         75                        73      2       69

PRECIPITATION (IN)
  YESTERDAY        0.78          0.89 1980   0.13   0.65     0.00
  MONTH TO DATE    2.47                      2.82  -0.35     0.69
  SINCE MAR 1     13.76                     11.57   2.19    10.80
  SINCE JAN 1     24.97                     22.24   2.73    20.40

..................................................................


WIND (MPH)
  HIGHEST WIND SPEED    15   HIGHEST WIND DIRECTION    NW (320)
  HIGHEST GUST SPEED    21   HIGHEST GUST DIRECTION    NW (310)
  AVERAGE WIND SPEED     3.8


SKY COVER
  AVERAGE SKY COVER 0.7


WEATHER CONDITIONS
 THE FOLLOWING WEATHER WAS RECORDED YESTERDAY.
  HEAVY RAIN
  RAIN
  LIGHT RAIN
  FOG


RELATIVE HUMIDITY (PERCENT)
 HIGHEST   100          1200 AM
 LOWEST     62          1200 PM
 AVERAGE    81

..........................................................


THE TUSCALOOSA CLIMATE NORMALS FOR TODAY
                         NORMAL    RECORD    YEAR
 MAXIMUM TEMPERATURE (F)   85        96      1996
 MINIMUM TEMPERATURE (F)   62        48      2001


SUNRISE AND SUNSET
MAY 23 2017...........SUNRISE   546 AM CDT   SUNSET   749 PM CDT
MAY 24 2017...........SUNRISE   545 AM CDT   SUNSET   750 PM CDT


-  INDICATES NEGATIVE NUMBERS.
R  INDICATES RECORD WAS SET OR TIED.
MM INDICATES DATA IS MISSING.
T  INDICATES TRACE AMOUNT.




$$
