000
CDUS44 KBMX 200807
CLITCL


CLIMATE REPORT
NATIONAL WEATHER SERVICE BIRMINGHAM, AL
306 AM CDT SUN AUG 20 2017


...................................

...THE TUSCALOOSA CLIMATE SUMMARY FOR AUGUST 19 2017...

CLIMATE NORMAL PERIOD 1981 TO 2010
CLIMATE RECORD PERIOD 1948 TO 2017


WEATHER ITEM   OBSERVED TIME   RECORD YEAR NORMAL DEPARTURE LAST
                VALUE   (LST)  VALUE       VALUE  FROM      YEAR
                                                  NORMAL
..................................................................
TEMPERATURE (F)
 YESTERDAY
  MAXIMUM         93    110 PM 102    1995  92      1       86
  MINIMUM         72    306 AM  60    1967  71      1       72
  AVERAGE         83                        81      2       79

PRECIPITATION (IN)
  YESTERDAY        T             0.93 1966   0.10  -0.10     0.07
  MONTH TO DATE    5.85                      2.09   3.76     2.21
  SINCE JUN 1     21.68                     11.26  10.42    10.66
  SINCE JAN 1     47.67                     34.66  13.01    31.07

..................................................................


WIND (MPH)
  HIGHEST WIND SPEED    12   HIGHEST WIND DIRECTION     S (180)
  HIGHEST GUST SPEED    14   HIGHEST GUST DIRECTION    NE (30)
  AVERAGE WIND SPEED     1.8


SKY COVER
  AVERAGE SKY COVER 0.2


WEATHER CONDITIONS
 THE FOLLOWING WEATHER WAS RECORDED YESTERDAY.
  THUNDERSTORM
  LIGHT RAIN
  FOG


RELATIVE HUMIDITY (PERCENT)
 HIGHEST   100          1200 AM
 LOWEST     60           100 PM
 AVERAGE    80

..........................................................


THE TUSCALOOSA CLIMATE NORMALS FOR TODAY
                         NORMAL    RECORD    YEAR
 MAXIMUM TEMPERATURE (F)   92       101      2006
 MINIMUM TEMPERATURE (F)   71        60      1991
                                             1976


SUNRISE AND SUNSET
AUGUST 20 2017........SUNRISE   617 AM CDT   SUNSET   730 PM CDT
AUGUST 21 2017........SUNRISE   618 AM CDT   SUNSET   729 PM CDT


-  INDICATES NEGATIVE NUMBERS.
R  INDICATES RECORD WAS SET OR TIED.
MM INDICATES DATA IS MISSING.
T  INDICATES TRACE AMOUNT.




$$
