000
CDUS44 KBMX 010023
CLITCL


CLIMATE REPORT
NATIONAL WEATHER SERVICE BIRMINGHAM, AL
723 PM CDT MON AUG 31 2015


...................................

...THE TUSCALOOSA CLIMATE SUMMARY FOR AUGUST 31 2015...
VALID TODAY AS OF 0700 PM LOCAL TIME.

CLIMATE NORMAL PERIOD 1994 TO 1994
CLIMATE RECORD PERIOD 1994 TO 2015


WEATHER ITEM   OBSERVED TIME   RECORD YEAR NORMAL DEPARTURE LAST
                VALUE   (LST)  VALUE       VALUE  FROM      YEAR
                                                  NORMAL
..................................................................
TEMPERATURE (F)
 TODAY
  MAXIMUM         88    413 PM 104    1951  91     -3       92
  MINIMUM         66    228 AM  55    1968  69     -3       71
  AVERAGE         77                        80     -3       82

PRECIPITATION (IN)
  TODAY            0.00          2.14 1950   0.10  -0.10      T
  MONTH TO DATE    4.43                      3.30   1.13     2.55
  SINCE JUN 1      9.05                     12.47  -3.42     8.62
  SINCE JAN 1     34.63                     35.87  -1.24    33.66

DEGREE DAYS
 COOLING
  TODAY           12                        15     -3
  MONTH TO DATE  493                       505    -12
  SINCE JUN 1   1559                      1426    133
  SINCE JAN 1   1920                      1737    183
..................................................................


WIND (MPH)
  HIGHEST WIND SPEED    14   HIGHEST WIND DIRECTION     N (20)
  HIGHEST GUST SPEED    16   HIGHEST GUST DIRECTION     N (20)
  AVERAGE WIND SPEED     3.6


SKY COVER
  AVERAGE SKY COVER 0.4


WEATHER CONDITIONS
 THE FOLLOWING WEATHER WAS RECORDED TODAY.
  FOG
  HAZE


RELATIVE HUMIDITY (PERCENT)
 HIGHEST    97           600 AM
 LOWEST     46           500 PM
 AVERAGE    72

..........................................................


THE TUSCALOOSA CLIMATE NORMALS FOR TOMORROW
                         NORMAL    RECORD    YEAR
 MAXIMUM TEMPERATURE (F)   91       104      1951
 MINIMUM TEMPERATURE (F)   69        58      1968
                                             1954


SUNRISE AND SUNSET
AUGUST 31 2015........SUNRISE   624 AM CDT   SUNSET   717 PM CDT
SEPTEMBER  1 2015.....SUNRISE   625 AM CDT   SUNSET   716 PM CDT


-  INDICATES NEGATIVE NUMBERS.
R  INDICATES RECORD WAS SET OR TIED.
MM INDICATES DATA IS MISSING.
T  INDICATES TRACE AMOUNT.




$$
