000
CDUS42 KTAE 170630
CLITLH


CLIMATE REPORT
NATIONAL WEATHER SERVICE TALLAHASSEE FL
130 AM EST WED JAN 17 2018


...................................

...THE TALLAHASSEE CLIMATE SUMMARY FOR JANUARY 16 2018...

CLIMATE NORMAL PERIOD 1981 TO 2010
CLIMATE RECORD PERIOD 1896 TO 2018


WEATHER ITEM   OBSERVED TIME   RECORD YEAR NORMAL DEPARTURE LAST
                VALUE   (LST)  VALUE       VALUE  FROM      YEAR
                                                  NORMAL
..................................................................
TEMPERATURE (F)
 YESTERDAY
  MAXIMUM         66    400 PM  82    1928  63      3       77
  MINIMUM         28    615 AM  15    1927  39    -11       54
  AVERAGE         47                        51     -4       66

PRECIPITATION (IN)
  YESTERDAY        0.00          2.04 2010   0.14  -0.14     0.00
  MONTH TO DATE    1.07                      2.07  -1.00     4.51
  SINCE DEC 1      3.06                      5.97  -2.91     8.71
  SINCE JAN 1      1.07                      2.07  -1.00     4.51

SNOWFALL (IN)
  YESTERDAY        0.0                       0.0    0.0

DEGREE DAYS
 HEATING
  YESTERDAY       18                                4
  MONTH TO DATE  298                               74
  SINCE DEC 1    614                               11
  SINCE JUL 1    786                              -53

 COOLING
  YESTERDAY        0                                0
  MONTH TO DATE    8                                8
  SINCE DEC 1     38                               25
  SINCE JAN 1      8                                8
..................................................................


WIND (MPH)
  HIGHEST WIND SPEED     9   HIGHEST WIND DIRECTION    NW (330)
  HIGHEST GUST SPEED    12   HIGHEST GUST DIRECTION     N (340)
  AVERAGE WIND SPEED     2.1




RELATIVE HUMIDITY (PERCENT)
 HIGHEST    92
 LOWEST     31
 AVERAGE    62

..........................................................


THE TALLAHASSEE CLIMATE NORMALS FOR TODAY
                         NORMAL    RECORD    YEAR
 MAXIMUM TEMPERATURE (F)   63        82      1947
 MINIMUM TEMPERATURE (F)   39        17      1977


SUNRISE AND SUNSET
JANUARY 17 2018.......SUNRISE   734 AM EST   SUNSET   601 PM EST
JANUARY 18 2018.......SUNRISE   734 AM EST   SUNSET   602 PM EST


-  INDICATES NEGATIVE NUMBERS.
R  INDICATES RECORD WAS SET OR TIED.
MM INDICATES DATA IS MISSING.
T  INDICATES TRACE AMOUNT.




$$
