000
CDUS42 KTAE 130634
CLITLH


CLIMATE REPORT
NATIONAL WEATHER SERVICE TALLAHASSEE FL
234 AM EDT SUN JUL 13 2014


...................................

...THE TALLAHASSEE CLIMATE SUMMARY FOR JULY 12 2014...

CLIMATE NORMAL PERIOD 1981 TO 2010
CLIMATE RECORD PERIOD 1896 TO 2014


WEATHER ITEM   OBSERVED TIME   RECORD YEAR NORMAL DEPARTURE LAST
                VALUE   (LST)  VALUE       VALUE  FROM      YEAR
                                                  NORMAL
..................................................................
TEMPERATURE (F)
 YESTERDAY
  MAXIMUM         90   1153 AM 101    1932  92     -2
  MINIMUM         74    626 AM  63    1898  72      2
  AVERAGE         82                        82      0

PRECIPITATION (IN)
  YESTERDAY        T             4.88 1978   0.22  -0.22     0.47
  MONTH TO DATE    0.23                      2.78  -2.55     6.85
  SINCE JUN 1      4.63                     10.51  -5.88    14.17
  SINCE JAN 1     36.72                     32.17   4.55    36.56

SNOWFALL (IN)
  YESTERDAY        0.0                       0.0    0.0

DEGREE DAYS
 HEATING
  YESTERDAY        0                                0
  MONTH TO DATE    0                                0
  SINCE JUN 1      0                                0
  SINCE JUL 1      0                                0

 COOLING
  YESTERDAY       17                                0
  MONTH TO DATE  216                               12
  SINCE JUN 1    737                               76
  SINCE JAN 1   1226                              119
..................................................................


WIND (MPH)
  HIGHEST WIND SPEED    15   HIGHEST WIND DIRECTION     E (80)
  HIGHEST GUST SPEED    17   HIGHEST GUST DIRECTION    SW (220)
  AVERAGE WIND SPEED     4.9




RELATIVE HUMIDITY (PERCENT)
 HIGHEST    88
 LOWEST     52
 AVERAGE    70

..........................................................


THE TALLAHASSEE CLIMATE NORMALS FOR TODAY
                         NORMAL    RECORD    YEAR
 MAXIMUM TEMPERATURE (F)   92       103      1932
 MINIMUM TEMPERATURE (F)   72        67      1972


SUNRISE AND SUNSET
JULY 13 2014..........SUNRISE   645 AM EDT   SUNSET   842 PM EDT
JULY 14 2014..........SUNRISE   645 AM EDT   SUNSET   841 PM EDT


-  INDICATES NEGATIVE NUMBERS.
R  INDICATES RECORD WAS SET OR TIED.
MM INDICATES DATA IS MISSING.
T  INDICATES TRACE AMOUNT.




$$
