000
CDUS42 KTAE 030634
CLITLH


CLIMATE REPORT
NATIONAL WEATHER SERVICE TALLAHASSEE FL
133 AM EST SAT DEC 3 2016


...................................

...THE TALLAHASSEE CLIMATE SUMMARY FOR DECEMBER 2 2016...

CLIMATE NORMAL PERIOD 1981 TO 2010
CLIMATE RECORD PERIOD 1896 TO 2016


WEATHER ITEM   OBSERVED TIME   RECORD YEAR NORMAL DEPARTURE LAST
                VALUE   (LST)  VALUE       VALUE  FROM      YEAR
                                                  NORMAL
..................................................................
TEMPERATURE (F)
 YESTERDAY
  MAXIMUM         70    312 PM  83    1982  68      2       75
  MINIMUM         40    144 AM  22    1999  44     -4       59
  AVERAGE         55                        56     -1       67

PRECIPITATION (IN)
  YESTERDAY        0.00          5.34 2009   0.13  -0.13     0.85
  MONTH TO DATE    0.03                      0.26  -0.23     0.85
  SINCE DEC 1      0.03                      0.26  -0.23     0.85
  SINCE JAN 1     55.65                     55.59   0.06    50.46

SNOWFALL (IN)
  YESTERDAY        0.0                       0.0    0.0

DEGREE DAYS
 HEATING
  YESTERDAY       10                                0
  MONTH TO DATE   18                               -2
  SINCE DEC 1     18                               -2
  SINCE JUL 1    131                             -125

 COOLING
  YESTERDAY        0                               -1
  MONTH TO DATE    0                               -2
  SINCE DEC 1      0                               -2
  SINCE JAN 1   3263                              681
..................................................................


WIND (MPH)
  HIGHEST WIND SPEED    15   HIGHEST WIND DIRECTION     N (360)
  HIGHEST GUST SPEED    19   HIGHEST GUST DIRECTION     N (350)
  AVERAGE WIND SPEED     5.2




RELATIVE HUMIDITY (PERCENT)
 HIGHEST    93
 LOWEST     22
 AVERAGE    58

..........................................................


THE TALLAHASSEE CLIMATE NORMALS FOR TODAY
                         NORMAL    RECORD    YEAR
 MAXIMUM TEMPERATURE (F)   68        81      2014
                                             1982
 MINIMUM TEMPERATURE (F)   43        23      1988


SUNRISE AND SUNSET
DECEMBER  3 2016......SUNRISE   718 AM EST   SUNSET   536 PM EST
DECEMBER  4 2016......SUNRISE   719 AM EST   SUNSET   536 PM EST


-  INDICATES NEGATIVE NUMBERS.
R  INDICATES RECORD WAS SET OR TIED.
MM INDICATES DATA IS MISSING.
T  INDICATES TRACE AMOUNT.




$$
