000
CDUS42 KTAE 110636
CLITLH


CLIMATE REPORT
NATIONAL WEATHER SERVICE TALLAHASSEE FL
135 AM EST THU FEB 11 2016


...................................

...THE TALLAHASSEE CLIMATE SUMMARY FOR FEBRUARY 10 2016...

CLIMATE NORMAL PERIOD 1981 TO 2010
CLIMATE RECORD PERIOD 1896 TO 2016


WEATHER ITEM   OBSERVED TIME   RECORD YEAR NORMAL DEPARTURE LAST
                VALUE   (LST)  VALUE       VALUE  FROM      YEAR
                                                  NORMAL
..................................................................
TEMPERATURE (F)
 YESTERDAY
  MAXIMUM         52    458 PM  84    1957  67    -15       57
                                      1932
  MINIMUM         27    502 AM  14    1971  41    -14       39
  AVERAGE         40                        54    -14       48

PRECIPITATION (IN)
  YESTERDAY        0.00          2.22 1990   0.16  -0.16     0.00
  MONTH TO DATE    2.76                      1.59   1.17     2.10
  SINCE DEC 1     11.78                      9.83   1.95    15.64
  SINCE JAN 1      7.01                      5.93   1.08     6.86

SNOWFALL (IN)
  YESTERDAY        0.0                       0.0    0.0

DEGREE DAYS
 HEATING
  YESTERDAY       25                               14
  MONTH TO DATE  134                               12
  SINCE DEC 1    641                             -291
  SINCE JUL 1    686                             -482

 COOLING
  YESTERDAY        0                                0
  MONTH TO DATE    1                                1
  SINCE DEC 1    111                               93
  SINCE JAN 1      1                               -4
..................................................................


WIND (MPH)
  HIGHEST WIND SPEED    21   HIGHEST WIND DIRECTION     W (270)
  HIGHEST GUST SPEED    27   HIGHEST GUST DIRECTION     W (280)
  AVERAGE WIND SPEED     8.0




RELATIVE HUMIDITY (PERCENT)
 HIGHEST    75
 LOWEST     17
 AVERAGE    46

..........................................................


THE TALLAHASSEE CLIMATE NORMALS FOR TODAY
                         NORMAL    RECORD    YEAR
 MAXIMUM TEMPERATURE (F)   67        82      1932
 MINIMUM TEMPERATURE (F)   41        17      1971


SUNRISE AND SUNSET
FEBRUARY 11 2016......SUNRISE   722 AM EST   SUNSET   622 PM EST
FEBRUARY 12 2016......SUNRISE   721 AM EST   SUNSET   623 PM EST


-  INDICATES NEGATIVE NUMBERS.
R  INDICATES RECORD WAS SET OR TIED.
MM INDICATES DATA IS MISSING.
T  INDICATES TRACE AMOUNT.




$$
