000
CDUS42 KTAE 240631
CLITLH


CLIMATE REPORT
NATIONAL WEATHER SERVICE TALLAHASSEE FL
231 AM EDT TUE OCT 24 2017


...................................

...THE TALLAHASSEE CLIMATE SUMMARY FOR OCTOBER 23 2017...

CLIMATE NORMAL PERIOD 1981 TO 2010
CLIMATE RECORD PERIOD 1896 TO 2017


WEATHER ITEM   OBSERVED TIME   RECORD YEAR NORMAL DEPARTURE LAST
                VALUE   (LST)  VALUE       VALUE  FROM      YEAR
                                                  NORMAL
..................................................................
TEMPERATURE (F)
 YESTERDAY
  MAXIMUM         85    335 PM  90    1918  80      5       79
  MINIMUM         62   1159 PM  37    1988  55      7       40
  AVERAGE         74                        67      7       60

PRECIPITATION (IN)
  YESTERDAY        0.76          3.18 1896   0.09   0.67     0.00
  MONTH TO DATE    2.86                      2.46   0.40     0.16
  SINCE SEP 1      6.29                      7.15  -0.86     7.82
  SINCE JAN 1     51.56                     51.06   0.50    55.13

SNOWFALL (IN)
  YESTERDAY        0.0                       0.0    0.0

DEGREE DAYS
 HEATING
  YESTERDAY        0                               -2
  MONTH TO DATE    0                              -24
  SINCE SEP 1      1                              -24
  SINCE JUL 1      1                              -24

 COOLING
  YESTERDAY        9                                5
  MONTH TO DATE  301                              147
  SINCE SEP 1    718                              165
  SINCE JAN 1   2896                              390
..................................................................


WIND (MPH)
  HIGHEST WIND SPEED    25   HIGHEST WIND DIRECTION     S (160)
  HIGHEST GUST SPEED    34   HIGHEST GUST DIRECTION     S (160)
  AVERAGE WIND SPEED     9.2




RELATIVE HUMIDITY (PERCENT)
 HIGHEST   100
 LOWEST     47
 AVERAGE    74

..........................................................


THE TALLAHASSEE CLIMATE NORMALS FOR TODAY
                         NORMAL    RECORD    YEAR
 MAXIMUM TEMPERATURE (F)   79        91      1941
 MINIMUM TEMPERATURE (F)   54        34      1996
                                             1937


SUNRISE AND SUNSET
OCTOBER 24 2017.......SUNRISE   746 AM EDT   SUNSET   657 PM EDT
OCTOBER 25 2017.......SUNRISE   747 AM EDT   SUNSET   656 PM EDT


-  INDICATES NEGATIVE NUMBERS.
R  INDICATES RECORD WAS SET OR TIED.
MM INDICATES DATA IS MISSING.
T  INDICATES TRACE AMOUNT.




$$
