826
CDUS44 KBMX 250734
CLITOI


CLIMATE REPORT
NATIONAL WEATHER SERVICE BIRMINGHAM, AL
234 AM CDT THU MAY 25 2017


...................................

...THE TROY CLIMATE SUMMARY FOR MAY 24 2017...

CLIMATE NORMAL PERIOD 1981 TO 2010
CLIMATE RECORD PERIOD 9999 TO 9999


WEATHER ITEM   OBSERVED TIME   RECORD YEAR NORMAL DEPARTURE LAST
                VALUE   (LST)  VALUE       VALUE  FROM      YEAR
                                                  NORMAL
..................................................................
TEMPERATURE (F)
 YESTERDAY
  MAXIMUM         79    104 PM  MM      MM  86     -7       89
  MINIMUM         60   1159 PM  MM      MM  61     -1       57
  AVERAGE         70                        73     -3       73

PRECIPITATION (IN)
  YESTERDAY        T                         0.15  -0.15     0.00
  MONTH TO DATE    7.75                      2.36   5.39     2.40
  SINCE MAR 1     13.67                     12.38   1.29    12.98
  SINCE JAN 1     32.30                     21.51  10.79    19.33

DEGREE DAYS
 COOLING
  YESTERDAY        5                         9     -4        8
  MONTH TO DATE  140                       144     -4      154
  SINCE MAR 1    322                       216    106      313
  SINCE JAN 1    344                       221    123      320
..................................................................


WIND (MPH)
  HIGHEST WIND SPEED    18   HIGHEST WIND DIRECTION     W (260)
  HIGHEST GUST SPEED    27   HIGHEST GUST DIRECTION     W (270)
  AVERAGE WIND SPEED     8.0


SKY COVER
  AVERAGE SKY COVER 0.7


WEATHER CONDITIONS
 THE FOLLOWING WEATHER WAS RECORDED YESTERDAY.
  LIGHT RAIN
  FOG
  FOG W/VISIBILITY <= 1/4 MILE


RELATIVE HUMIDITY (PERCENT)
 HIGHEST   100           100 AM
 LOWEST     47           300 PM
 AVERAGE    74

..........................................................


THE TROY CLIMATE NORMALS FOR TODAY
                         NORMAL    RECORD    YEAR
 MAXIMUM TEMPERATURE (F)   86        MM        MM
 MINIMUM TEMPERATURE (F)   61        MM        MM


SUNRISE AND SUNSET
MAY 25 2017...........SUNRISE   541 AM CDT   SUNSET   741 PM CDT
MAY 26 2017...........SUNRISE   541 AM CDT   SUNSET   742 PM CDT


-  INDICATES NEGATIVE NUMBERS.
R  INDICATES RECORD WAS SET OR TIED.
MM INDICATES DATA IS MISSING.
T  INDICATES TRACE AMOUNT.




$$
