000
CDUS44 KBMX 252141
CLITOI


CLIMATE REPORT
NATIONAL WEATHER SERVICE BIRMINGHAM, AL
441 PM CDT MON SEP 25 2017


...................................

...THE TROY CLIMATE SUMMARY FOR SEPTEMBER 25 2017...
VALID TODAY AS OF 0400 PM LOCAL TIME.

CLIMATE NORMAL PERIOD 1981 TO 2010
CLIMATE RECORD PERIOD 9999 TO 9999


WEATHER ITEM   OBSERVED TIME   RECORD YEAR NORMAL DEPARTURE LAST
                VALUE   (LST)  VALUE       VALUE  FROM      YEAR
                                                  NORMAL
..................................................................
TEMPERATURE (F)
 TODAY
  MAXIMUM         88   1239 PM  MM      MM  84      4       94
  MINIMUM         67   1242 AM  MM      MM  61      6       66
  AVERAGE         78                        72      6       80

PRECIPITATION (IN)
  TODAY            T                         0.12  -0.12      T
  MONTH TO DATE    3.33                      3.38  -0.05     1.48
  SINCE SEP 1      3.33                      3.38  -0.05     1.48
  SINCE JAN 1     58.13                     41.33  16.80    34.22

DEGREE DAYS
 HEATING
  TODAY            0                         0      0        0
  MONTH TO DATE    4                         0      4        0
  SINCE SEP 1      4                         0      4        0
  SINCE JUL 1      4                         0      4        0

 COOLING
  TODAY           13                         8      5       15
  MONTH TO DATE  240                       281    -41      372
  SINCE SEP 1    240                       281    -41      372
  SINCE JAN 1   1948                      1915     33     2278
..................................................................


WIND (MPH)
  HIGHEST WIND SPEED    14   HIGHEST WIND DIRECTION    NE (40)
  HIGHEST GUST SPEED    19   HIGHEST GUST DIRECTION    NE (30)
  AVERAGE WIND SPEED     4.7


SKY COVER
  AVERAGE SKY COVER 0.5


WEATHER CONDITIONS
 THE FOLLOWING WEATHER WAS RECORDED TODAY.
  NO SIGNIFICANT WEATHER WAS OBSERVED.


RELATIVE HUMIDITY (PERCENT)
 HIGHEST    97          1200 AM
 LOWEST     57          1100 AM
 AVERAGE    77

..........................................................


THE TROY CLIMATE NORMALS FOR TOMORROW
                         NORMAL    RECORD    YEAR
 MAXIMUM TEMPERATURE (F)   84        MM        MM
 MINIMUM TEMPERATURE (F)   60        MM        MM


SUNRISE AND SUNSET
SEPTEMBER 25 2017.....SUNRISE   634 AM CDT   SUNSET   636 PM CDT
SEPTEMBER 26 2017.....SUNRISE   635 AM CDT   SUNSET   635 PM CDT


-  INDICATES NEGATIVE NUMBERS.
R  INDICATES RECORD WAS SET OR TIED.
MM INDICATES DATA IS MISSING.
T  INDICATES TRACE AMOUNT.




$$
