000
CDUS44 KBMX 300708
CLITOI


CLIMATE REPORT
NATIONAL WEATHER SERVICE BIRMINGHAM, AL
207 AM CDT TUE JUN 30 2015


...................................

...THE TROY CLIMATE SUMMARY FOR JUNE 29 2015...

CLIMATE NORMAL PERIOD 1981 TO 2010
CLIMATE RECORD PERIOD 9999 TO 9999


WEATHER ITEM   OBSERVED TIME   RECORD YEAR NORMAL DEPARTURE LAST
                VALUE   (LST)  VALUE       VALUE  FROM      YEAR
                                                  NORMAL
..................................................................
TEMPERATURE (F)
 YESTERDAY
  MAXIMUM         90    231 PM  MM      MM  91     -1       93
  MINIMUM         63    437 AM  MM      MM  69     -6       71
  AVERAGE         77                        80     -3       82

PRECIPITATION (IN)
  YESTERDAY        0.00                      0.16  -0.16     0.00
  MONTH TO DATE    4.11                      4.68  -0.57     2.79
  SINCE JUN 1      4.11                      4.68  -0.57     2.79
  SINCE JAN 1     23.93                     27.51  -3.58    32.85

DEGREE DAYS
 COOLING
  YESTERDAY       12                        15     -3       17
  MONTH TO DATE  445                       373     72      415
  SINCE JUN 1    445                       373     72      415
  SINCE JAN 1    928                       660    268      737
..................................................................


WIND (MPH)
  HIGHEST WIND SPEED    13   HIGHEST WIND DIRECTION    SW (230)
  HIGHEST GUST SPEED    25   HIGHEST GUST DIRECTION    SW (240)
  AVERAGE WIND SPEED     2.8


SKY COVER
  AVERAGE SKY COVER 0.2


WEATHER CONDITIONS
 THE FOLLOWING WEATHER WAS RECORDED YESTERDAY.
  FOG


RELATIVE HUMIDITY (PERCENT)
 HIGHEST   100           300 AM
 LOWEST     41           200 PM
 AVERAGE    71

..........................................................


THE TROY CLIMATE NORMALS FOR TODAY
                         NORMAL    RECORD    YEAR
 MAXIMUM TEMPERATURE (F)   91        MM        MM
 MINIMUM TEMPERATURE (F)   69        MM        MM


SUNRISE AND SUNSET
JUNE 30 2015..........SUNRISE   541 AM CDT   SUNSET   754 PM CDT
JULY  1 2015..........SUNRISE   542 AM CDT   SUNSET   754 PM CDT


-  INDICATES NEGATIVE NUMBERS.
R  INDICATES RECORD WAS SET OR TIED.
MM INDICATES DATA IS MISSING.
T  INDICATES TRACE AMOUNT.




$$
