000
CDUS44 KBMX 290726
CLITOI


CLIMATE REPORT
NATIONAL WEATHER SERVICE BIRMINGHAM, AL
125 AM CST THU JAN 29 2015


...................................

...THE TROY CLIMATE SUMMARY FOR JANUARY 28 2015...

CLIMATE NORMAL PERIOD 1981 TO 2010
CLIMATE RECORD PERIOD 9999 TO 9999


WEATHER ITEM   OBSERVED TIME   RECORD YEAR NORMAL DEPARTURE LAST
                VALUE   (LST)  VALUE       VALUE  FROM      YEAR
                                                  NORMAL
..................................................................
TEMPERATURE (F)
 YESTERDAY
  MAXIMUM         61    352 PM  MM      MM  59      2       39
  MINIMUM         28    707 AM  MM      MM  35     -7       23
  AVERAGE         45                        47     -2       31

PRECIPITATION (IN)
  YESTERDAY        0.00                      0.16  -0.16     0.34
  MONTH TO DATE    3.22                      4.07  -0.85     3.20
  SINCE DEC 1      8.35                      8.91  -0.56     9.31
  SINCE JAN 1      3.22                      4.07  -0.85     3.20

SNOWFALL (IN)
  YESTERDAY        0.0                      MM     MM        0.3
  MONTH TO DATE    0.0                      MM     MM        0.3
  SINCE DEC 1      0.0                      MM     MM        0.3
  SINCE JUL 1      0.0                      MM     MM        0.3
  SNOW DEPTH       0

DEGREE DAYS
 HEATING
  YESTERDAY       20                        18      2       34
  MONTH TO DATE  487                       524    -37      661
  SINCE DEC 1    889                      1048   -159     1089
  SINCE JUL 1   1407                      1441    -34     1442
..................................................................


WIND (MPH)
  HIGHEST WIND SPEED    12   HIGHEST WIND DIRECTION    NE (40)
  HIGHEST GUST SPEED    14   HIGHEST GUST DIRECTION    NE (40)
  AVERAGE WIND SPEED     2.0


SKY COVER
  AVERAGE SKY COVER 0.0


WEATHER CONDITIONS
 THE FOLLOWING WEATHER WAS RECORDED YESTERDAY.
  FOG


RELATIVE HUMIDITY (PERCENT)
 HIGHEST    92           100 AM
 LOWEST     27           300 PM
 AVERAGE    60

..........................................................


THE TROY CLIMATE NORMALS FOR TODAY
                         NORMAL    RECORD    YEAR
 MAXIMUM TEMPERATURE (F)   59        MM        MM
 MINIMUM TEMPERATURE (F)   35        MM        MM


SUNRISE AND SUNSET
JANUARY 29 2015.......SUNRISE   639 AM CST   SUNSET   515 PM CST
JANUARY 30 2015.......SUNRISE   639 AM CST   SUNSET   516 PM CST


-  INDICATES NEGATIVE NUMBERS.
R  INDICATES RECORD WAS SET OR TIED.
MM INDICATES DATA IS MISSING.
T  INDICATES TRACE AMOUNT.




$$
