000
CDUS41 KCLE 222215
CLITOL


CLIMATE REPORT
NATIONAL WEATHER SERVICE CLEVELAND OH
513 PM EST MON JAN 22 2018


...................................

...THE TOLEDO OH CLIMATE SUMMARY FOR JANUARY 22 2018...
VALID TODAY AS OF 0500 PM LOCAL TIME.

CLIMATE NORMAL PERIOD 1981 TO 2010
CLIMATE RECORD PERIOD 1873 TO 2018


WEATHER ITEM   OBSERVED TIME   RECORD YEAR NORMAL DEPARTURE LAST
                VALUE   (LST)  VALUE       VALUE  FROM      YEAR
                                                  NORMAL
..................................................................
TEMPERATURE (F)
 TODAY
  MAXIMUM         58   1236 PM  65    1933  33     25       62
  MINIMUM         44    131 AM -12    1936  18     26       37
  AVERAGE         51                        25     26       50

PRECIPITATION (IN)
  TODAY            0.11                      0.06   0.05     0.04
  MONTH TO DATE    0.97                      1.50  -0.53     3.73
  SINCE DEC 1      2.09                      4.18  -2.09     6.21
  SINCE JAN 1      0.97                      1.50  -0.53     3.73

SNOWFALL (IN)
  TODAY            0.0                       0.4   -0.4      0.0
  MONTH TO DATE    5.3                       8.1   -2.8      1.1
  SINCE DEC 1     19.2                      15.5    3.7     14.3
  SINCE JUL 1     19.2                      17.6    1.6     14.3
  SNOW DEPTH       0

DEGREE DAYS
 HEATING
  TODAY           14                        40    -26       15
  MONTH TO DATE  949                       871     78      745
  SINCE DEC 1   2136                      1963    173     1903
  SINCE JUL 1   3184                      3196    -12     2827

 COOLING
  TODAY            0                         0      0        0
  MONTH TO DATE    0                         0      0        0
  SINCE DEC 1      0                         0      0        0
  SINCE JAN 1      0                         0      0        0
..................................................................


WIND (MPH)
  HIGHEST WIND SPEED    22   HIGHEST WIND DIRECTION     S (200)
  HIGHEST GUST SPEED    31   HIGHEST GUST DIRECTION     S (200)


SKY COVER
  POSSIBLE SUNSHINE  MM
  AVERAGE SKY COVER 0.9


WEATHER CONDITIONS
 THE FOLLOWING WEATHER WAS RECORDED TODAY.
  LIGHT RAIN
  FOG


RELATIVE HUMIDITY (PERCENT)
 HIGHEST   100          1200 AM
 LOWEST     72          1200 PM
 AVERAGE    86

..........................................................


THE TOLEDO OH CLIMATE NORMALS FOR TOMORROW
                         NORMAL    RECORD    YEAR
 MAXIMUM TEMPERATURE (F)   33        66      1909
 MINIMUM TEMPERATURE (F)   18       -17      1963


SUNRISE AND SUNSET
JANUARY 22 2018.......SUNRISE   756 AM EST   SUNSET   538 PM EST
JANUARY 23 2018.......SUNRISE   755 AM EST   SUNSET   540 PM EST


-  INDICATES NEGATIVE NUMBERS.
R  INDICATES RECORD WAS SET OR TIED.
MM INDICATES DATA IS MISSING.
T  INDICATES TRACE AMOUNT.




$$
