000
CDUS43 KTOP 220633
CLITOP


CLIMATE REPORT
NATIONAL WEATHER SERVICE TOPEKA KS
1232 AM CST WED NOV 22 2017


...................................

...THE TOPEKA KS CLIMATE SUMMARY FOR NOVEMBER 21 2017...

CLIMATE NORMAL PERIOD 1981 TO 2010
CLIMATE RECORD PERIOD 1887 TO 2017


WEATHER ITEM   OBSERVED TIME   RECORD YEAR NORMAL DEPARTURE LAST
                VALUE   (LST)  VALUE       VALUE  FROM      YEAR
                                                  NORMAL
..................................................................
TEMPERATURE (F)
 YESTERDAY
  MAXIMUM         54    105 AM  75    2012  52      2       56
  MINIMUM         25   1159 PM   7    1937  30     -5       31
  AVERAGE         40                        41     -1       44

PRECIPITATION (IN)
  YESTERDAY        0.00          1.02 1934   0.05  -0.05     0.00
  MONTH TO DATE    0.10                      1.36  -1.26     0.06
  SINCE SEP 1      4.82                      8.05  -3.23     9.16
  SINCE JAN 1     38.29                     34.62   3.67    42.05

SNOWFALL (IN)
  YESTERDAY        0.0           4.0  1898   0.0    0.0      0.0
  MONTH TO DATE    T                         0.4   -0.4      0.0
  SINCE JAN 1      3.9                      12.0   -8.1      3.7
  SINCE JUL 1      0.4                       0.7   -0.3       T
  SNOW DEPTH       0

DEGREE DAYS
 HEATING
  YESTERDAY       25                        24      1       21
  MONTH TO DATE  432                       397     35      252
  SINCE SEP 1    687                       751    -64      408
  SINCE JUL 1    687                       753    -66      408

 COOLING
  YESTERDAY        0                         0      0        0
  MONTH TO DATE    0                         0      0       13
  SINCE SEP 1    283                       192     91      310
  SINCE JAN 1   1473                      1420     53     1711
..................................................................


WIND (MPH)
  HIGHEST WIND SPEED    31   HIGHEST WIND DIRECTION     N (350)
  HIGHEST GUST SPEED    40   HIGHEST GUST DIRECTION     N (350)
  AVERAGE WIND SPEED    11.9


SKY COVER
  AVERAGE SKY COVER 0.1


WEATHER CONDITIONS
 THE FOLLOWING WEATHER WAS RECORDED YESTERDAY.
  NO SIGNIFICANT WEATHER WAS OBSERVED.


RELATIVE HUMIDITY (PERCENT)
 HIGHEST    65           600 AM
 LOWEST     21           200 PM
 AVERAGE    43

..........................................................


THE TOPEKA KS CLIMATE NORMALS FOR TODAY
                         NORMAL    RECORD    YEAR
 MAXIMUM TEMPERATURE (F)   51        76      1966
                                             1904
 MINIMUM TEMPERATURE (F)   30         7      1898


SUNRISE AND SUNSET
NOVEMBER 22 2017......SUNRISE   714 AM CST   SUNSET   504 PM CST
NOVEMBER 23 2017......SUNRISE   715 AM CST   SUNSET   503 PM CST


-  INDICATES NEGATIVE NUMBERS.
R  INDICATES RECORD WAS SET OR TIED.
MM INDICATES DATA IS MISSING.
T  INDICATES TRACE AMOUNT.




$$
