000
CDUS43 KTOP 280633
CLITOP


CLIMATE REPORT
NATIONAL WEATHER SERVICE TOPEKA KS
133 AM CDT THU JUL 28 2016


...................................

...THE TOPEKA KS CLIMATE SUMMARY FOR JULY 27 2016...

CLIMATE NORMAL PERIOD 1981 TO 2010
CLIMATE RECORD PERIOD 1887 TO 2016


WEATHER ITEM   OBSERVED TIME   RECORD YEAR NORMAL DEPARTURE LAST
                VALUE   (LST)  VALUE       VALUE  FROM      YEAR
                                                  NORMAL
..................................................................
TEMPERATURE (F)
 YESTERDAY
  MAXIMUM         93    402 PM 109    1936  90      3       95
  MINIMUM         67    559 AM  54    2005  69     -2       76
                                      1971
  AVERAGE         80                        79      1       86

PRECIPITATION (IN)
  YESTERDAY        0.00          2.14 1981   0.11  -0.11      T
  MONTH TO DATE    4.54                      3.37   1.17     7.24
  SINCE JUN 1      6.93                      8.77  -1.84    13.46
  SINCE JAN 1     26.24                     21.88   4.36    28.05

SNOWFALL (IN)
  YESTERDAY        0.0           T    1951   0.0    0.0      0.0
  MONTH TO DATE    T                         0.0    0.0      0.0
  SINCE JAN 1      3.7                      11.3   -7.6      7.9
  SINCE JUL 1      T                         0.0    0.0      0.0
  SNOW DEPTH       0

DEGREE DAYS
 HEATING
  YESTERDAY        0                         0      0        0
  MONTH TO DATE    0                         0      0        0
  SINCE JUN 1      0                         8     -8        0
  SINCE JUL 1      0                         0      0        0

 COOLING
  YESTERDAY       15                        14      1       21
  MONTH TO DATE  424                       373     51      388
  SINCE JUN 1    863                       657    206      756
  SINCE JAN 1    955                       783    172      838
..................................................................


WIND (MPH)
  HIGHEST WIND SPEED    17   HIGHEST WIND DIRECTION    SE (120)
  HIGHEST GUST SPEED    20   HIGHEST GUST DIRECTION    SE (130)
  AVERAGE WIND SPEED     3.0


SKY COVER
  AVERAGE SKY COVER 0.1


WEATHER CONDITIONS
 THE FOLLOWING WEATHER WAS RECORDED YESTERDAY.
  NO SIGNIFICANT WEATHER WAS OBSERVED.


RELATIVE HUMIDITY (PERCENT)
 HIGHEST    93          1200 AM
 LOWEST     41           500 PM
 AVERAGE    67

..........................................................


THE TOPEKA KS CLIMATE NORMALS FOR TODAY
                         NORMAL    RECORD    YEAR
 MAXIMUM TEMPERATURE (F)   90       106      1980
 MINIMUM TEMPERATURE (F)   68        52      2005


SUNRISE AND SUNSET
JULY 28 2016..........SUNRISE   620 AM CDT   SUNSET   837 PM CDT
JULY 29 2016..........SUNRISE   621 AM CDT   SUNSET   836 PM CDT


-  INDICATES NEGATIVE NUMBERS.
R  INDICATES RECORD WAS SET OR TIED.
MM INDICATES DATA IS MISSING.
T  INDICATES TRACE AMOUNT.




$$
