000
CDUS43 KTOP 030641
CLITOP


CLIMATE REPORT
NATIONAL WEATHER SERVICE TOPEKA KS
140 AM CDT MON AUG 3 2015


...................................

...THE TOPEKA KS CLIMATE SUMMARY FOR AUGUST 2 2015...

CLIMATE NORMAL PERIOD 1981 TO 2010
CLIMATE RECORD PERIOD 1887 TO 2015


WEATHER ITEM   OBSERVED TIME   RECORD YEAR NORMAL DEPARTURE LAST
                VALUE   (LST)  VALUE       VALUE  FROM      YEAR
                                                  NORMAL
..................................................................
TEMPERATURE (F)
 YESTERDAY
  MAXIMUM         93    420 PM 112    2011  90      3       92
  MINIMUM         71    221 AM  54    1889  68      3       66
  AVERAGE         82                        79      3       79

PRECIPITATION (IN)
  YESTERDAY        0.00          4.59 1903   0.13  -0.13     0.00
  MONTH TO DATE    0.00                      0.26  -0.26     0.06
  SINCE JUN 1     15.55                      9.48   6.07     7.24
  SINCE JAN 1     30.14                     22.59   7.55    14.71

SNOWFALL (IN)
  YESTERDAY        0.0           T    1994   0.0    0.0      0.0
  MONTH TO DATE    0.0                       0.0    0.0      0.0
  SINCE JAN 1      7.9                      11.3   -3.4     23.1
  SINCE JUL 1      0.0                       0.0    0.0      0.0
  SNOW DEPTH       0

DEGREE DAYS
 HEATING
  YESTERDAY        0                         0      0        0
  MONTH TO DATE    0                         0      0        0
  SINCE JUN 1      0                         8     -8        0
  SINCE JUL 1      0                         0      0        0

 COOLING
  YESTERDAY       17                        14      3       14
  MONTH TO DATE   34                        28      6       27
  SINCE JUN 1    848                       744    104      733
  SINCE JAN 1    930                       870     60      950
..................................................................


WIND (MPH)
  HIGHEST WIND SPEED    16   HIGHEST WIND DIRECTION    SW (220)
  HIGHEST GUST SPEED    23   HIGHEST GUST DIRECTION    SW (210)
  AVERAGE WIND SPEED     7.1


SKY COVER
  AVERAGE SKY COVER 0.0


WEATHER CONDITIONS
 THE FOLLOWING WEATHER WAS RECORDED YESTERDAY.
  NO SIGNIFICANT WEATHER WAS OBSERVED.


RELATIVE HUMIDITY (PERCENT)
 HIGHEST    87           100 AM
 LOWEST     49           100 PM
 AVERAGE    68

..........................................................


THE TOPEKA KS CLIMATE NORMALS FOR TODAY
                         NORMAL    RECORD    YEAR
 MAXIMUM TEMPERATURE (F)   90       110      1930
 MINIMUM TEMPERATURE (F)   68        49      1976


SUNRISE AND SUNSET
AUGUST  3 2015........SUNRISE   625 AM CDT   SUNSET   832 PM CDT
AUGUST  4 2015........SUNRISE   626 AM CDT   SUNSET   831 PM CDT


-  INDICATES NEGATIVE NUMBERS.
R  INDICATES RECORD WAS SET OR TIED.
MM INDICATES DATA IS MISSING.
T  INDICATES TRACE AMOUNT.




$$
