000
CDUS45 KCYS 230732
CLITOR


CLIMATE REPORT
NATIONAL WEATHER SERVICE CHEYENNE WY
130 AM MDT SAT MAY 23 2015


...................................

...THE TORRINGTON WY AIRPORT CLIMATE SUMMARY FOR MAY 22 2015...

CLIMATE NORMAL PERIOD 1981 TO 2010
CLIMATE RECORD PERIOD 1998 TO 2015


WEATHER ITEM   OBSERVED TIME   RECORD YEAR NORMAL DEPARTURE LAST
                VALUE   (LST)  VALUE       VALUE  FROM      YEAR
                                                  NORMAL
..................................................................
TEMPERATURE (F)
 YESTERDAY
  MAXIMUM         50    156 PM  95    2012  73    -23       74
  MINIMUM         44   1135 PM  36    2013  44      0       50
  AVERAGE         47                        58    -11       62

PRECIPITATION (IN)
  YESTERDAY        0.13          0.58 2008   0.10   0.03     0.04
  MONTH TO DATE    4.52                      1.50   3.02     4.83
  SINCE JAN 1      8.62                      4.51   4.11     7.57

DEGREE DAYS
 HEATING
  YESTERDAY       18                         7     11        3
  MONTH TO DATE  326                       224    102      293
  SINCE MAR 1   1484                      1612   -128     1687
  SINCE JUL 1   6198                      6456   -258     6802

 COOLING
  YESTERDAY        0                         0      0        0
  MONTH TO DATE    0                         0      0        0
  SINCE MAR 1      0                         1     -1        0
  SINCE JAN 1      0                         1     -1        0
..................................................................


WIND (MPH)
  HIGHEST WIND SPEED    21   HIGHEST WIND DIRECTION    SE (120)
  HIGHEST GUST SPEED    25   HIGHEST GUST DIRECTION    SE (120)
  AVERAGE WIND SPEED    14.2


SKY COVER
  AVERAGE SKY COVER 1.0


WEATHER CONDITIONS
 THE FOLLOWING WEATHER WAS RECORDED YESTERDAY.
  LIGHT RAIN
  FOG


RELATIVE HUMIDITY (PERCENT)
 HIGHEST   100          1000 PM
 LOWEST     80          1200 AM
 AVERAGE    90

..........................................................


THE TORRINGTON WY AIRPORT CLIMATE NORMALS FOR TODAY
                         NORMAL    RECORD    YEAR
 MAXIMUM TEMPERATURE (F)   73        86      2003
 MINIMUM TEMPERATURE (F)   44        35      2002


SUNRISE AND SUNSET
MAY 23 2015...........SUNRISE   529 AM MDT   SUNSET   818 PM MDT
MAY 24 2015...........SUNRISE   528 AM MDT   SUNSET   819 PM MDT


-  INDICATES NEGATIVE NUMBERS.
R  INDICATES RECORD WAS SET OR TIED.
MM INDICATES DATA IS MISSING.
T  INDICATES TRACE AMOUNT.




$$
