000
CDUS45 KCYS 030727
CLITOR


CLIMATE REPORT
NATIONAL WEATHER SERVICE CHEYENNE WY
1226 AM MST SAT DEC 3 2016


...................................

...THE TORRINGTON WY AIRPORT CLIMATE SUMMARY FOR DECEMBER 2 2016...

CLIMATE NORMAL PERIOD 1981 TO 2010
CLIMATE RECORD PERIOD 1998 TO 2016


WEATHER ITEM   OBSERVED TIME   RECORD YEAR NORMAL DEPARTURE LAST
                VALUE   (LST)  VALUE       VALUE  FROM      YEAR
                                                  NORMAL
..................................................................
TEMPERATURE (F)
 YESTERDAY
  MAXIMUM         40   1244 PM  70    2012  42     -2       48
  MINIMUM         14    739 AM   0    2007  16     -2       18
  AVERAGE         27                        29     -2       33

PRECIPITATION (IN)
  YESTERDAY        0.00          0.02 2008   0.02  -0.02     0.00
  MONTH TO DATE    0.00                      0.03  -0.03     0.00
  SINCE JAN 1     11.19                     13.87  -2.68    17.55

DEGREE DAYS
 HEATING
  YESTERDAY       38                        36      2       32
  MONTH TO DATE   78                        72      6       66
  SINCE DEC 1     78                        72      6       66
  SINCE JUL 1   1205                      1655   -450     1357

 COOLING
  YESTERDAY        0                         0      0        0
  MONTH TO DATE    0                         0      0        0
  SINCE DEC 1      0                         0      0        0
  SINCE JAN 1    821                       678    143      721
..................................................................


WIND (MPH)
  HIGHEST WIND SPEED     9   HIGHEST WIND DIRECTION     S (160)
  HIGHEST GUST SPEED    13   HIGHEST GUST DIRECTION    SW (210)
  AVERAGE WIND SPEED     3.7


SKY COVER
  AVERAGE SKY COVER 0.4


WEATHER CONDITIONS
 THE FOLLOWING WEATHER WAS RECORDED YESTERDAY.
  NO SIGNIFICANT WEATHER WAS OBSERVED.


RELATIVE HUMIDITY (PERCENT)
 HIGHEST    92          1000 PM
 LOWEST     48           300 PM
 AVERAGE    70

..........................................................


THE TORRINGTON WY AIRPORT CLIMATE NORMALS FOR TODAY
                         NORMAL    RECORD    YEAR
 MAXIMUM TEMPERATURE (F)   42        63      1998
 MINIMUM TEMPERATURE (F)   16        -4      2006


SUNRISE AND SUNSET
DECEMBER  3 2016......SUNRISE   708 AM MST   SUNSET   425 PM MST
DECEMBER  4 2016......SUNRISE   709 AM MST   SUNSET   425 PM MST


-  INDICATES NEGATIVE NUMBERS.
R  INDICATES RECORD WAS SET OR TIED.
MM INDICATES DATA IS MISSING.
T  INDICATES TRACE AMOUNT.




$$
