000
CDUS45 KCYS 062127
CLITOR


CLIMATE REPORT
NATIONAL WEATHER SERVICE CHEYENNE WY
327 PM MDT MON JUL 6 2015


...................................

...THE TORRINGTON WY AIRPORT CLIMATE SUMMARY FOR JULY 6 2015...
VALID AS OF 0300 PM LOCAL TIME.

CLIMATE NORMAL PERIOD 1981 TO 2010
CLIMATE RECORD PERIOD 1998 TO 2015


WEATHER ITEM   OBSERVED TIME   RECORD YEAR NORMAL DEPARTURE LAST
                VALUE   (LST)  VALUE       VALUE  FROM      YEAR
                                                  NORMAL
..................................................................
TEMPERATURE (F)
 TODAY
  MAXIMUM         67    145 PM  98    2007  89    -22       91
                                      2001
                                      2000
  MINIMUM         57    617 AM  47    2004  57      0       57
  AVERAGE         62                        73    -11       74

PRECIPITATION (IN)
  TODAY            0.24          0.26 2010   0.03   0.21     0.00
  MONTH TO DATE    1.08                      0.22   0.86     0.06
  SINCE JAN 1     14.59                      8.11   6.48    10.17

DEGREE DAYS
 HEATING
  TODAY            3                         0      3        0
  MONTH TO DATE    3                         0      3        4
  SINCE JUN 1      6                        75    -69       82
  SINCE JUL 1      3                         0      3        4

 COOLING
  TODAY            0                         8     -8        9
  MONTH TO DATE   54                        45      9       42
  SINCE JUN 1    204                       161     43      104
  SINCE JAN 1    204                       179     25      120
..................................................................


WIND (MPH)
  HIGHEST WIND SPEED    16   HIGHEST WIND DIRECTION    NE (30)
  HIGHEST GUST SPEED    18   HIGHEST GUST DIRECTION    NE (30)
  AVERAGE WIND SPEED     6.9


SKY COVER
  AVERAGE SKY COVER 0.9


WEATHER CONDITIONS
 THE FOLLOWING WEATHER WAS RECORDED TODAY.
  RAIN
  LIGHT RAIN
  FOG
  HAZE


RELATIVE HUMIDITY (PERCENT)
 HIGHEST    93           300 AM
 LOWEST     63          1200 PM
 AVERAGE    78

..........................................................


THE TORRINGTON WY AIRPORT CLIMATE NORMALS FOR TOMORROW
                         NORMAL    RECORD    YEAR
 MAXIMUM TEMPERATURE (F)   89       105      2007
 MINIMUM TEMPERATURE (F)   57        51      2004


SUNRISE AND SUNSET
JULY  6 2015..........SUNRISE   527 AM MDT   SUNSET   835 PM MDT
JULY  7 2015..........SUNRISE   528 AM MDT   SUNSET   835 PM MDT


-  INDICATES NEGATIVE NUMBERS.
R  INDICATES RECORD WAS SET OR TIED.
MM INDICATES DATA IS MISSING.
T  INDICATES TRACE AMOUNT.




$$
