000
CDUS45 KCYS 280737
CLITOR


CLIMATE REPORT
NATIONAL WEATHER SERVICE CHEYENNE WY
1236 AM MST WED JAN 28 2015


...................................

...THE TORRINGTON WY AIRPORT CLIMATE SUMMARY FOR JANUARY 27 2015...

CLIMATE NORMAL PERIOD 1981 TO 2010
CLIMATE RECORD PERIOD 1998 TO 2015


WEATHER ITEM   OBSERVED TIME   RECORD YEAR NORMAL DEPARTURE LAST
                VALUE   (LST)  VALUE       VALUE  FROM      YEAR
                                                  NORMAL
..................................................................
TEMPERATURE (F)
 YESTERDAY
  MAXIMUM         75R   217 PM  65    2003  43     32       20
  MINIMUM         28    652 AM -20    2009  15     13       11
  AVERAGE         52                        29     23       16

PRECIPITATION (IN)
  YESTERDAY        0.00          0.01 2012   0.00   0.00     0.00
  MONTH TO DATE    0.01                      0.22  -0.21     0.14
  SINCE JAN 1      0.01                      0.22  -0.21     0.14

DEGREE DAYS
 HEATING
  YESTERDAY       13                        36    -23       49
  MONTH TO DATE  886                       995   -109      931
  SINCE DEC 1   2070                      2168    -98     2128
  SINCE JUL 1   3602                      3751   -149     3697

 COOLING
  YESTERDAY        0                         0      0        0
  MONTH TO DATE    0                         0      0        0
  SINCE DEC 1      0                         0      0        0
  SINCE JAN 1      0                         0      0        0
..................................................................


WIND (MPH)
  HIGHEST WIND SPEED    16   HIGHEST WIND DIRECTION     W (290)
  HIGHEST GUST SPEED    22   HIGHEST GUST DIRECTION    NW (300)
  AVERAGE WIND SPEED     5.6


SKY COVER
  AVERAGE SKY COVER 0.0


WEATHER CONDITIONS
 THE FOLLOWING WEATHER WAS RECORDED YESTERDAY.
  NO SIGNIFICANT WEATHER WAS OBSERVED.


RELATIVE HUMIDITY (PERCENT)
 HIGHEST    78           200 AM
 LOWEST     14           200 PM
 AVERAGE    46

..........................................................


THE TORRINGTON WY AIRPORT CLIMATE NORMALS FOR TODAY
                         NORMAL    RECORD    YEAR
 MAXIMUM TEMPERATURE (F)   43        61      2011
 MINIMUM TEMPERATURE (F)   15        -7      1999


SUNRISE AND SUNSET
JANUARY 28 2015.......SUNRISE   714 AM MST   SUNSET   506 PM MST
JANUARY 29 2015.......SUNRISE   713 AM MST   SUNSET   507 PM MST


-  INDICATES NEGATIVE NUMBERS.
R  INDICATES RECORD WAS SET OR TIED.
MM INDICATES DATA IS MISSING.
T  INDICATES TRACE AMOUNT.




$$
