000
CDUS42 KTBW 170827
CLITPA


CLIMATE REPORT
NATIONAL WEATHER SERVICE TAMPA BAY FL
426 AM EDT THU APR 17 2014


...................................

...THE TAMPA CLIMATE SUMMARY FOR APRIL 16 2014...

CLIMATE NORMAL PERIOD 1981 TO 2010
CLIMATE RECORD PERIOD 1890 TO 2014


WEATHER ITEM   OBSERVED TIME   RECORD YEAR NORMAL DEPARTURE LAST
                VALUE   (LST)  VALUE       VALUE  FROM      YEAR
                                                  NORMAL
..................................................................
TEMPERATURE (F)
 YESTERDAY
  MAXIMUM         79    452 PM  92    2013  81     -2       92
  MINIMUM         51    719 AM  43    1950  63    -12       72
  AVERAGE         65                        72     -7       82

PRECIPITATION (IN)
  YESTERDAY        0.00          2.02 1920   0.07  -0.07     0.00
  MONTH TO DATE    0.28                      1.17  -0.89     1.16
  SINCE MAR 1      5.23                      4.20   1.03     3.22
  SINCE JAN 1     10.18                      9.24   0.94     4.78

DEGREE DAYS
 HEATING
  YESTERDAY        0                         0      0        0
  MONTH TO DATE    0                         9     -9        0
  SINCE MAR 1     48                        65    -17      143
  SINCE JUL 1    444                       536    -92      400

 COOLING
  YESTERDAY        0                         7     -7       17
  MONTH TO DATE  111                        99     12      156
  SINCE MAR 1    189                       225    -36      201
  SINCE JAN 1    293                       338    -45      415
..................................................................


WIND (MPH)
  RESULTANT WIND SPEED   9   RESULTANT WIND DIRECTION  NE (30)
  HIGHEST WIND SPEED    17   HIGHEST WIND DIRECTION    NE (50)
  HIGHEST GUST SPEED    27   HIGHEST GUST DIRECTION    NE (50)
  AVERAGE WIND SPEED     9.9


SKY COVER
  POSSIBLE SUNSHINE  MM
  AVERAGE SKY COVER 0.5


WEATHER CONDITIONS
 THE FOLLOWING WEATHER WAS RECORDED YESTERDAY.
  NO SIGNIFICANT WEATHER WAS OBSERVED.


RELATIVE HUMIDITY (PERCENT)
 HIGHEST    83           300 AM
 LOWEST     35           400 PM
 AVERAGE    59

..........................................................


THE TAMPA CLIMATE NORMALS FOR TODAY
                         NORMAL    RECORD    YEAR
 MAXIMUM TEMPERATURE (F)   81        89      2013
                                             1960
 MINIMUM TEMPERATURE (F)   63        43      1962


SUNRISE AND SUNSET
APRIL 17 2014.........SUNRISE   703 AM EDT   SUNSET   757 PM EDT
APRIL 18 2014.........SUNRISE   702 AM EDT   SUNSET   757 PM EDT


-  INDICATES NEGATIVE NUMBERS.
R  INDICATES RECORD WAS SET OR TIED.
MM INDICATES DATA IS MISSING.
T  INDICATES TRACE AMOUNT.




$$


&&
------------------------------------------------------------------
******************** SUPPLEMENTAL DATA ***************************

...RUSKIN                HIGH 78    LOW 53    PCPN 0.00
...SARASOTA/BRADENTON    HIGH 79    LOW 55    PCPN 0.00
...ST. PETERSBURG        HIGH 76    LOW 55    PCPN 0.00
...GULF WATER TEMPERATURE AT CLEARWATER BEACH 72
