000
CDUS42 KTBW 302118
CLITPA


CLIMATE REPORT
NATIONAL WEATHER SERVICE TAMPA BAY FL
515 PM EDT THU MAR 30 2017


...................................

...THE TAMPA CLIMATE SUMMARY FOR MARCH 30 2017...
VALID TODAY AS OF 0500 PM LOCAL TIME.

CLIMATE NORMAL PERIOD 1981 TO 2010
CLIMATE RECORD PERIOD 1890 TO 2017


WEATHER ITEM   OBSERVED TIME   RECORD YEAR NORMAL DEPARTURE LAST
                VALUE   (LST)  VALUE       VALUE  FROM      YEAR
                                                  NORMAL
..................................................................
TEMPERATURE (F)
 TODAY
  MAXIMUM         85    157 PM  92    1907  78      7       84
  MINIMUM         68    214 AM  44    1955  60      8       63
  AVERAGE         77                        69      8       74

PRECIPITATION (IN)
  TODAY            0.00          2.19 1987   0.10  -0.10     0.00
  MONTH TO DATE    0.97                      2.94  -1.97     1.76
  SINCE MAR 1      0.97                      2.94  -1.97     1.76
  SINCE JAN 1      3.93                      7.98  -4.05    10.47

DEGREE DAYS
 HEATING
  TODAY            0                         1     -1        0
  MONTH TO DATE   28                        56    -28       15
  SINCE MAR 1     28                        56    -28       15
  SINCE JUL 1    164                       527   -363      323

 COOLING
  TODAY           12                         5      7        9
  MONTH TO DATE  179                       120     59      204
  SINCE MAR 1    179                       120     59      204
  SINCE JAN 1    432                       233    199      282
..................................................................


WIND (MPH)
  RESULTANT WIND SPEED   4   RESULTANT WIND DIRECTION   S (190)
  HIGHEST WIND SPEED    17   HIGHEST WIND DIRECTION     S (190)
  HIGHEST GUST SPEED    21   HIGHEST GUST DIRECTION     S (190)
  AVERAGE WIND SPEED     5.7


SKY COVER
  POSSIBLE SUNSHINE  MM
  AVERAGE SKY COVER 0.2


WEATHER CONDITIONS
 THE FOLLOWING WEATHER WAS RECORDED TODAY.
  NO SIGNIFICANT WEATHER WAS OBSERVED.


RELATIVE HUMIDITY (PERCENT)
 HIGHEST    84           200 AM
 LOWEST     47           100 PM

..........................................................


THE TAMPA CLIMATE NORMALS FOR TOMORROW
                         NORMAL    RECORD    YEAR
 MAXIMUM TEMPERATURE (F)   78        87      1965
                                             1912
 MINIMUM TEMPERATURE (F)   60        38      1971


SUNRISE AND SUNSET
MARCH 30 2017.........SUNRISE   722 AM EDT   SUNSET   747 PM EDT
MARCH 31 2017.........SUNRISE   721 AM EDT   SUNSET   748 PM EDT


-  INDICATES NEGATIVE NUMBERS.
R  INDICATES RECORD WAS SET OR TIED.
MM INDICATES DATA IS MISSING.
T  INDICATES TRACE AMOUNT.




$$


&&
------------------------------------------------------------------
******************** SUPPLEMENTAL DATA ***************************

...RUSKIN                HIGH 84    LOW 62    PCPN 0.00
...SARASOTA/BRADENTON    HIGH 82    LOW 62    PCPN 0.00
...LAKELAND*             HIGH MM    LOW MM    PCPN MM
...ST. PETERSBURG        HIGH 80    LOW 69    PCPN 0.00
...GULF WATER TEMPERATURE AT CLEARWATER BEACH 74 DEGREES

*LAKELAND DATA IS FROM 4:30 PM WEDNESDAY TO 4:30 PM THURSDAY
AND MAY REFLECT YESTERDAYS RAINFALL AND HIGH TEMPERATURE.
