000
CDUS42 KTBW 080931
CLITPA


CLIMATE REPORT
NATIONAL WEATHER SERVICE TAMPA BAY FL
429 AM EST THU DEC 8 2016


...................................

...THE TAMPA CLIMATE SUMMARY FOR DECEMBER 7 2016...

CLIMATE NORMAL PERIOD 1981 TO 2010
CLIMATE RECORD PERIOD 1890 TO 2016


WEATHER ITEM   OBSERVED TIME   RECORD YEAR NORMAL DEPARTURE LAST
                VALUE   (LST)  VALUE       VALUE  FROM      YEAR
                                                  NORMAL
..................................................................
TEMPERATURE (F)
 YESTERDAY
  MAXIMUM         78    234 PM  86    1978  74      4       75
  MINIMUM         62   1158 PM  28    1937  56      6       60
  AVERAGE         70                        65      5       68

PRECIPITATION (IN)
  YESTERDAY        0.00          1.80 1950   0.08  -0.08     0.00
  MONTH TO DATE    0.33                      0.53  -0.20     0.02
  SINCE DEC 1      0.33                      0.53  -0.20     0.02
  SINCE JAN 1     52.46                     44.36   8.10    63.03

DEGREE DAYS
 HEATING
  YESTERDAY        0                         3     -3        0
  MONTH TO DATE    0                        21    -21        0
  SINCE DEC 1      0                        21    -21        0
  SINCE JUL 1     15                        65    -50        5

 COOLING
  YESTERDAY        5                         3      2        3
  MONTH TO DATE   50                        22     28       54
  SINCE DEC 1     50                        22     28       54
  SINCE JAN 1   4023                      3552    471     4270
..................................................................


WIND (MPH)
  RESULTANT WIND SPEED   3   RESULTANT WIND DIRECTION  NW (310)
  HIGHEST WIND SPEED    14   HIGHEST WIND DIRECTION     W (280)
  HIGHEST GUST SPEED    17   HIGHEST GUST DIRECTION     W (280)
  AVERAGE WIND SPEED     4.6


SKY COVER
  POSSIBLE SUNSHINE  MM
  AVERAGE SKY COVER 0.2


WEATHER CONDITIONS
 THE FOLLOWING WEATHER WAS RECORDED YESTERDAY.
  NO SIGNIFICANT WEATHER WAS OBSERVED.


RELATIVE HUMIDITY (PERCENT)
 HIGHEST    93           300 AM
 LOWEST     60           300 PM
 AVERAGE    77

..........................................................


THE TAMPA CLIMATE NORMALS FOR TODAY
                         NORMAL    RECORD    YEAR
 MAXIMUM TEMPERATURE (F)   73        86      1972
 MINIMUM TEMPERATURE (F)   56        33      1937


SUNRISE AND SUNSET
DECEMBER  8 2016......SUNRISE   710 AM EST   SUNSET   535 PM EST
DECEMBER  9 2016......SUNRISE   710 AM EST   SUNSET   535 PM EST


-  INDICATES NEGATIVE NUMBERS.
R  INDICATES RECORD WAS SET OR TIED.
MM INDICATES DATA IS MISSING.
T  INDICATES TRACE AMOUNT.




$$


&&
------------------------------------------------------------------
******************** SUPPLEMENTAL DATA ***************************

...RUSKIN                HIGH 77    LOW 60    PCPN 0.00
...SARASOTA/BRADENTON    HIGH 76    LOW 59    PCPN 0.00
...ST. PETERSBURG        HIGH MSG   LOW MSG   PCPN 0.00
...GULF WATER TEMPERATURE AT CLEARWATER BEACH 71 DEGREES
