000
CDUS42 KTBW 040831
CLITPA


CLIMATE REPORT
NATIONAL WEATHER SERVICE TAMPA BAY FL
427 AM EDT FRI SEP 4 2015


...................................

...THE TAMPA CLIMATE SUMMARY FOR SEPTEMBER 3 2015...

CLIMATE NORMAL PERIOD 1981 TO 2010
CLIMATE RECORD PERIOD 1890 TO 2015


WEATHER ITEM   OBSERVED TIME   RECORD YEAR NORMAL DEPARTURE LAST
                VALUE   (LST)  VALUE       VALUE  FROM      YEAR
                                                  NORMAL
..................................................................
TEMPERATURE (F)
 YESTERDAY
  MAXIMUM         92    318 PM  95    1961  90      2       93
                                      1958
                                      1951
  MINIMUM         80    605 AM  66    1907  76      4       74
  AVERAGE         86                        83      3       84

PRECIPITATION (IN)
  YESTERDAY        0.00          4.42 1985   0.25  -0.25     1.24
  MONTH TO DATE    0.00                      0.77  -0.77     1.46
  SINCE SEP 1      0.00                      0.77  -0.77     1.46
  SINCE JAN 1     55.43                     34.49  20.94    41.41

DEGREE DAYS
 HEATING
  YESTERDAY        0                         0      0        0
  MONTH TO DATE    0                         0      0        0
  SINCE SEP 1      0                         0      0        0
  SINCE JUL 1      0                         0      0        0

 COOLING
  YESTERDAY       21                        18      3       19
  MONTH TO DATE   61                        54      7       59
  SINCE SEP 1     61                        54      7       59
  SINCE JAN 1   2975                      2569    406     2576
..................................................................


WIND (MPH)
  RESULTANT WIND SPEED   4   RESULTANT WIND DIRECTION   W (280)
  HIGHEST WIND SPEED    15   HIGHEST WIND DIRECTION     W (270)
  HIGHEST GUST SPEED    23   HIGHEST GUST DIRECTION     W (280)
  AVERAGE WIND SPEED     4.5


SKY COVER
  POSSIBLE SUNSHINE  MM
  AVERAGE SKY COVER 0.5


WEATHER CONDITIONS
 THE FOLLOWING WEATHER WAS RECORDED YESTERDAY.
  NO SIGNIFICANT WEATHER WAS OBSERVED.


RELATIVE HUMIDITY (PERCENT)
 HIGHEST    85           100 AM
 LOWEST     56           200 PM
 AVERAGE    71

..........................................................


THE TAMPA CLIMATE NORMALS FOR TODAY
                         NORMAL    RECORD    YEAR
 MAXIMUM TEMPERATURE (F)   90        96      1961
                                             1912
 MINIMUM TEMPERATURE (F)   76        68      1906


SUNRISE AND SUNSET
SEPTEMBER  4 2015.....SUNRISE   710 AM EDT   SUNSET   748 PM EDT
SEPTEMBER  5 2015.....SUNRISE   711 AM EDT   SUNSET   747 PM EDT


-  INDICATES NEGATIVE NUMBERS.
R  INDICATES RECORD WAS SET OR TIED.
MM INDICATES DATA IS MISSING.
T  INDICATES TRACE AMOUNT.




$$


&&
------------------------------------------------------------------
******************** SUPPLEMENTAL DATA ***************************

...RUSKIN                HIGH 93    LOW 76    PCPN 0.00
...SARASOTA/BRADENTON    HIGH 92    LOW 76    PCPN 0.00
...ST. PETERSBURG        HIGH 92    LOW 81    PCPN 0.00
...GULF WATER TEMPERATURE AT CLEARWATER BEACH 87
