000
CDUS42 KTBW 062118
CLITPA


CLIMATE REPORT
NATIONAL WEATHER SERVICE TAMPA BAY FL
517 PM EDT FRI MAY 6 2016


...................................

...THE TAMPA CLIMATE SUMMARY FOR MAY 6 2016...
VALID TODAY AS OF 0500 PM LOCAL TIME.

CLIMATE NORMAL PERIOD 1981 TO 2010
CLIMATE RECORD PERIOD 1890 TO 2016


WEATHER ITEM   OBSERVED TIME   RECORD YEAR NORMAL DEPARTURE LAST
                VALUE   (LST)  VALUE       VALUE  FROM      YEAR
                                                  NORMAL
..................................................................
TEMPERATURE (F)
 TODAY
  MAXIMUM         79    322 PM  95    1995  85     -6       85
  MINIMUM         61    415 AM  53    1970  67     -6       67
  AVERAGE         70                        76     -6       76

PRECIPITATION (IN)
  TODAY            0.00          2.35 1944   0.06  -0.06     0.00
  MONTH TO DATE    2.79                      0.31   2.48     0.00
  SINCE MAR 1      6.22                      5.37   0.85     5.85
  SINCE JAN 1     14.93                     10.41   4.52    14.15

DEGREE DAYS
 HEATING
  TODAY            0                         0      0        0
  MONTH TO DATE    0                         0      0        0
  SINCE MAR 1     15                        67    -52       12
  SINCE JUL 1    323                       538   -215      467

 COOLING
  TODAY            5                        11     -6       11
  MONTH TO DATE   71                        65      6       61
  SINCE MAR 1    580                       412    168      726
  SINCE JAN 1    658                       525    133      793
..................................................................


WIND (MPH)
  RESULTANT WIND SPEED   6   RESULTANT WIND DIRECTION  NW (310)
  HIGHEST WIND SPEED    18   HIGHEST WIND DIRECTION     W (270)
  HIGHEST GUST SPEED    29   HIGHEST GUST DIRECTION     W (260)
  AVERAGE WIND SPEED     7.6


SKY COVER
  POSSIBLE SUNSHINE  MM
  AVERAGE SKY COVER 0.2


WEATHER CONDITIONS
 THE FOLLOWING WEATHER WAS RECORDED TODAY.
  NO SIGNIFICANT WEATHER WAS OBSERVED.


RELATIVE HUMIDITY (PERCENT)
 HIGHEST    57          1200 AM
 LOWEST     27           100 PM

..........................................................


THE TAMPA CLIMATE NORMALS FOR TOMORROW
                         NORMAL    RECORD    YEAR
 MAXIMUM TEMPERATURE (F)   86        93      1995
                                             1984
                                             1975
 MINIMUM TEMPERATURE (F)   68        56      1992


SUNRISE AND SUNSET
MAY  6 2016...........SUNRISE   646 AM EDT   SUNSET   808 PM EDT
MAY  7 2016...........SUNRISE   645 AM EDT   SUNSET   808 PM EDT


-  INDICATES NEGATIVE NUMBERS.
R  INDICATES RECORD WAS SET OR TIED.
MM INDICATES DATA IS MISSING.
T  INDICATES TRACE AMOUNT.




$$


&&
------------------------------------------------------------------
******************** SUPPLEMENTAL DATA ***************************

...RUSKIN                HIGH 76    LOW 57    PCPN 0.00
...SARASOTA/BRADENTON    HIGH 78    LOW 61    PCPN 0.00
...LAKELAND              HIGH 80    LOW 56    PCPN 0.00
...ST. PETERSBURG        HIGH 74    LOW 67    PCPN 0.00
...GULF WATER TEMPERATURE AT CLEARWATER BEACH 76 DEGREES
