000
CDUS42 KTBW 252114
CLITPA


CLIMATE REPORT
NATIONAL WEATHER SERVICE TAMPA BAY FL
513 PM EDT MON JUL 25 2016


...................................

...THE TAMPA CLIMATE SUMMARY FOR JULY 25 2016...
VALID TODAY AS OF 0500 PM LOCAL TIME.

CLIMATE NORMAL PERIOD 1981 TO 2010
CLIMATE RECORD PERIOD 1890 TO 2016


WEATHER ITEM   OBSERVED TIME   RECORD YEAR NORMAL DEPARTURE LAST
                VALUE   (LST)  VALUE       VALUE  FROM      YEAR
                                                  NORMAL
..................................................................
TEMPERATURE (F)
 TODAY
  MAXIMUM         90    235 PM  96    1931  90      0       85
  MINIMUM         75    201 AM  67    1934  76     -1       75
  AVERAGE         83                        83      0       80

PRECIPITATION (IN)
  TODAY            T             5.38 1957   0.22  -0.22     1.47
  MONTH TO DATE    3.23                      5.72  -2.49     7.23
  SINCE JUN 1     14.71                     12.40   2.31    13.46
  SINCE JAN 1     30.61                     24.60   6.01    34.35

DEGREE DAYS
 HEATING
  TODAY            0                         0      0        0
  MONTH TO DATE    0                         0      0        0
  SINCE JUN 1      0                         0      0        0
  SINCE JUL 1      0                         0      0        0

 COOLING
  TODAY           18                        18      0       15
  MONTH TO DATE  503                       450     53      472
  SINCE JUN 1   1054                       966     88     1015
  SINCE JAN 1   2074                      1843    231     2236
..................................................................


WIND (MPH)
  RESULTANT WIND SPEED   5   RESULTANT WIND DIRECTION  SE (140)
  HIGHEST WIND SPEED    17   HIGHEST WIND DIRECTION     S (180)
  HIGHEST GUST SPEED    22   HIGHEST GUST DIRECTION     S (180)
  AVERAGE WIND SPEED     6.4


SKY COVER
  POSSIBLE SUNSHINE  MM
  AVERAGE SKY COVER 0.3


WEATHER CONDITIONS
 THE FOLLOWING WEATHER WAS RECORDED TODAY.
  LIGHT RAIN


RELATIVE HUMIDITY (PERCENT)
 HIGHEST    94          1200 AM
 LOWEST     55           100 PM

..........................................................


THE TAMPA CLIMATE NORMALS FOR TOMORROW
                         NORMAL    RECORD    YEAR
 MAXIMUM TEMPERATURE (F)   90        95      1993
                                             1963
                                             1931
 MINIMUM TEMPERATURE (F)   76        69      1929
                                             1904


SUNRISE AND SUNSET
JULY 25 2016..........SUNRISE   649 AM EDT   SUNSET   824 PM EDT
JULY 26 2016..........SUNRISE   650 AM EDT   SUNSET   823 PM EDT


-  INDICATES NEGATIVE NUMBERS.
R  INDICATES RECORD WAS SET OR TIED.
MM INDICATES DATA IS MISSING.
T  INDICATES TRACE AMOUNT.




$$


&&
------------------------------------------------------------------
******************** SUPPLEMENTAL DATA ***************************

...RUSKIN                HIGH 91    LOW 73    PCPN 0.06
...SARASOTA/BRADENTON    HIGH 91    LOW 77    PCPN 0.31
...LAKELAND              HIGH 93    LOW 73    PCPN 0.68
...ST. PETERSBURG        HIGH 89    LOW 78    PCPN 0.00
...GULF WATER TEMPERATURE AT CLEARWATER BEACH 87 DEGREES
