000
CDUS45 KLKN 290928
CLITPH


CLIMATE REPORT
NATIONAL WEATHER SERVICE ELKO NV
228 AM PDT SUN MAY 29 2016


...................................

...THE TONOPAH AIRPORT NV CLIMATE SUMMARY FOR MAY 28 2016...

CLIMATE NORMAL PERIOD 1981 TO 2010
CLIMATE RECORD PERIOD 1954 TO 2016


WEATHER ITEM   OBSERVED TIME   RECORD YEAR NORMAL DEPARTURE LAST
                VALUE   (LST)  VALUE       VALUE  FROM      YEAR
                                                  NORMAL
..................................................................
TEMPERATURE (F)
 YESTERDAY
  MAXIMUM         78    125 PM  96    2003  78      0       83
  MINIMUM         48    444 AM  30    1971  46      2       52
  AVERAGE         63                        62      1       68

PRECIPITATION (IN)
  YESTERDAY        0.01          0.93 1990   0.02  -0.01     0.00
  MONTH TO DATE    0.32                      0.48  -0.16     1.24
  SINCE OCT 1      5.55                      3.57   1.98     2.29
  SINCE JAN 1      2.17                      2.48  -0.31     1.81

DEGREE DAYS
 HEATING
  YESTERDAY        2                         4     -2        0
  MONTH TO DATE  231                       208     23      241
  SINCE MAR 1   1210                      1359   -149     1127
  SINCE JUL 1   5137                      5401   -264     4249

 COOLING
  YESTERDAY        0                         2     -2        3
  MONTH TO DATE    1                        18    -17        5
  SINCE MAR 1      1                        19    -18        5
  SINCE JAN 1      1                        19    -18        5
..................................................................


WIND (MPH)
  HIGHEST WIND SPEED    25   HIGHEST WIND DIRECTION    SE (130)
  HIGHEST GUST SPEED    39   HIGHEST GUST DIRECTION     E (110)
  AVERAGE WIND SPEED     9.1



WEATHER CONDITIONS
 THE FOLLOWING WEATHER WAS RECORDED YESTERDAY.
  LIGHT RAIN


RELATIVE HUMIDITY (PERCENT)
 HIGHEST    54           500 AM
 LOWEST     15           200 PM
 AVERAGE    35

..........................................................


THE TONOPAH AIRPORT NV CLIMATE NORMALS FOR TODAY
                         NORMAL    RECORD    YEAR
 MAXIMUM TEMPERATURE (F)   79        94      2003
                                             2000
 MINIMUM TEMPERATURE (F)   47        32      2011


SUNRISE AND SUNSET
MAY 29 2016...........SUNRISE   528 AM PDT   SUNSET   804 PM PDT
MAY 30 2016...........SUNRISE   528 AM PDT   SUNSET   804 PM PDT


-  INDICATES NEGATIVE NUMBERS.
R  INDICATES RECORD WAS SET OR TIED.
MM INDICATES DATA IS MISSING.
T  INDICATES TRACE AMOUNT.




$$
