000
CDUS45 KLKN 170927
CLITPH


CLIMATE REPORT
NATIONAL WEATHER SERVICE ELKO NV
226 AM PDT TUE OCT 7  2017


...................................

...THE TONOPAH AIRPORT NV CLIMATE SUMMARY FOR OCTOBER 16 2017...

CLIMATE NORMAL PERIOD 1981 TO 2010
CLIMATE RECORD PERIOD 1954 TO 2017


WEATHER ITEM   OBSERVED TIME   RECORD YEAR NORMAL DEPARTURE LAST
                VALUE   (LST)  VALUE       VALUE  FROM      YEAR
                                                  NORMAL
..................................................................
TEMPERATURE (F)
 YESTERDAY
  MAXIMUM         76    304 PM  82    1991  68      8       70
  MINIMUM         30    600 AM  20    1984  38     -8       42
  AVERAGE         53                        53      0       56

PRECIPITATION (IN)
  YESTERDAY        0.00          0.14 1993   0.01  -0.01     0.00
  MONTH TO DATE    0.00                      0.17  -0.17     0.00
  SINCE OCT 1      0.00                      0.17  -0.17     0.00
  SINCE JAN 1      3.51                      4.32  -0.81     3.57

DEGREE DAYS
 HEATING
  YESTERDAY       12                        12      0        9
  MONTH TO DATE  218                       150     68      142
  SINCE SEP 1    350                       235    115      211
  SINCE JUL 1    350                       241    109      211

 COOLING
  YESTERDAY        0                         0      0        0
  MONTH TO DATE    0                         0      0        0
  SINCE SEP 1    117                        68     49       59
  SINCE JAN 1   1222                       781    441     1022
..................................................................


WIND (MPH)
  HIGHEST WIND SPEED    17   HIGHEST WIND DIRECTION     N (360)
  HIGHEST GUST SPEED    20   HIGHEST GUST DIRECTION     N (360)
  AVERAGE WIND SPEED     7.2



WEATHER CONDITIONS
 THE FOLLOWING WEATHER WAS RECORDED YESTERDAY.
  NO SIGNIFICANT WEATHER WAS OBSERVED.


RELATIVE HUMIDITY (PERCENT)
 HIGHEST    22           600 AM
 LOWEST      5           200 PM
 AVERAGE    14

..........................................................


THE TONOPAH AIRPORT NV CLIMATE NORMALS FOR TODAY
                         NORMAL    RECORD    YEAR
 MAXIMUM TEMPERATURE (F)   68        82      1988
                                             1958
 MINIMUM TEMPERATURE (F)   37        20      1971


SUNRISE AND SUNSET
OCTOBER 17 2017.......SUNRISE   659 AM PDT   SUNSET   607 PM PDT
OCTOBER 18 2017.......SUNRISE   700 AM PDT   SUNSET   606 PM PDT


-  INDICATES NEGATIVE NUMBERS.
R  INDICATES RECORD WAS SET OR TIED.
MM INDICATES DATA IS MISSING.
T  INDICATES TRACE AMOUNT.




$$
