000
CDUS45 KLKN 020941
CLITPH


CLIMATE REPORT
NATIONAL WEATHER SERVICE ELKO NV
235 AM PDT THU OCT 2 2014


...................................

...THE TONOPAH AIRPORT NV CLIMATE SUMMARY FOR OCTOBER 1 2014...

CLIMATE NORMAL PERIOD 1981 TO 2010
CLIMATE RECORD PERIOD 1954 TO 2014


WEATHER ITEM   OBSERVED TIME   RECORD YEAR NORMAL DEPARTURE LAST
                VALUE   (LST)  VALUE       VALUE  FROM      YEAR
                                                  NORMAL
..................................................................
TEMPERATURE (F)
 YESTERDAY
  MAXIMUM         67    400 PM  90    1980  75     -8       76
  MINIMUM         46   1159 PM  28    1982  43      3       43
  AVERAGE         57                        59     -2       60

PRECIPITATION (IN)
  YESTERDAY        0.00          0.70 1976   0.01  -0.01     0.00
  MONTH TO DATE    0.00                      0.01  -0.01     0.00
  SINCE OCT 1      0.00                      0.01  -0.01     0.00
  SINCE JAN 1      3.71                      4.16  -0.45     4.03

DEGREE DAYS
 HEATING
  YESTERDAY        8                         7      1        5
  MONTH TO DATE    8                         7      1        5
  SINCE SEP 1     51                        92    -41      102
  SINCE JUL 1     51                        98    -47      102

 COOLING
  YESTERDAY        0                         0      0        0
  MONTH TO DATE    0                         0      0        0
  SINCE SEP 1    141                        68     73      121
  SINCE JAN 1   1004                       781    223     1042
..................................................................


WIND (MPH)
  HIGHEST WIND SPEED    22   HIGHEST WIND DIRECTION     N (10)
  HIGHEST GUST SPEED    28   HIGHEST GUST DIRECTION     N (10)
  AVERAGE WIND SPEED    12.5



WEATHER CONDITIONS
 THE FOLLOWING WEATHER WAS RECORDED YESTERDAY.
  NO SIGNIFICANT WEATHER WAS OBSERVED.


RELATIVE HUMIDITY (PERCENT)
 HIGHEST    54           200 AM
 LOWEST     12           400 PM
 AVERAGE    33

..........................................................


THE TONOPAH AIRPORT NV CLIMATE NORMALS FOR TODAY
                         NORMAL    RECORD    YEAR
 MAXIMUM TEMPERATURE (F)   74        88      1980
 MINIMUM TEMPERATURE (F)   43        28      1971


SUNRISE AND SUNSET
OCTOBER  2 2014.......SUNRISE   645 AM PDT   SUNSET   630 PM PDT
OCTOBER  3 2014.......SUNRISE   646 AM PDT   SUNSET   628 PM PDT


-  INDICATES NEGATIVE NUMBERS.
R  INDICATES RECORD WAS SET OR TIED.
MM INDICATES DATA IS MISSING.
T  INDICATES TRACE AMOUNT.




$$
