000
CDUS45 KLKN 070027
CLITPH


CLIMATE REPORT
NATIONAL WEATHER SERVICE ELKO NV
426 PM PST FRI MAR 6 2015


...................................

...THE TONOPAH AIRPORT NV CLIMATE SUMMARY FOR MARCH 6 2015...
VALID TODAY AS OF 0400 PM LOCAL TIME.

CLIMATE NORMAL PERIOD 1981 TO 2010
CLIMATE RECORD PERIOD 1954 TO 2015


WEATHER ITEM   OBSERVED TIME   RECORD YEAR NORMAL DEPARTURE LAST
                VALUE   (LST)  VALUE       VALUE  FROM      YEAR
                                                  NORMAL
..................................................................
TEMPERATURE (F)
 TODAY
  MAXIMUM         64    300 PM  74    1972  54     10       65
  MINIMUM         26    632 AM   8    1956  28     -2       37
  AVERAGE         45                        41      4       51

PRECIPITATION (IN)
  TODAY            0.00          0.49 1987   0.02  -0.02     0.00
  MONTH TO DATE    0.26                      0.13   0.13      T
  SINCE OCT 1      0.92                      2.23  -1.31     1.12
  SINCE JAN 1      0.44                      1.14  -0.70     0.66

DEGREE DAYS
 HEATING
  TODAY           20                        24     -4       14
  MONTH TO DATE  166                       147     19      127
  SINCE MAR 1    166                       147     19      127
  SINCE JUL 1   3288                      4189   -901     3900

 COOLING
  TODAY            0                         0      0        0
  MONTH TO DATE    0                         0      0        0
  SINCE MAR 1      0                         0      0        0
  SINCE JAN 1      0                         0      0        0
..................................................................


WIND (MPH)
  HIGHEST WIND SPEED    16   HIGHEST WIND DIRECTION     N (10)
  HIGHEST GUST SPEED    19   HIGHEST GUST DIRECTION     N (360)



WEATHER CONDITIONS
 THE FOLLOWING WEATHER WAS RECORDED TODAY.
  NO SIGNIFICANT WEATHER WAS OBSERVED.


RELATIVE HUMIDITY (PERCENT)
 HIGHEST    58           400 AM
 LOWEST     11           200 PM
 AVERAGE    35

..........................................................


THE TONOPAH AIRPORT NV CLIMATE NORMALS FOR TOMORROW
                         NORMAL    RECORD    YEAR
 MAXIMUM TEMPERATURE (F)   55        70      1979
                                             1972
                                             1960
 MINIMUM TEMPERATURE (F)   28        10      1956


SUNRISE AND SUNSET
MARCH  6 2015.........SUNRISE   613 AM PST   SUNSET   547 PM PST
MARCH  7 2015.........SUNRISE   612 AM PST   SUNSET   548 PM PST


-  INDICATES NEGATIVE NUMBERS.
R  INDICATES RECORD WAS SET OR TIED.
MM INDICATES DATA IS MISSING.
T  INDICATES TRACE AMOUNT.




$$
