000
CDUS45 KLKN 310931
CLITPH


CLIMATE REPORT
NATIONAL WEATHER SERVICE ELKO NV
228 AM PDT WED AUG 31 2016


...................................

...THE TONOPAH AIRPORT NV CLIMATE SUMMARY FOR AUGUST 30 2016...

CLIMATE NORMAL PERIOD 1981 TO 2010
CLIMATE RECORD PERIOD 1954 TO 2016


WEATHER ITEM   OBSERVED TIME   RECORD YEAR NORMAL DEPARTURE LAST
                VALUE   (LST)  VALUE       VALUE  FROM      YEAR
                                                  NORMAL
..................................................................
TEMPERATURE (F)
 YESTERDAY
  MAXIMUM         94   1226 PM  98    1998  87      7       88
                                      1996
  MINIMUM         58    532 AM  37    1957  53      5       57
  AVERAGE         76                        70      6       73

PRECIPITATION (IN)
  YESTERDAY        0.00          1.29 2000   0.02  -0.02     0.00
  MONTH TO DATE    T                         0.50  -0.50     0.22
  SINCE OCT 1      5.74                      4.85   0.89     2.88
  SINCE JAN 1      2.36                      3.76  -1.40     2.40

DEGREE DAYS
 HEATING
  YESTERDAY        0                         0      0        0
  MONTH TO DATE    0                         0      0        0
  SINCE JUN 1     10                        52    -42        6
  SINCE JUL 1      0                         2     -2        0

 COOLING
  YESTERDAY       11                         5      6        8
  MONTH TO DATE  296                       233     63      314
  SINCE JUN 1    945                       681    264      874
  SINCE JAN 1    953                       708    245      897
..................................................................


WIND (MPH)
  HIGHEST WIND SPEED    26   HIGHEST WIND DIRECTION     S (200)
  HIGHEST GUST SPEED    38   HIGHEST GUST DIRECTION    SW (210)
  AVERAGE WIND SPEED     9.6



WEATHER CONDITIONS
 THE FOLLOWING WEATHER WAS RECORDED YESTERDAY.
  NO SIGNIFICANT WEATHER WAS OBSERVED.


RELATIVE HUMIDITY (PERCENT)
 HIGHEST    23           500 AM
 LOWEST      9           100 PM
 AVERAGE    16

..........................................................


THE TONOPAH AIRPORT NV CLIMATE NORMALS FOR TODAY
                         NORMAL    RECORD    YEAR
 MAXIMUM TEMPERATURE (F)   86        96      1996
 MINIMUM TEMPERATURE (F)   53        43      1980
                                             1964


SUNRISE AND SUNSET
AUGUST 31 2016........SUNRISE   618 AM PDT   SUNSET   718 PM PDT
SEPTEMBER  1 2016.....SUNRISE   619 AM PDT   SUNSET   717 PM PDT


-  INDICATES NEGATIVE NUMBERS.
R  INDICATES RECORD WAS SET OR TIED.
MM INDICATES DATA IS MISSING.
T  INDICATES TRACE AMOUNT.




$$
