000
CDUS45 KLKN 290930
CLITPH


CLIMATE REPORT
NATIONAL WEATHER SERVICE ELKO NV
229 AM PDT WED JUL 29 2015


...................................

...THE TONOPAH AIRPORT NV CLIMATE SUMMARY FOR JULY 28 2015...

CLIMATE NORMAL PERIOD 1981 TO 2010
CLIMATE RECORD PERIOD 1954 TO 2015


WEATHER ITEM   OBSERVED TIME   RECORD YEAR NORMAL DEPARTURE LAST
                VALUE   (LST)  VALUE       VALUE  FROM      YEAR
                                                  NORMAL
..................................................................
TEMPERATURE (F)
 YESTERDAY
  MAXIMUM         88    400 PM 100    1995  92     -4       80
  MINIMUM         57    514 AM  47    1965  58     -1       62
  AVERAGE         73                        75     -2       71

PRECIPITATION (IN)
  YESTERDAY        0.00          0.70 1984   0.02  -0.02     0.04
  MONTH TO DATE    0.11                      0.39  -0.28     1.12
  SINCE OCT 1      2.66                      4.29  -1.63     2.50
  SINCE JAN 1      2.18                      3.20  -1.02     2.04

DEGREE DAYS
 HEATING
  YESTERDAY        0                         0      0        0
  MONTH TO DATE    0                         0      0        0
  SINCE JUN 1      6                        50    -44       15
  SINCE JUL 1      0                         0      0        0

 COOLING
  YESTERDAY        8                        10     -2        6
  MONTH TO DATE  233                       268    -35      371
  SINCE JUN 1    524                       413    111      587
  SINCE JAN 1    547                       440    107      621
..................................................................


WIND (MPH)
  HIGHEST WIND SPEED    20   HIGHEST WIND DIRECTION     N (20)
  HIGHEST GUST SPEED    26   HIGHEST GUST DIRECTION     N (10)
  AVERAGE WIND SPEED    10.0



WEATHER CONDITIONS
 THE FOLLOWING WEATHER WAS RECORDED YESTERDAY.
  NO SIGNIFICANT WEATHER WAS OBSERVED.


RELATIVE HUMIDITY (PERCENT)
 HIGHEST    28           500 AM
 LOWEST      6           500 PM
 AVERAGE    17

..........................................................


THE TONOPAH AIRPORT NV CLIMATE NORMALS FOR TODAY
                         NORMAL    RECORD    YEAR
 MAXIMUM TEMPERATURE (F)   92       100      1991
 MINIMUM TEMPERATURE (F)   58        49      1983


SUNRISE AND SUNSET
JULY 29 2015..........SUNRISE   549 AM PDT   SUNSET   801 PM PDT
JULY 30 2015..........SUNRISE   549 AM PDT   SUNSET   800 PM PDT


-  INDICATES NEGATIVE NUMBERS.
R  INDICATES RECORD WAS SET OR TIED.
MM INDICATES DATA IS MISSING.
T  INDICATES TRACE AMOUNT.




$$
