466
CDUS45 KLKN 280033
CLITPH


CLIMATE REPORT
NATIONAL WEATHER SERVICE ELKO NV
532 PM PDT WED JUL 27 2016


...................................

...THE TONOPAH AIRPORT NV CLIMATE SUMMARY FOR JULY 27 2016...
VALID TODAY AS OF 0500 PM LOCAL TIME.

CLIMATE NORMAL PERIOD 1981 TO 2010
CLIMATE RECORD PERIOD 1954 TO 2016


WEATHER ITEM   OBSERVED TIME   RECORD YEAR NORMAL DEPARTURE LAST
                VALUE   (LST)  VALUE       VALUE  FROM      YEAR
                                                  NORMAL
..................................................................
TEMPERATURE (F)
 TODAY
  MAXIMUM        101R   346 PM 100    2006  93      8       84
  MINIMUM         65    503 AM  44    1965  58      7       62
  AVERAGE         83                        75      8       73

PRECIPITATION (IN)
  TODAY            0.00          0.45 2013   0.01  -0.01     0.00
  MONTH TO DATE    0.08                      0.37  -0.29     0.11
  SINCE OCT 1      5.74                      4.27   1.47     2.66
  SINCE JAN 1      2.36                      3.18  -0.82     2.18

DEGREE DAYS
 HEATING
  TODAY            0                         0      0        0
  MONTH TO DATE    0                         0      0        0
  SINCE JUN 1     10                        50    -40        6
  SINCE JUL 1      0                         0      0        0

 COOLING
  TODAY           18                        10      8        8
  MONTH TO DATE  305                       258     47      225
  SINCE JUN 1    575                       403    172      516
  SINCE JAN 1    583                       430    153      539
..................................................................


WIND (MPH)
  HIGHEST WIND SPEED    21   HIGHEST WIND DIRECTION     S (170)
  HIGHEST GUST SPEED    25   HIGHEST GUST DIRECTION     S (170)



WEATHER CONDITIONS
 THE FOLLOWING WEATHER WAS RECORDED TODAY.
  NO SIGNIFICANT WEATHER WAS OBSERVED.


RELATIVE HUMIDITY (PERCENT)
 HIGHEST    18           500 AM
 LOWEST      7          1000 AM
 AVERAGE    13

..........................................................


THE TONOPAH AIRPORT NV CLIMATE NORMALS FOR TOMORROW
                         NORMAL    RECORD    YEAR
 MAXIMUM TEMPERATURE (F)   92       100      1995
 MINIMUM TEMPERATURE (F)   58        47      1965


SUNRISE AND SUNSET
JULY 27 2016..........SUNRISE   548 AM PDT   SUNSET   802 PM PDT
JULY 28 2016..........SUNRISE   548 AM PDT   SUNSET   801 PM PDT


-  INDICATES NEGATIVE NUMBERS.
R  INDICATES RECORD WAS SET OR TIED.
MM INDICATES DATA IS MISSING.
T  INDICATES TRACE AMOUNT.




$$
