000
CDUS45 KLKN 280929
CLITPH


CLIMATE REPORT
NATIONAL WEATHER SERVICE ELKO NV
227 AM PDT SAT MAR 28 2015


...................................

...THE TONOPAH AIRPORT NV CLIMATE SUMMARY FOR MARCH 27 2015...

CLIMATE NORMAL PERIOD 1981 TO 2010
CLIMATE RECORD PERIOD 1954 TO 2015


WEATHER ITEM   OBSERVED TIME   RECORD YEAR NORMAL DEPARTURE LAST
                VALUE   (LST)  VALUE       VALUE  FROM      YEAR
                                                  NORMAL
..................................................................
TEMPERATURE (F)
 YESTERDAY
  MAXIMUM         78R   301 PM  74    1986  59     19       56
  MINIMUM         40    559 AM  16    1975  31      9       23
  AVERAGE         59                        45     14       40

PRECIPITATION (IN)
  YESTERDAY        0.00          0.72 1991   0.01  -0.01     0.00
  MONTH TO DATE    0.26                      0.51  -0.25      T
  SINCE OCT 1      0.92                      2.61  -1.69     1.12
  SINCE JAN 1      0.44                      1.52  -1.08     0.66

DEGREE DAYS
 HEATING
  YESTERDAY        6                        20    -14       25
  MONTH TO DATE  427                       606   -179      533
  SINCE MAR 1    427                       606   -179      533
  SINCE JUL 1   3549                      4648  -1099     4306

 COOLING
  YESTERDAY        0                         0      0        0
  MONTH TO DATE    0                         0      0        0
  SINCE MAR 1      0                         0      0        0
  SINCE JAN 1      0                         0      0        0
..................................................................


WIND (MPH)
  HIGHEST WIND SPEED    15   HIGHEST WIND DIRECTION     S (190)
  HIGHEST GUST SPEED    21   HIGHEST GUST DIRECTION     S (190)
  AVERAGE WIND SPEED     8.4



WEATHER CONDITIONS
 THE FOLLOWING WEATHER WAS RECORDED YESTERDAY.
  NO SIGNIFICANT WEATHER WAS OBSERVED.


RELATIVE HUMIDITY (PERCENT)
 HIGHEST    44           600 AM
 LOWEST     12           300 PM
 AVERAGE    28

..........................................................


THE TONOPAH AIRPORT NV CLIMATE NORMALS FOR TODAY
                         NORMAL    RECORD    YEAR
 MAXIMUM TEMPERATURE (F)   60        76      1986
 MINIMUM TEMPERATURE (F)   31        12      1972


SUNRISE AND SUNSET
MARCH 28 2015.........SUNRISE   640 AM PDT   SUNSET   708 PM PDT
MARCH 29 2015.........SUNRISE   638 AM PDT   SUNSET   709 PM PDT


-  INDICATES NEGATIVE NUMBERS.
R  INDICATES RECORD WAS SET OR TIED.
MM INDICATES DATA IS MISSING.
T  INDICATES TRACE AMOUNT.




$$
