000
CDUS45 KLKN 280927
CLITPH


CLIMATE REPORT
NATIONAL WEATHER SERVICE ELKO NV
126 AM PST FRI NOV 28 2014


...................................

...THE TONOPAH AIRPORT NV CLIMATE SUMMARY FOR NOVEMBER 27 2014...

CLIMATE NORMAL PERIOD 1981 TO 2010
CLIMATE RECORD PERIOD 1954 TO 2014


WEATHER ITEM   OBSERVED TIME   RECORD YEAR NORMAL DEPARTURE LAST
                VALUE   (LST)  VALUE       VALUE  FROM      YEAR
                                                  NORMAL
..................................................................
TEMPERATURE (F)
 YESTERDAY
  MAXIMUM         57    233 PM  66    1955  48      9       52
  MINIMUM         33    418 AM   5    1994  23     10       30
  AVERAGE         45                        35     10       41

PRECIPITATION (IN)
  YESTERDAY        0.00          1.17 1981   0.01  -0.01     0.00
  MONTH TO DATE    0.13                      0.40  -0.27     0.27
  SINCE OCT 1      0.13                      0.74  -0.61     0.42
  SINCE JAN 1      3.84                      4.89  -1.05     4.45

DEGREE DAYS
 HEATING
  YESTERDAY       20                        30    -10       24
  MONTH TO DATE  570                       655    -85      588
  SINCE SEP 1    846                      1121   -275     1150
  SINCE JUL 1    846                      1127   -281     1150

 COOLING
  YESTERDAY        0                         0      0        0
  MONTH TO DATE    0                         0      0        0
  SINCE SEP 1    141                        70     71      121
  SINCE JAN 1   1004                       783    221     1042
..................................................................


WIND (MPH)
  HIGHEST WIND SPEED    14   HIGHEST WIND DIRECTION     N (10)
  HIGHEST GUST SPEED    16   HIGHEST GUST DIRECTION     N (10)
  AVERAGE WIND SPEED     5.9



WEATHER CONDITIONS
 THE FOLLOWING WEATHER WAS RECORDED YESTERDAY.
  NO SIGNIFICANT WEATHER WAS OBSERVED.


RELATIVE HUMIDITY (PERCENT)
 HIGHEST    51           700 AM
 LOWEST     19           200 PM
 AVERAGE    35

..........................................................


THE TONOPAH AIRPORT NV CLIMATE NORMALS FOR TODAY
                         NORMAL    RECORD    YEAR
 MAXIMUM TEMPERATURE (F)   48        65      1959
 MINIMUM TEMPERATURE (F)   22        12      1989


SUNRISE AND SUNSET
NOVEMBER 28 2014......SUNRISE   643 AM PST   SUNSET   430 PM PST
NOVEMBER 29 2014......SUNRISE   644 AM PST   SUNSET   429 PM PST


-  INDICATES NEGATIVE NUMBERS.
R  INDICATES RECORD WAS SET OR TIED.
MM INDICATES DATA IS MISSING.
T  INDICATES TRACE AMOUNT.




$$
