386
CDUS45 KLKN 040927
CLITPH


CLIMATE REPORT
NATIONAL WEATHER SERVICE ELKO NV
126 AM PST SUN DEC 4 2016


...................................

...THE TONOPAH AIRPORT NV CLIMATE SUMMARY FOR DECEMBER 3 2016...

CLIMATE NORMAL PERIOD 1981 TO 2010
CLIMATE RECORD PERIOD 1954 TO 2016


WEATHER ITEM   OBSERVED TIME   RECORD YEAR NORMAL DEPARTURE LAST
                VALUE   (LST)  VALUE       VALUE  FROM      YEAR
                                                  NORMAL
..................................................................
TEMPERATURE (F)
 YESTERDAY
  MAXIMUM         50    226 PM  66    1977  46      4       54
  MINIMUM         17    552 AM   7    1955  21     -4       25
  AVERAGE         34                        34      0       40

PRECIPITATION (IN)
  YESTERDAY        0.00          0.16 1954   0.01  -0.01     0.00
  MONTH TO DATE    0.00                      0.03  -0.03     0.00
  SINCE OCT 1      0.20                      0.81  -0.61     3.31
  SINCE JAN 1      3.77                      4.96  -1.19     5.78

DEGREE DAYS
 HEATING
  YESTERDAY       31                        31      0       25
  MONTH TO DATE  101                        93      8       85
  SINCE DEC 1    101                        93      8       85
  SINCE JUL 1   1118                      1310   -192     1159

 COOLING
  YESTERDAY        0                         0      0        0
  MONTH TO DATE    0                         0      0        0
  SINCE DEC 1      0                         0      0        0
  SINCE JAN 1   1022                       783    239     1034
..................................................................


WIND (MPH)
  HIGHEST WIND SPEED    23   HIGHEST WIND DIRECTION    NW (330)
  HIGHEST GUST SPEED    28   HIGHEST GUST DIRECTION    NW (330)
  AVERAGE WIND SPEED    12.2



WEATHER CONDITIONS
 THE FOLLOWING WEATHER WAS RECORDED YESTERDAY.
  NO SIGNIFICANT WEATHER WAS OBSERVED.


RELATIVE HUMIDITY (PERCENT)
 HIGHEST    67          1200 AM
 LOWEST     22          1100 AM
 AVERAGE    45

..........................................................


THE TONOPAH AIRPORT NV CLIMATE NORMALS FOR TODAY
                         NORMAL    RECORD    YEAR
 MAXIMUM TEMPERATURE (F)   46        67      1958
 MINIMUM TEMPERATURE (F)   21         6      2013


SUNRISE AND SUNSET
DECEMBER  4 2016......SUNRISE   649 AM PST   SUNSET   429 PM PST
DECEMBER  5 2016......SUNRISE   650 AM PST   SUNSET   428 PM PST


-  INDICATES NEGATIVE NUMBERS.
R  INDICATES RECORD WAS SET OR TIED.
MM INDICATES DATA IS MISSING.
T  INDICATES TRACE AMOUNT.




$$
