000
CDUS45 KLKN 220932
CLITPH


CLIMATE REPORT
NATIONAL WEATHER SERVICE ELKO NV
232 AM PDT FRI MAY 22 2015


...................................

...THE TONOPAH AIRPORT NV CLIMATE SUMMARY FOR MAY 21 2015...

CLIMATE NORMAL PERIOD 1981 TO 2010
CLIMATE RECORD PERIOD 1954 TO 2015


WEATHER ITEM   OBSERVED TIME   RECORD YEAR NORMAL DEPARTURE LAST
                VALUE   (LST)  VALUE       VALUE  FROM      YEAR
                                                  NORMAL
..................................................................
TEMPERATURE (F)
 YESTERDAY
  MAXIMUM         68    212 PM  90    2012  76     -8       59
  MINIMUM         43    458 AM  27    1972  45     -2       40
  AVERAGE         56                        60     -4       50

PRECIPITATION (IN)
  YESTERDAY        T             0.18 1991   0.02  -0.02     0.01
  MONTH TO DATE    1.16                      0.34   0.82     0.05
  SINCE OCT 1      2.21                      3.43  -1.22     1.38
  SINCE JAN 1      1.73                      2.34  -0.61     0.92

DEGREE DAYS
 HEATING
  YESTERDAY        9                         6      3       15
  MONTH TO DATE  208                       173     35      159
  SINCE MAR 1   1094                      1324   -230     1153
  SINCE JUL 1   4216                      5366  -1150     4926

 COOLING
  YESTERDAY        0                         1     -1        0
  MONTH TO DATE    0                         8     -8        8
  SINCE MAR 1      0                         9     -9        8
  SINCE JAN 1      0                         9     -9        8
..................................................................


WIND (MPH)
  HIGHEST WIND SPEED    32   HIGHEST WIND DIRECTION    SW (210)
  HIGHEST GUST SPEED    40   HIGHEST GUST DIRECTION    SW (210)
  AVERAGE WIND SPEED    10.0



WEATHER CONDITIONS
 THE FOLLOWING WEATHER WAS RECORDED YESTERDAY.
  LIGHT RAIN


RELATIVE HUMIDITY (PERCENT)
 HIGHEST    76           500 AM
 LOWEST     20           200 PM
 AVERAGE    48

..........................................................


THE TONOPAH AIRPORT NV CLIMATE NORMALS FOR TODAY
                         NORMAL    RECORD    YEAR
 MAXIMUM TEMPERATURE (F)   76        92      2000
                                             1967
 MINIMUM TEMPERATURE (F)   45        31      2002
                                             1960


SUNRISE AND SUNSET
MAY 22 2015...........SUNRISE   533 AM PDT   SUNSET   758 PM PDT
MAY 23 2015...........SUNRISE   532 AM PDT   SUNSET   759 PM PDT


-  INDICATES NEGATIVE NUMBERS.
R  INDICATES RECORD WAS SET OR TIED.
MM INDICATES DATA IS MISSING.
T  INDICATES TRACE AMOUNT.




$$
