000
CDUS45 KLKN 200043
CLITPH


CLIMATE REPORT
NATIONAL WEATHER SERVICE ELKO NV
543 PM PDT FRI SEP 19 2014


...................................

...THE TONOPAH AIRPORT NV CLIMATE SUMMARY FOR SEPTEMBER 19 2014...
VALID TODAY AS OF 0500 PM LOCAL TIME.

CLIMATE NORMAL PERIOD 1981 TO 2010
CLIMATE RECORD PERIOD 1954 TO 2014


WEATHER ITEM   OBSERVED TIME   RECORD YEAR NORMAL DEPARTURE LAST
                VALUE   (LST)  VALUE       VALUE  FROM      YEAR
                                                  NORMAL
..................................................................
TEMPERATURE (F)
 TODAY
  MAXIMUM         85    311 PM  91    1991  80      5       79
  MINIMUM         53    539 AM  27    1978  47      6       47
  AVERAGE         69                        63      6       63

PRECIPITATION (IN)
  TODAY            0.00          0.45 1963   0.01  -0.01     0.00
  MONTH TO DATE    0.18                      0.25  -0.07     1.38
  SINCE OCT 1      3.66                      5.11  -1.45     5.25
  SINCE JAN 1      3.20                      4.02  -0.82     4.03

DEGREE DAYS
 HEATING
  TODAY            0                         3     -3        2
  MONTH TO DATE    0                        33    -33        5
  SINCE SEP 1      0                        33    -33        5
  SINCE JUL 1      0                        39    -39        5

 COOLING
  TODAY            4                         2      2        0
  MONTH TO DATE  126                        60     66      121
  SINCE SEP 1    126                        60     66      121
  SINCE JAN 1    989                       773    216     1042
..................................................................


WIND (MPH)
  HIGHEST WIND SPEED    21   HIGHEST WIND DIRECTION     S (170)
  HIGHEST GUST SPEED    24   HIGHEST GUST DIRECTION    SE (140)



WEATHER CONDITIONS
 THE FOLLOWING WEATHER WAS RECORDED TODAY.
  HAZE


RELATIVE HUMIDITY (PERCENT)
 HIGHEST    46           600 AM
 LOWEST     14           300 PM
 AVERAGE    30

..........................................................


THE TONOPAH AIRPORT NV CLIMATE NORMALS FOR TOMORROW
                         NORMAL    RECORD    YEAR
 MAXIMUM TEMPERATURE (F)   79        89      1991
 MINIMUM TEMPERATURE (F)   47        30      1978


SUNRISE AND SUNSET
SEPTEMBER 19 2014.....SUNRISE   634 AM PDT   SUNSET   650 PM PDT
SEPTEMBER 20 2014.....SUNRISE   634 AM PDT   SUNSET   648 PM PDT


-  INDICATES NEGATIVE NUMBERS.
R  INDICATES RECORD WAS SET OR TIED.
MM INDICATES DATA IS MISSING.
T  INDICATES TRACE AMOUNT.




$$
