000
CDUS44 KMRX 110915
CLITRI


CLIMATE REPORT
NATIONAL WEATHER SERVICE MORRISTOWN TN
414 AM EST SUN DEC 11 2016


...................................

...THE TRI-CITIES      ASOS CLIMATE SUMMARY FOR DECEMBER 10 2016...

CLIMATE NORMAL PERIOD 1981 TO 2010
CLIMATE RECORD PERIOD 1934 TO 2016


WEATHER ITEM   OBSERVED TIME   RECORD YEAR NORMAL DEPARTURE LAST
                VALUE   (LST)  VALUE       VALUE  FROM      YEAR
                                                  NORMAL
..................................................................
TEMPERATURE (F)
 YESTERDAY
  MAXIMUM         37    405 PM  76    1971  49    -12       63
  MINIMUM         14    715 AM   6    1937  29    -15       43
  AVERAGE         26                        39    -13       53

PRECIPITATION (IN)
  YESTERDAY        0.00          1.95 1972   0.12  -0.12     0.00
  MONTH TO DATE    1.74                      1.15   0.59     1.50
  SINCE DEC 1      1.74                      1.15   0.59     1.50
  SINCE JAN 1     32.26                     38.79  -6.53    40.80

SNOWFALL (IN)
  YESTERDAY        0.0                       0.0    0.0      0.0
  MONTH TO DATE    T                         0.5   -0.5      0.0
  SINCE DEC 1      T                         0.5   -0.5      0.0
  SINCE JUL 1      T                         0.8   -0.8      0.0
  SNOW DEPTH       0

DEGREE DAYS
 HEATING
  YESTERDAY       39                        26     13       12
  MONTH TO DATE  262                       250     12      201
  SINCE DEC 1    262                       250     12      201
  SINCE JUL 1    881                      1136   -255      844

 COOLING
  YESTERDAY        0                         0      0        0
  MONTH TO DATE    0                         0      0        0
  SINCE DEC 1      0                         0      0        0
  SINCE JAN 1   1492                       981    511     1313
..................................................................


WIND (MPH)
  HIGHEST WIND SPEED     9   HIGHEST WIND DIRECTION     W (280)
  HIGHEST GUST SPEED    13   HIGHEST GUST DIRECTION     W (270)
  AVERAGE WIND SPEED     1.2


SKY COVER
  POSSIBLE SUNSHINE  MM
  AVERAGE SKY COVER 0.3


WEATHER CONDITIONS
 THE FOLLOWING WEATHER WAS RECORDED YESTERDAY.
  FOG
  FOG W/VISIBILITY <= 1/4 MILE


RELATIVE HUMIDITY (PERCENT)
 HIGHEST    91           900 AM
 LOWEST     35           400 PM
 AVERAGE    63

..........................................................


THE TRI-CITIES      ASOS CLIMATE NORMALS FOR TODAY
                         NORMAL    RECORD    YEAR
 MAXIMUM TEMPERATURE (F)   49        72      2007
 MINIMUM TEMPERATURE (F)   28         4      1962
                                             1937


SUNRISE AND SUNSET
DECEMBER 11 2016......SUNRISE   732 AM EST   SUNSET   515 PM EST
DECEMBER 12 2016......SUNRISE   732 AM EST   SUNSET   515 PM EST


-  INDICATES NEGATIVE NUMBERS.
R  INDICATES RECORD WAS SET OR TIED.
MM INDICATES DATA IS MISSING.
T  INDICATES TRACE AMOUNT.




$$
