000
CDUS44 KMRX 312229
CLITRI

CLIMATE REPORT NATIONAL WEATHER SERVICE MORRISTOWN TN
528 PM EST SAT JAN 31 2015

...................................

...THE TRI-CITIES  CLIMATE SUMMARY FOR JANUARY 31 2015... VALID
TODAY AS OF 0500 PM LOCAL TIME.

CLIMATE NORMAL PERIOD 1981 TO 2010
CLIMATE RECORD PERIOD 1934 TO 2015


WEATHER ITEM   OBSERVED TIME   RECORD YEAR NORMAL DEPARTURE LAST
                VALUE   (LST)  VALUE       VALUE  FROM      YEAR
                                                  NORMAL
..................................................................
TEMPERATURE (F)
 TODAY
  MAXIMUM         44    445 PM  76    2002  46     -2       45
  MINIMUM         16    740 AM -15    1966  26    -10       16
  AVERAGE         30                        36     -6       31

PRECIPITATION (IN)
  TODAY            0.00          1.75 1957   0.12  -0.12     0.00
  MONTH TO DATE    2.28                      3.37  -1.09     1.80
  SINCE DEC 1      5.31                      6.74  -1.43     8.14
  SINCE JAN 1      2.28                      3.37  -1.09     1.80

SNOWFALL (IN)
  TODAY            0.0                       0.2   -0.2      0.0
  MONTH TO DATE    0.3                       4.7   -4.4      4.6
  SINCE DEC 1      0.3                       7.1   -6.8      4.6
  SINCE JUL 1      1.5                       7.4   -5.9      6.0
  SNOW DEPTH       0

DEGREE DAYS
 HEATING
  TODAY           35                        29      6       34
  MONTH TO DATE  921                       925     -4     1123
  SINCE DEC 1   1652                      1768   -116     1863
  SINCE JUL 1   2635                      2654    -19     2754

 COOLING
  TODAY            0                         0      0        0
  MONTH TO DATE    0                         0      0        0
  SINCE DEC 1      0                         0      0        0
  SINCE JAN 1      0                         0      0        0
..................................................................


WIND (MPH)
  HIGHEST WIND SPEED    10   HIGHEST WIND DIRECTION     S (200)
  HIGHEST GUST SPEED    14   HIGHEST GUST DIRECTION     S (200)
  AVERAGE WIND SPEED     1.0


SKY COVER
  POSSIBLE SUNSHINE  MM
  AVERAGE SKY COVER 0.4


WEATHER CONDITIONS
 THE FOLLOWING WEATHER WAS RECORDED TODAY.
  NO SIGNIFICANT WEATHER WAS OBSERVED.


RELATIVE HUMIDITY (PERCENT)
 HIGHEST    84           300 AM
 LOWEST     22           300 PM
 AVERAGE    53

..........................................................


THE TRI-CITIES      ASOS CLIMATE NORMALS FOR TOMORROW
                         NORMAL    RECORD    YEAR
 MAXIMUM TEMPERATURE (F)   47        70      1988
 MINIMUM TEMPERATURE (F)   26         4      1980


SUNRISE AND SUNSET
JANUARY 31 2015.......SUNRISE   732 AM EST   SUNSET   554 PM EST
FEBRUARY  1 2015......SUNRISE   731 AM EST   SUNSET   555 PM EST


-  INDICATES NEGATIVE NUMBERS.
R  INDICATES RECORD WAS SET OR TIED.
MM INDICATES DATA IS MISSING.
T  INDICATES TRACE AMOUNT.




$$
