000
CDUS44 KMRX 240821
CLITRI


CLIMATE REPORT
NATIONAL WEATHER SERVICE MORRISTOWN TN
421 AM EDT WED MAY 24 2017


...................................

...THE TRI-CITIES      ASOS CLIMATE SUMMARY FOR MAY 23 2017...

CLIMATE NORMAL PERIOD 1981 TO 2010
CLIMATE RECORD PERIOD 1934 TO 2017


WEATHER ITEM   OBSERVED TIME   RECORD YEAR NORMAL DEPARTURE LAST
                VALUE   (LST)  VALUE       VALUE  FROM      YEAR
                                                  NORMAL
..................................................................
TEMPERATURE (F)
 YESTERDAY
  MAXIMUM         67   1233 PM  91    1953  78    -11       72
  MINIMUM         61    500 AM  37    2002  53      8       49
  AVERAGE         64                        65     -1       61

PRECIPITATION (IN)
  YESTERDAY        0.84          0.90 1973   0.12   0.72     0.00
  MONTH TO DATE    5.16                      2.79   2.37     3.58
  SINCE MAR 1     14.89                      9.56   5.33     8.11
  SINCE JAN 1     19.57                     16.38   3.19    15.51

SNOWFALL (IN)
  YESTERDAY        0.0                       0.0    0.0      0.0
  MONTH TO DATE    0.0                       0.0    0.0      0.0
  SINCE MAR 1      0.3                       2.5   -2.2       T
  SINCE JUL 1      4.3                      13.3   -9.0     18.4
  SNOW DEPTH       0

DEGREE DAYS
 HEATING
  YESTERDAY        1                         2     -1        4
  MONTH TO DATE   68                        95    -27       89
  SINCE MAR 1    733                       967   -234      723
  SINCE JUL 1   3300                      4349  -1049     3543

 COOLING
  YESTERDAY        0                         3     -3        0
  MONTH TO DATE   64                        37     27       28
  SINCE MAR 1     96                        48     48       54
  SINCE JAN 1     96                        48     48       54
..................................................................


WIND (MPH)
  HIGHEST WIND SPEED     7   HIGHEST WIND DIRECTION     S (190)
  HIGHEST GUST SPEED    10   HIGHEST GUST DIRECTION     E (90)
  AVERAGE WIND SPEED     0.9


SKY COVER
  POSSIBLE SUNSHINE  MM
  AVERAGE SKY COVER 1.0


WEATHER CONDITIONS
 THE FOLLOWING WEATHER WAS RECORDED YESTERDAY.
  HEAVY RAIN
  RAIN
  LIGHT RAIN
  FOG


RELATIVE HUMIDITY (PERCENT)
 HIGHEST   100           300 PM
 LOWEST     78          1200 AM
 AVERAGE    89

..........................................................


THE TRI-CITIES      ASOS CLIMATE NORMALS FOR TODAY
                         NORMAL    RECORD    YEAR
 MAXIMUM TEMPERATURE (F)   78        88      1970
                                             1953
 MINIMUM TEMPERATURE (F)   53        40      2006
                                             1961


SUNRISE AND SUNSET
MAY 24 2017...........SUNRISE   616 AM EDT   SUNSET   837 PM EDT
MAY 25 2017...........SUNRISE   616 AM EDT   SUNSET   838 PM EDT


-  INDICATES NEGATIVE NUMBERS.
R  INDICATES RECORD WAS SET OR TIED.
MM INDICATES DATA IS MISSING.
T  INDICATES TRACE AMOUNT.




$$
