000
CDUS44 KMRX 070812
CLITRI

CLIMATE REPORT
NATIONAL WEATHER SERVICE MORRISTOWN TN
410 AM EDT TUE JUL 7 2015


...................................

...THE TRI-CITIES CLIMATE SUMMARY FOR JULY 6 2015...

CLIMATE NORMAL PERIOD 1981 TO 2010
CLIMATE RECORD PERIOD 1934 TO 2015


WEATHER ITEM   OBSERVED TIME   RECORD YEAR NORMAL DEPARTURE LAST
                VALUE   (LST)  VALUE       VALUE  FROM      YEAR
                                                  NORMAL
..................................................................
TEMPERATURE (F)
 YESTERDAY
  MAXIMUM         83    410 PM  94    2012  86     -3       87
                                      2010
  MINIMUM         67   1159 PM  51    1972  64      3       60
  AVERAGE         75                        75      0       74

PRECIPITATION (IN)
  YESTERDAY        0.05          0.99 1946   0.15  -0.10     0.00
  MONTH TO DATE    2.36                      0.86   1.50     0.00
  SINCE JUN 1      4.81                      4.76   0.05     3.58
  SINCE JAN 1     19.72                     22.15  -2.43    15.58

SNOWFALL (IN)
  YESTERDAY        0.0                       0.0    0.0      0.0
  MONTH TO DATE    0.0                       0.0    0.0      0.0
  SINCE JUN 1      0.0                       0.0    0.0      0.0
  SINCE JUL 1      0.0                       0.0    0.0      0.0
  SNOW DEPTH       0

DEGREE DAYS
 HEATING
  YESTERDAY        0                         0      0        0
  MONTH TO DATE    0                         0      0        0
  SINCE JUN 1      0                        11    -11        0
  SINCE JUL 1      0                         0      0        0

 COOLING
  YESTERDAY       10                        10      0        9
  MONTH TO DATE   55                        57     -2       55
  SINCE JUN 1    369                       263    106      351
  SINCE JAN 1    535                       336    199      485
..................................................................


WIND (MPH)
  HIGHEST WIND SPEED    15   HIGHEST WIND DIRECTION     W (250)
  HIGHEST GUST SPEED    20   HIGHEST GUST DIRECTION    SW (230)
  AVERAGE WIND SPEED     5.6


SKY COVER
  POSSIBLE SUNSHINE  MM
  AVERAGE SKY COVER 0.5


WEATHER CONDITIONS
 THE FOLLOWING WEATHER WAS RECORDED YESTERDAY.
  LIGHT RAIN
  FOG
  HAZE


RELATIVE HUMIDITY (PERCENT)
 HIGHEST   100           400 AM
 LOWEST     51           300 PM
 AVERAGE    76

..........................................................


THE TRI-CITIES CLIMATE NORMALS FOR TODAY
                         NORMAL    RECORD    YEAR
 MAXIMUM TEMPERATURE (F)   86        98      2012
 MINIMUM TEMPERATURE (F)   64        50      2006
                                             1972


SUNRISE AND SUNSET
JULY  7 2015..........SUNRISE   618 AM EDT   SUNSET   851 PM EDT
JULY  8 2015..........SUNRISE   619 AM EDT   SUNSET   850 PM EDT


-  INDICATES NEGATIVE NUMBERS.
R  INDICATES RECORD WAS SET OR TIED.
MM INDICATES DATA IS MISSING.
T  INDICATES TRACE AMOUNT.




$$
