000
CDUS44 KMRX 302113
CLITRI


CLIMATE REPORT
NATIONAL WEATHER SERVICE MORRISTOWN TN
513 PM EDT SAT APR 30 2016


...................................

...THE TRI-CITIES      ASOS CLIMATE SUMMARY FOR APRIL 30 2016...
VALID TODAY AS OF 0500 PM LOCAL TIME.

CLIMATE NORMAL PERIOD 1981 TO 2010
CLIMATE RECORD PERIOD 1934 TO 2016


WEATHER ITEM   OBSERVED TIME   RECORD YEAR NORMAL DEPARTURE LAST
                VALUE   (LST)  VALUE       VALUE  FROM      YEAR
                                                  NORMAL
..................................................................
TEMPERATURE (F)
 TODAY
  MAXIMUM         81    306 PM  89    1942  72      9       70
  MINIMUM         54    554 AM  30    2008  47      7       46
  AVERAGE         68                        59      9       58

PRECIPITATION (IN)
  TODAY            0.00          0.73 1953   0.11  -0.11     0.09
  MONTH TO DATE    2.98                      3.33  -0.35     4.98
  SINCE MAR 1      3.92                      6.77  -2.85     8.88
  SINCE JAN 1     11.32                     13.59  -2.27    14.21

SNOWFALL (IN)
  TODAY            0.0                       0.0    0.0      0.0
  MONTH TO DATE    0.0                       1.1   -1.1      0.0
  SINCE MAR 1      T                         2.5   -2.5       T
  SINCE JUL 1     18.4                      13.3    5.1     15.5
  SNOW DEPTH       0

DEGREE DAYS
 HEATING
  TODAY            0                         6     -6        7
  MONTH TO DATE  245                       304    -59      205
  SINCE MAR 1    634                       872   -238      708
  SINCE JUL 1   3454                      4254   -800     4335

 COOLING
  TODAY            3                         1      2        0
  MONTH TO DATE   20                        10     10       10
  SINCE MAR 1     26                        11     15       10
  SINCE JAN 1     26                        11     15       10
..................................................................


WIND (MPH)
  HIGHEST WIND SPEED    18   HIGHEST WIND DIRECTION    NW (330)
  HIGHEST GUST SPEED    23   HIGHEST GUST DIRECTION     N (340)
  AVERAGE WIND SPEED     2.1


SKY COVER
  POSSIBLE SUNSHINE  MM
  AVERAGE SKY COVER 0.8


WEATHER CONDITIONS
 THE FOLLOWING WEATHER WAS RECORDED TODAY.
  NO SIGNIFICANT WEATHER WAS OBSERVED.


RELATIVE HUMIDITY (PERCENT)
 HIGHEST    93           600 AM
 LOWEST     45           300 PM
 AVERAGE    69

..........................................................


THE TRI-CITIES      ASOS CLIMATE NORMALS FOR TOMORROW
                         NORMAL    RECORD    YEAR
 MAXIMUM TEMPERATURE (F)   72        89      1942
 MINIMUM TEMPERATURE (F)   47        32      1996


SUNRISE AND SUNSET
APRIL 30 2016.........SUNRISE   637 AM EDT   SUNSET   817 PM EDT
MAY  1 2016...........SUNRISE   636 AM EDT   SUNSET   818 PM EDT


-  INDICATES NEGATIVE NUMBERS.
R  INDICATES RECORD WAS SET OR TIED.
MM INDICATES DATA IS MISSING.
T  INDICATES TRACE AMOUNT.




$$
