000
CDUS44 KMRX 261307
CLITRI

CLIMATE REPORT NATIONAL WEATHER SERVICE MORRISTOWN TN
807 AM EST WED NOV 26 2014

...................................

...THE TRI-CITIES  CLIMATE SUMMARY FOR NOVEMBER 25 2014...

CLIMATE NORMAL PERIOD 1981 TO 2010
CLIMATE RECORD PERIOD 1934 TO 2014


WEATHER ITEM   OBSERVED TIME   RECORD YEAR NORMAL DEPARTURE LAST
                VALUE   (LST)  VALUE       VALUE  FROM      YEAR
                                                  NORMAL
..................................................................
TEMPERATURE (F)
 YESTERDAY
  MAXIMUM         56    327 PM  71    2010  55      1       39
                                      1973
  MINIMUM         37    829 AM   5    1950  32      5       20
  AVERAGE         47                        43      4       30

PRECIPITATION (IN)
  YESTERDAY        0.00          1.49 1999   0.11  -0.11     0.04
  MONTH TO DATE    1.90                      2.52  -0.62     1.48
  SINCE SEP 1      9.52                      7.61   1.91     4.01
  SINCE JAN 1     34.56                     37.06  -2.50    48.88

SNOWFALL (IN)
  YESTERDAY        0.0                       0.0    0.0      0.0
  MONTH TO DATE    1.1                       0.1    1.0      0.0
  SINCE SEP 1      1.1                       0.2    0.9       T
  SINCE JUL 1      1.1                       0.2    0.9       T
  SNOW DEPTH       0

DEGREE DAYS
 HEATING
  YESTERDAY       18                        22     -4       35
  MONTH TO DATE  596                       438    158      494
  SINCE SEP 1    858                       772     86      735
  SINCE JUL 1    858                       773     85      735

 COOLING
  YESTERDAY        0                         0      0        0
  MONTH TO DATE    0                         0      0        0
  SINCE SEP 1    184                       128     56      145
  SINCE JAN 1   1141                       980    161     1003
..................................................................


WIND (MPH)
  HIGHEST WIND SPEED    12   HIGHEST WIND DIRECTION     W (270)
  HIGHEST GUST SPEED    14   HIGHEST GUST DIRECTION     W (280)
  AVERAGE WIND SPEED     3.1


SKY COVER
  POSSIBLE SUNSHINE  MM
  AVERAGE SKY COVER  MM


WEATHER CONDITIONS
 THE FOLLOWING WEATHER WAS RECORDED YESTERDAY.
  NO SIGNIFICANT WEATHER WAS OBSERVED.


RELATIVE HUMIDITY (PERCENT)
 HIGHEST    85           900 AM
 LOWEST     38           200 PM
 AVERAGE    62

..........................................................


THE TRI-CITIES      ASOS CLIMATE NORMALS FOR TODAY
                         NORMAL    RECORD    YEAR
 MAXIMUM TEMPERATURE (F)   54        77      1946
 MINIMUM TEMPERATURE (F)   32        10      1950


SUNRISE AND SUNSET
NOVEMBER 26 2014......SUNRISE   718 AM EST   SUNSET   515 PM EST
NOVEMBER 27 2014......SUNRISE   719 AM EST   SUNSET   515 PM EST


-  INDICATES NEGATIVE NUMBERS.
R  INDICATES RECORD WAS SET OR TIED.
MM INDICATES DATA IS MISSING.
T  INDICATES TRACE AMOUNT.

&&

THE LOW TEMPERATURE THIS MORNING WAS 40.
THERE HAS BEEN 0.33 INCHES OF PRECIPITATION SINCE MIDNIGHT

$$
