000
CDUS46 KSGX 200117
CLITRM


CLIMATE REPORT
NATIONAL WEATHER SERVICE SAN DIEGO, CA
517 PM PST FRI JAN 19 2018


...................................

...THE THERMAL AIRPORT CA CLIMATE SUMMARY FOR JANUARY 19 2018...
VALID TODAY AS OF 0500 PM LOCAL TIME.

CLIMATE NORMAL PERIOD 1981 TO 2010
CLIMATE RECORD PERIOD 1950 TO 2018


WEATHER ITEM   OBSERVED TIME   RECORD YEAR NORMAL DEPARTURE LAST
                VALUE   (LST)  VALUE       VALUE  FROM      YEAR
                                                  NORMAL
..................................................................
TEMPERATURE (F)
 TODAY
  MAXIMUM         75    245 PM  92    1971  72      3       63
  MINIMUM         43    710 AM  26    2002  38      5       46
  AVERAGE         59                        55      4       55

PRECIPITATION (IN)
  TODAY            0.00          0.22 2010   0.02  -0.02     0.08
  MONTH TO DATE    0.41                      0.43  -0.02     0.71
  SINCE OCT 1      0.41                      1.24  -0.83     2.39
  SINCE JAN 1      0.41                      0.43  -0.02     0.71

DEGREE DAYS
 HEATING
  TODAY            6                        10     -4       10
  MONTH TO DATE   68                       205   -137      191
  SINCE DEC 1    313                       576   -263      497
  SINCE JUL 1    330                       743   -413      615

 COOLING
  TODAY            0                         0      0        0
  MONTH TO DATE    0                         0      0        0
  SINCE DEC 1      0                         1     -1        2
  SINCE JAN 1      0                         0      0        0
..................................................................


WIND (MPH)
  RESULTANT WIND SPEED   2   RESULTANT WIND DIRECTION  SE (130)
  HIGHEST WIND SPEED    10   HIGHEST WIND DIRECTION    SE (130)
  HIGHEST GUST SPEED    14   HIGHEST GUST DIRECTION    SE (150)
  AVERAGE WIND SPEED     3.5


SKY COVER
  POSSIBLE SUNSHINE  MM
  AVERAGE SKY COVER 0.0


WEATHER CONDITIONS
 THE FOLLOWING WEATHER WAS RECORDED TODAY.
  NO SIGNIFICANT WEATHER WAS OBSERVED.


RELATIVE HUMIDITY (PERCENT)
 HIGHEST    86           400 AM
 LOWEST     23           200 PM
 AVERAGE    55

..........................................................


THE THERMAL AIRPORT CA CLIMATE NORMALS FOR TOMORROW
                         NORMAL    RECORD    YEAR
 MAXIMUM TEMPERATURE (F)   72        85      2000
 MINIMUM TEMPERATURE (F)   38        23      1963


SUNRISE AND SUNSET
JANUARY 19 2018.......SUNRISE   648 AM PST   SUNSET   503 PM PST
JANUARY 20 2018.......SUNRISE   647 AM PST   SUNSET   504 PM PST


-  INDICATES NEGATIVE NUMBERS.
R  INDICATES RECORD WAS SET OR TIED.
MM INDICATES DATA IS MISSING.
T  INDICATES TRACE AMOUNT.




$$
