000
CDUS46 KSGX 211417
CLITRM


CLIMATE REPORT
NATIONAL WEATHER SERVICE SAN DIEGO, CA
717 AM PDT THU AUG 21 2014


...................................

...THE THERMAL AIRPORT CA CLIMATE SUMMARY FOR AUGUST 20 2014...

CLIMATE NORMAL PERIOD 1981 TO 2010
CLIMATE RECORD PERIOD 1950 TO 2014


WEATHER ITEM   OBSERVED TIME   RECORD YEAR NORMAL DEPARTURE LAST
                VALUE   (LST)  VALUE       VALUE  FROM      YEAR
                                                  NORMAL
..................................................................
TEMPERATURE (F)
 YESTERDAY
  MAXIMUM        100    324 PM 115    1982 106     -6      108
  MINIMUM         77    459 AM  60    1996  73      4       78
  AVERAGE         89                        90     -1       93

PRECIPITATION (IN)
  YESTERDAY        T             0.09 1988   0.01  -0.01     0.00
  MONTH TO DATE    0.32                      0.11   0.21     0.00
  SINCE JUL 1      0.32                      0.25   0.07     0.08
  SINCE JAN 1      0.40                      2.07  -1.67     0.52

SNOWFALL (IN)
  YESTERDAY        0.0
  MONTH TO DATE    0.0
  SINCE JAN 1      0.0
  SINCE JUL 1      0.0
  SNOW DEPTH       0

DEGREE DAYS
 HEATING
  YESTERDAY        0                         0      0        0
  MONTH TO DATE    0                         0      0        0
  SINCE JUN 1      0                         0      0        0
  SINCE JUL 1      0                         0      0        0

 COOLING
  YESTERDAY       24                        25     -1       28
  MONTH TO DATE  514                       505      9      499
  SINCE JUN 1   2114                      1899    215     2110
  SINCE JAN 1   2936                      2572    364     3017
..................................................................


WIND (MPH)
  RESULTANT WIND SPEED   6   RESULTANT WIND DIRECTION  NW (330)
  HIGHEST WIND SPEED    16   HIGHEST WIND DIRECTION    NW (330)
  HIGHEST GUST SPEED    21   HIGHEST GUST DIRECTION    NW (330)
  AVERAGE WIND SPEED     7.4


SKY COVER
  POSSIBLE SUNSHINE  MM
  AVERAGE SKY COVER 0.0


WEATHER CONDITIONS
 THE FOLLOWING WEATHER WAS RECORDED YESTERDAY.
  NO SIGNIFICANT WEATHER WAS OBSERVED.


RELATIVE HUMIDITY (PERCENT)
 HIGHEST    39           500 AM
 LOWEST     17           200 PM
 AVERAGE    28

..........................................................


THE THERMAL AIRPORT CA CLIMATE NORMALS FOR TODAY
                         NORMAL    RECORD    YEAR
 MAXIMUM TEMPERATURE (F)  106       118      1969
 MINIMUM TEMPERATURE (F)   73        52      1993


SUNRISE AND SUNSET
AUGUST 21 2014........SUNRISE   611 AM PDT   SUNSET   724 PM PDT
AUGUST 22 2014........SUNRISE   612 AM PDT   SUNSET   723 PM PDT


-  INDICATES NEGATIVE NUMBERS.
R  INDICATES RECORD WAS SET OR TIED.
MM INDICATES DATA IS MISSING.
T  INDICATES TRACE AMOUNT.




$$
