000
CDUS46 KSGX 200016
CLITRM


CLIMATE REPORT
NATIONAL WEATHER SERVICE SAN DIEGO, CA
516 PM PDT SUN OCT 19 2014


...................................

...THE THERMAL AIRPORT CA CLIMATE SUMMARY FOR OCTOBER 19 2014...
VALID TODAY AS OF 0500 PM LOCAL TIME.

CLIMATE NORMAL PERIOD 1981 TO 2010
CLIMATE RECORD PERIOD 1950 TO 2014


WEATHER ITEM   OBSERVED TIME   RECORD YEAR NORMAL DEPARTURE LAST
                VALUE   (LST)  VALUE       VALUE  FROM      YEAR
                                                  NORMAL
..................................................................
TEMPERATURE (F)
 TODAY
  MAXIMUM         95    237 PM 108    1991  90      5       93
  MINIMUM         71    304 AM  39    1999  54     17       48
  AVERAGE         83                        72     11       71

PRECIPITATION (IN)
  TODAY            0.00          0.51 2010   0.01  -0.01     0.00
  MONTH TO DATE    T                         0.14  -0.14      T
  SINCE JUL 1      0.45                      0.71  -0.26     1.39
  SINCE JAN 1      0.53                      2.53  -2.00     1.83

SNOWFALL (IN)
  TODAY            0.0
  MONTH TO DATE    0.0
  SINCE JAN 1      0.0
  SINCE JUL 1      0.0
  SNOW DEPTH       0

DEGREE DAYS
 HEATING
  TODAY            0                         0      0        0
  MONTH TO DATE    0                         0      0        5
  SINCE SEP 1      0                         0      0        5
  SINCE JUL 1      0                         0      0        5

 COOLING
  TODAY           18                         7     11        6
  MONTH TO DATE  250                       192     58      103
  SINCE SEP 1    933                       757    176      715
  SINCE JAN 1   4130                      3590    540     3999
..................................................................


WIND (MPH)
  RESULTANT WIND SPEED   3   RESULTANT WIND DIRECTION   N (0)
  HIGHEST WIND SPEED    13   HIGHEST WIND DIRECTION    NW (330)
  HIGHEST GUST SPEED    16   HIGHEST GUST DIRECTION     N (340)
  AVERAGE WIND SPEED     7.4


SKY COVER
  POSSIBLE SUNSHINE  MM
  AVERAGE SKY COVER 0.0


WEATHER CONDITIONS
 THE FOLLOWING WEATHER WAS RECORDED TODAY.
  NO SIGNIFICANT WEATHER WAS OBSERVED.


RELATIVE HUMIDITY (PERCENT)
 HIGHEST    53           300 AM
 LOWEST     22           300 PM
 AVERAGE    38

..........................................................


THE THERMAL AIRPORT CA CLIMATE NORMALS FOR TOMORROW
                         NORMAL    RECORD    YEAR
 MAXIMUM TEMPERATURE (F)   89       107      2003
 MINIMUM TEMPERATURE (F)   54        40      1999


SUNRISE AND SUNSET
OCTOBER 19 2014.......SUNRISE   653 AM PDT   SUNSET   606 PM PDT
OCTOBER 20 2014.......SUNRISE   653 AM PDT   SUNSET   605 PM PDT


-  INDICATES NEGATIVE NUMBERS.
R  INDICATES RECORD WAS SET OR TIED.
MM INDICATES DATA IS MISSING.
T  INDICATES TRACE AMOUNT.




$$
