000
CDUS46 KSGX 010017
CLITRM


CLIMATE REPORT
NATIONAL WEATHER SERVICE SAN DIEGO, CA
417 PM PST SAT FEB 28 2015


...................................

...THE THERMAL AIRPORT CA CLIMATE SUMMARY FOR FEBRUARY 28 2015...
VALID TODAY AS OF 0400 PM LOCAL TIME.

CLIMATE NORMAL PERIOD 1981 TO 2010
CLIMATE RECORD PERIOD 1950 TO 2015


WEATHER ITEM   OBSERVED TIME   RECORD YEAR NORMAL DEPARTURE LAST
                VALUE   (LST)  VALUE       VALUE  FROM      YEAR
                                                  NORMAL
..................................................................
TEMPERATURE (F)
 TODAY
  MAXIMUM         73   1238 PM  93    1986  77     -4       77
  MINIMUM         53    607 AM  29    1962  44      9       57
  AVERAGE         63                        61      2       67

PRECIPITATION (IN)
  TODAY            0.00          0.77 1978   0.02  -0.02     0.08
  MONTH TO DATE    0.04                      0.66  -0.62     0.08
  SINCE OCT 1      0.46                      2.14  -1.68     0.16
  SINCE JAN 1      0.31                      1.33  -1.02     0.08

SNOWFALL (IN)
  TODAY            0.0
  MONTH TO DATE    0.0
  SINCE JAN 1      0.0
  SINCE JUL 1      0.0
  SNOW DEPTH       0

DEGREE DAYS
 HEATING
  TODAY            2                         5     -3        0
  MONTH TO DATE   46                       205   -159      116
  SINCE DEC 1    596                       898   -302      680
  SINCE JUL 1    705                      1065   -360      789

 COOLING
  TODAY            0                         1     -1        2
  MONTH TO DATE   22                        10     12       10
  SINCE DEC 1     25                        13     12       10
  SINCE JAN 1     22                        12     10       10
..................................................................


WIND (MPH)
  RESULTANT WIND SPEED  14   RESULTANT WIND DIRECTION   W (290)
  HIGHEST WIND SPEED    30   HIGHEST WIND DIRECTION     W (290)
  HIGHEST GUST SPEED    40   HIGHEST GUST DIRECTION     W (280)
  AVERAGE WIND SPEED    15.0


SKY COVER
  POSSIBLE SUNSHINE  MM
  AVERAGE SKY COVER 0.1


WEATHER CONDITIONS
 THE FOLLOWING WEATHER WAS RECORDED TODAY.
  HAZE


RELATIVE HUMIDITY (PERCENT)
 HIGHEST    51           600 AM
 LOWEST     23          1200 PM
 AVERAGE    37

..........................................................


THE THERMAL AIRPORT CA CLIMATE NORMALS FOR TOMORROW
                         NORMAL    RECORD    YEAR
 MAXIMUM TEMPERATURE (F)   78        89      1999
 MINIMUM TEMPERATURE (F)   44        31      1964


SUNRISE AND SUNSET
FEBRUARY 28 2015......SUNRISE   614 AM PST   SUNSET   540 PM PST
MARCH  1 2015.........SUNRISE   613 AM PST   SUNSET   541 PM PST


-  INDICATES NEGATIVE NUMBERS.
R  INDICATES RECORD WAS SET OR TIED.
MM INDICATES DATA IS MISSING.
T  INDICATES TRACE AMOUNT.




$$
