444
CDUS46 KPQR 171141
CLITTD


CLIMATE REPORT
NATIONAL WEATHER SERVICE PORTLAND OREGON
340 AM PST SAT FEB 17 2018


...................................

...THE TROUTDALE OR CLIMATE SUMMARY FOR FEBRUARY 16 2018...

CLIMATE NORMAL PERIOD 1981 TO 2010
CLIMATE RECORD PERIOD 1948 TO 2018


WEATHER ITEM   OBSERVED TIME   RECORD YEAR NORMAL DEPARTURE LAST
                VALUE   (LST)  VALUE       VALUE  FROM      YEAR
                                                  NORMAL
..................................................................
TEMPERATURE (F)
 YESTERDAY
  MAXIMUM         52    350 PM  63    1981  50      2       51
  MINIMUM         42    333 AM  17    1956  35      7       40
  AVERAGE         47                        43      4       46

PRECIPITATION (IN)
  YESTERDAY        0.08                      0.16  -0.08     1.14
  MONTH TO DATE    0.71                      2.98  -2.27     5.96
  SINCE OCT 1     20.04                     27.56  -7.52    29.42
  SINCE JAN 1      5.70                      9.16  -3.46     8.33

DEGREE DAYS
 HEATING
  YESTERDAY       18                        22     -4       19
  MONTH TO DATE  284                       368    -84      387

 COOLING
  YESTERDAY        0                         0      0        0
  MONTH TO DATE    0                         0      0        0
..................................................................


WIND (MPH)
  HIGHEST WIND SPEED    18   HIGHEST WIND DIRECTION    SW (220)
  HIGHEST GUST SPEED    24   HIGHEST GUST DIRECTION    SW (210)
  AVERAGE WIND SPEED     9.5


SKY COVER
  POSSIBLE SUNSHINE  MM
  AVERAGE SKY COVER 1.0


WEATHER CONDITIONS
 THE FOLLOWING WEATHER WAS RECORDED YESTERDAY.
  LIGHT RAIN
  FOG


RELATIVE HUMIDITY (PERCENT)
 HIGHEST    89          1200 AM
 LOWEST     71           400 PM
 AVERAGE    80

..........................................................


THE TROUTDALE OR CLIMATE NORMALS FOR TODAY
                         NORMAL    RECORD    YEAR
 MAXIMUM TEMPERATURE (F)   50        66      1948
 MINIMUM TEMPERATURE (F)   36        24      2006


SUNRISE AND SUNSET
FEBRUARY 17 2018......SUNRISE   708 AM PST   SUNSET   540 PM PST
FEBRUARY 18 2018......SUNRISE   706 AM PST   SUNSET   541 PM PST


-  INDICATES NEGATIVE NUMBERS.
R  INDICATES RECORD WAS SET OR TIED.
MM INDICATES DATA IS MISSING.
T  INDICATES TRACE AMOUNT.




$$
