806
CDUS46 KPQR 221141
CLITTD


CLIMATE REPORT
NATIONAL WEATHER SERVICE PORTLAND OREGON
441 AM PDT FRI MAY 22 2015


...................................

...THE TROUTDALE OR CLIMATE SUMMARY FOR MAY 21 2015...

CLIMATE NORMAL PERIOD 1981 TO 2010
CLIMATE RECORD PERIOD 1948 TO 2015


WEATHER ITEM   OBSERVED TIME   RECORD YEAR NORMAL DEPARTURE LAST
                VALUE   (LST)  VALUE       VALUE  FROM      YEAR
                                                  NORMAL
..................................................................
TEMPERATURE (F)
 YESTERDAY
  MAXIMUM         74    518 PM  88    1988  70      4       74
  MINIMUM         59    422 AM  38    1992  48     11       50
  AVERAGE         67                        58      9       62

PRECIPITATION (IN)
  YESTERDAY        0.01                      0.09  -0.08     0.00
  MONTH TO DATE    0.73                      1.98  -1.25     2.70
  SINCE OCT 1     28.25                     40.14 -11.89    25.19
  SINCE JAN 1     13.29                     21.74  -8.45    17.60

DEGREE DAYS
 HEATING
  YESTERDAY        0                         7     -7        3
  MONTH TO DATE  125                       190    -65      112

 COOLING
  YESTERDAY        2                         1      1        0
  MONTH TO DATE    2                         4     -2       26
..................................................................


WIND (MPH)
  HIGHEST WIND SPEED    10   HIGHEST WIND DIRECTION     W (260)
  HIGHEST GUST SPEED    12   HIGHEST GUST DIRECTION    NW (330)
  AVERAGE WIND SPEED     1.8


SKY COVER
  POSSIBLE SUNSHINE  MM
  AVERAGE SKY COVER 0.7


WEATHER CONDITIONS
 THE FOLLOWING WEATHER WAS RECORDED YESTERDAY.
  LIGHT RAIN


RELATIVE HUMIDITY (PERCENT)
 HIGHEST    87           400 AM
 LOWEST     57           400 PM
 AVERAGE    72

..........................................................


THE TROUTDALE OR CLIMATE NORMALS FOR TODAY
                         NORMAL    RECORD    YEAR
 MAXIMUM TEMPERATURE (F)   70        94      2001
 MINIMUM TEMPERATURE (F)   48        35      1964


SUNRISE AND SUNSET
MAY 22 2015...........SUNRISE   532 AM PDT   SUNSET   841 PM PDT
MAY 23 2015...........SUNRISE   531 AM PDT   SUNSET   843 PM PDT


-  INDICATES NEGATIVE NUMBERS.
R  INDICATES RECORD WAS SET OR TIED.
MM INDICATES DATA IS MISSING.
T  INDICATES TRACE AMOUNT.




$$
