000
CDUS46 KPQR 051152
CLITTD


CLIMATE REPORT
NATIONAL WEATHER SERVICE PORTLAND OREGON
352 AM PST MON DEC 5 2016


...................................

...THE TROUTDALE OR CLIMATE SUMMARY FOR DECEMBER 4 2016...

CLIMATE NORMAL PERIOD 1981 TO 2010
CLIMATE RECORD PERIOD 1948 TO 2016


WEATHER ITEM   OBSERVED TIME   RECORD YEAR NORMAL DEPARTURE LAST
                VALUE   (LST)  VALUE       VALUE  FROM      YEAR
                                                  NORMAL
..................................................................
TEMPERATURE (F)
 YESTERDAY
  MAXIMUM         48    133 PM  61    1989  47      1       52
  MINIMUM         35   1114 PM  24    2003  35      0       41
  AVERAGE         42                        41      1       47

PRECIPITATION (IN)
  YESTERDAY        0.03                      0.23  -0.20     0.19
  MONTH TO DATE    0.14                      0.93  -0.79     0.95
  SINCE OCT 1     18.10                     12.16   5.94     9.74
  SINCE JAN 1     40.61                     40.73  -0.12    26.85

DEGREE DAYS
 HEATING
  YESTERDAY       23                        24     -1       18
  MONTH TO DATE   78                        96    -18       97

 COOLING
  YESTERDAY        0                         0      0        0
  MONTH TO DATE    0                         0      0        0
..................................................................


WIND (MPH)
  HIGHEST WIND SPEED    16   HIGHEST WIND DIRECTION     W (260)
  HIGHEST GUST SPEED    21   HIGHEST GUST DIRECTION     W (260)
  AVERAGE WIND SPEED     4.6


SKY COVER
  POSSIBLE SUNSHINE  MM
  AVERAGE SKY COVER 0.6


WEATHER CONDITIONS
 THE FOLLOWING WEATHER WAS RECORDED YESTERDAY.
  THUNDERSTORM
  HEAVY RAIN
  RAIN
  LIGHT RAIN
  FOG
  HAZE


RELATIVE HUMIDITY (PERCENT)
 HIGHEST    93           300 AM
 LOWEST     60           200 PM
 AVERAGE    77

..........................................................


THE TROUTDALE OR CLIMATE NORMALS FOR TODAY
                         NORMAL    RECORD    YEAR
 MAXIMUM TEMPERATURE (F)   46        64      1989
 MINIMUM TEMPERATURE (F)   35        22      2009
                                             1972


SUNRISE AND SUNSET
DECEMBER  5 2016......SUNRISE   735 AM PST   SUNSET   426 PM PST
DECEMBER  6 2016......SUNRISE   736 AM PST   SUNSET   426 PM PST


-  INDICATES NEGATIVE NUMBERS.
R  INDICATES RECORD WAS SET OR TIED.
MM INDICATES DATA IS MISSING.
T  INDICATES TRACE AMOUNT.




$$
