000
CDUS46 KPQR 181143
CLITTD


CLIMATE REPORT
NATIONAL WEATHER SERVICE PORTLAND OREGON
442 AM PDT THU SEP 18 2014


...................................

...THE TROUTDALE OR CLIMATE SUMMARY FOR SEPTEMBER 17 2014...

CLIMATE NORMAL PERIOD 1981 TO 2010
CLIMATE RECORD PERIOD 9999 TO 9999


WEATHER ITEM   OBSERVED TIME   NORMAL DEPARTURE LAST
                VALUE   (LST)  VALUE  FROM      YEAR
                                      NORMAL
......................................................
TEMPERATURE (F)
 YESTERDAY
  MAXIMUM         77    230 PM  76      1       69
  MINIMUM         57    241 AM  49      8       55
  AVERAGE         67            63      4       62

PRECIPITATION (IN)
  YESTERDAY        T             0.06  -0.06     0.04
  MONTH TO DATE    T             0.86  -0.86     0.04
  SINCE OCT 1     29.27         45.98 -16.71    36.84
  SINCE JAN 1     21.68         27.58  -5.90    16.86

DEGREE DAYS
 HEATING
  YESTERDAY        0             4     -4        3
  MONTH TO DATE    3            43    -40        5

 COOLING
  YESTERDAY        2             1      1        0
  MONTH TO DATE   76            31     45       84
......................................................


WIND (MPH)
  HIGHEST WIND SPEED     8   HIGHEST WIND DIRECTION     S (170)
  HIGHEST GUST SPEED    10   HIGHEST GUST DIRECTION     S (160)
  AVERAGE WIND SPEED     2.1


SKY COVER
  POSSIBLE SUNSHINE  MM
  AVERAGE SKY COVER 0.1


WEATHER CONDITIONS
 THE FOLLOWING WEATHER WAS RECORDED YESTERDAY.
  NO SIGNIFICANT WEATHER WAS OBSERVED.


RELATIVE HUMIDITY (PERCENT)
 HIGHEST    86           200 AM
 LOWEST     43           100 PM
 AVERAGE    65

..........................................................


THE TROUTDALE OR CLIMATE NORMALS FOR TODAY
                         NORMAL    RECORD    YEAR
 MAXIMUM TEMPERATURE (F)   76        91      1991
 MINIMUM TEMPERATURE (F)   49        37      1988


SUNRISE AND SUNSET
SEPTEMBER 18 2014.....SUNRISE   652 AM PDT   SUNSET   715 PM PDT
SEPTEMBER 19 2014.....SUNRISE   653 AM PDT   SUNSET   713 PM PDT


-  INDICATES NEGATIVE NUMBERS.
R  INDICATES RECORD WAS SET OR TIED.
MM INDICATES DATA IS MISSING.
T  INDICATES TRACE AMOUNT.




$$
