000
CDUS46 KPQR 251142
CLITTD


CLIMATE REPORT
NATIONAL WEATHER SERVICE PORTLAND OREGON
341 AM PST SAT NOV 25 2017


...................................

...THE TROUTDALE OR CLIMATE SUMMARY FOR NOVEMBER 24 2017...

CLIMATE NORMAL PERIOD 1981 TO 2010
CLIMATE RECORD PERIOD 1948 TO 2017


WEATHER ITEM   OBSERVED TIME   RECORD YEAR NORMAL DEPARTURE LAST
                VALUE   (LST)  VALUE       VALUE  FROM      YEAR
                                                  NORMAL
..................................................................
TEMPERATURE (F)
 YESTERDAY
  MAXIMUM         57    228 PM  65    1949  50      7       53
  MINIMUM         40   1042 PM  13    1985  37      3       47
  AVERAGE         49                        43      6       50

PRECIPITATION (IN)
  YESTERDAY        T                         0.24  -0.24     1.04
  MONTH TO DATE    5.27                      5.82  -0.55     5.34
  SINCE OCT 1     10.46                      9.77   0.69    16.64
  SINCE JAN 1     40.84                     38.34   2.50    39.15

DEGREE DAYS
 HEATING
  YESTERDAY       16                        22     -6       15
  MONTH TO DATE  397                       446    -49      266

 COOLING
  YESTERDAY        0                         0      0        0
  MONTH TO DATE    0                         0      0        0
..................................................................


WIND (MPH)
  HIGHEST WIND SPEED    15   HIGHEST WIND DIRECTION    SW (220)
  HIGHEST GUST SPEED    20   HIGHEST GUST DIRECTION    SW (230)
  AVERAGE WIND SPEED     5.8


SKY COVER
  POSSIBLE SUNSHINE  MM
  AVERAGE SKY COVER 0.5


WEATHER CONDITIONS
 THE FOLLOWING WEATHER WAS RECORDED YESTERDAY.
  NO SIGNIFICANT WEATHER WAS OBSERVED.


RELATIVE HUMIDITY (PERCENT)
 HIGHEST    92           800 PM
 LOWEST     57           200 PM
 AVERAGE    75

..........................................................


THE TROUTDALE OR CLIMATE NORMALS FOR TODAY
                         NORMAL    RECORD    YEAR
 MAXIMUM TEMPERATURE (F)   49        65      1962
 MINIMUM TEMPERATURE (F)   37        12      1985


SUNRISE AND SUNSET
NOVEMBER 25 2017......SUNRISE   723 AM PST   SUNSET   431 PM PST
NOVEMBER 26 2017......SUNRISE   724 AM PST   SUNSET   430 PM PST


-  INDICATES NEGATIVE NUMBERS.
R  INDICATES RECORD WAS SET OR TIED.
MM INDICATES DATA IS MISSING.
T  INDICATES TRACE AMOUNT.




$$
