000
CDUS46 KPQR 251143
CLITTD


CLIMATE REPORT
NATIONAL WEATHER SERVICE PORTLAND OREGON
442 AM PDT TUE APR 25 2017


...................................

...THE TROUTDALE OR CLIMATE SUMMARY FOR APRIL 24 2017...

CLIMATE NORMAL PERIOD 1981 TO 2010
CLIMATE RECORD PERIOD 1948 TO 2017


WEATHER ITEM   OBSERVED TIME   RECORD YEAR NORMAL DEPARTURE LAST
                VALUE   (LST)  VALUE       VALUE  FROM      YEAR
                                                  NORMAL
..................................................................
TEMPERATURE (F)
 YESTERDAY
  MAXIMUM         54    439 PM  77    1995  63     -9       57
  MINIMUM         45    958 AM  32    1950  42      3       43
  AVERAGE         50                        53     -3       50

PRECIPITATION (IN)
  YESTERDAY        0.95                      0.12   0.83     0.18
  MONTH TO DATE    4.20                      3.15   1.05     2.42
  SINCE OCT 1     43.05                     37.46   5.59    34.95
  SINCE JAN 1     21.96                     19.06   2.90    15.13

DEGREE DAYS
 HEATING
  YESTERDAY       15                        12      3       15
  MONTH TO DATE  309                       336    -27      172

 COOLING
  YESTERDAY        0                         0      0        0
  MONTH TO DATE    0                         0      0       29
..................................................................


WIND (MPH)
  HIGHEST WIND SPEED    21   HIGHEST WIND DIRECTION     E (80)
  HIGHEST GUST SPEED    24   HIGHEST GUST DIRECTION     E (80)
  AVERAGE WIND SPEED     7.9


SKY COVER
  POSSIBLE SUNSHINE  MM
  AVERAGE SKY COVER 1.0


WEATHER CONDITIONS
 THE FOLLOWING WEATHER WAS RECORDED YESTERDAY.
  RAIN
  LIGHT RAIN
  FOG


RELATIVE HUMIDITY (PERCENT)
 HIGHEST    93           100 AM
 LOWEST     71           400 PM
 AVERAGE    82

..........................................................


THE TROUTDALE OR CLIMATE NORMALS FOR TODAY
                         NORMAL    RECORD    YEAR
 MAXIMUM TEMPERATURE (F)   63        82      2001
                                             1995
 MINIMUM TEMPERATURE (F)   42        31      1955


SUNRISE AND SUNSET
APRIL 25 2017.........SUNRISE   606 AM PDT   SUNSET   809 PM PDT
APRIL 26 2017.........SUNRISE   605 AM PDT   SUNSET   811 PM PDT


-  INDICATES NEGATIVE NUMBERS.
R  INDICATES RECORD WAS SET OR TIED.
MM INDICATES DATA IS MISSING.
T  INDICATES TRACE AMOUNT.




$$
