000
CDUS46 KPQR 191142
CLITTD


CLIMATE REPORT
NATIONAL WEATHER SERVICE PORTLAND OREGON
441 AM PDT SAT APR 19 2014


...................................

...THE TROUTDALE OR CLIMATE SUMMARY FOR APRIL 18 2014...

CLIMATE NORMAL PERIOD 1981 TO 2010
CLIMATE RECORD PERIOD 1948 TO 2014


WEATHER ITEM   OBSERVED TIME   RECORD YEAR NORMAL DEPARTURE LAST
                VALUE   (LST)  VALUE       VALUE  FROM      YEAR
                                                  NORMAL
..................................................................
TEMPERATURE (F)
 YESTERDAY
  MAXIMUM         62    317 PM  79    1983  62      0       60
  MINIMUM         40    428 AM  30    1964  41     -1       46
  AVERAGE         51                        52     -1       53

PRECIPITATION (IN)
  YESTERDAY        0.00          0.38 2003   0.12  -0.12     0.05
  MONTH TO DATE    1.36                      2.39  -1.03     2.36
  SINCE OCT 1     20.57                     36.70 -16.13    28.84
  SINCE JAN 1     12.98                     18.30  -5.32     8.86

DEGREE DAYS
 HEATING
  YESTERDAY       14                        13      1       12
  MONTH TO DATE  199                       259    -60      259

 COOLING
  YESTERDAY        0                         0      0        0
  MONTH TO DATE    0                         0      0        0
..................................................................


WIND (MPH)
  HIGHEST WIND SPEED    16   HIGHEST WIND DIRECTION     E (110)
  HIGHEST GUST SPEED    21   HIGHEST GUST DIRECTION     E (90)
  AVERAGE WIND SPEED     2.8


SKY COVER
  POSSIBLE SUNSHINE  MM
  AVERAGE SKY COVER 0.2


WEATHER CONDITIONS
 THE FOLLOWING WEATHER WAS RECORDED YESTERDAY.
  NO SIGNIFICANT WEATHER WAS OBSERVED.


RELATIVE HUMIDITY (PERCENT)
 HIGHEST    96           600 AM
 LOWEST     36           300 PM
 AVERAGE    66

..........................................................


THE TROUTDALE OR CLIMATE NORMALS FOR TODAY
                         NORMAL    RECORD    YEAR
 MAXIMUM TEMPERATURE (F)   62        80      1962
 MINIMUM TEMPERATURE (F)   41        31      1982


SUNRISE AND SUNSET
APRIL 19 2014.........SUNRISE   617 AM PDT   SUNSET   801 PM PDT
APRIL 20 2014.........SUNRISE   615 AM PDT   SUNSET   803 PM PDT


-  INDICATES NEGATIVE NUMBERS.
R  INDICATES RECORD WAS SET OR TIED.
MM INDICATES DATA IS MISSING.
T  INDICATES TRACE AMOUNT.




$$
