000
CDUS41 KPHI 280633
CLITTN


CLIMATE REPORT
NATIONAL WEATHER SERVICE MOUNT HOLLY NJ
232 AM EDT SUN AUG 28 2016


...................................

...THE TRENTON NJ CLIMATE SUMMARY FOR AUGUST 27 2016...

CLIMATE NORMAL PERIOD 1981 TO 2010
CLIMATE RECORD PERIOD 1865 TO 2016


WEATHER ITEM   OBSERVED TIME   RECORD YEAR NORMAL DEPARTURE LAST
                VALUE   (LST)  VALUE       VALUE  FROM      YEAR
                                                  NORMAL
..................................................................
TEMPERATURE (F)
 YESTERDAY
  MAXIMUM         89    240 PM  98    1948  82      7       80
  MINIMUM         67    324 AM  51    1910  63      4       59
                                      1904
  AVERAGE         78                        72      6       70

PRECIPITATION (IN)
  YESTERDAY        0.00          4.79 1971   0.10  -0.10     0.00
  MONTH TO DATE    1.19                      3.66  -2.47     2.62
  SINCE JUN 1     10.76                     13.02  -2.26    12.06
  SINCE JAN 1     24.80                     30.54  -5.74    26.12

SNOWFALL (IN)
  YESTERDAY       MM            MM      MM  MM     MM       MM
  MONTH TO DATE   MM                        MM     MM       MM
  SINCE JUN 1     MM                        MM     MM       MM
  SINCE JUL 1     MM                        MM     MM       MM
  SNOW DEPTH      MM

DEGREE DAYS
 HEATING
  YESTERDAY        0                         0      0        0
  MONTH TO DATE    0                         0      0        0
  SINCE JUN 1      8                        24    -16       25
  SINCE JUL 1      0                         0      0        0

 COOLING
  YESTERDAY       13                         8      5        5
  MONTH TO DATE  357                       251    106      294
  SINCE JUN 1   1005                       771    234      882
  SINCE JAN 1   1097                       828    269     1021
..................................................................


WIND (MPH)
  HIGHEST WIND SPEED    13   HIGHEST WIND DIRECTION    NE (60)
  HIGHEST GUST SPEED    17   HIGHEST GUST DIRECTION    NE (60)
  AVERAGE WIND SPEED     5.4


SKY COVER
  POSSIBLE SUNSHINE  MM
  AVERAGE SKY COVER 0.0


WEATHER CONDITIONS
 THE FOLLOWING WEATHER WAS RECORDED YESTERDAY.
  NO SIGNIFICANT WEATHER WAS OBSERVED.


RELATIVE HUMIDITY (PERCENT)
 HIGHEST    78           300 AM
 LOWEST     36           100 PM
 AVERAGE    57

..........................................................


THE TRENTON NJ CLIMATE NORMALS FOR TODAY
                         NORMAL    RECORD    YEAR
 MAXIMUM TEMPERATURE (F)   82        98      1973
                                             1948
 MINIMUM TEMPERATURE (F)   62        46      1986


SUNRISE AND SUNSET
AUGUST 28 2016........SUNRISE   623 AM EDT   SUNSET   737 PM EDT
AUGUST 29 2016........SUNRISE   624 AM EDT   SUNSET   735 PM EDT


-  INDICATES NEGATIVE NUMBERS.
R  INDICATES RECORD WAS SET OR TIED.
MM INDICATES DATA IS MISSING.
T  INDICATES TRACE AMOUNT.




$$
