000
CDUS41 KPHI 172135
CLITTN


CLIMATE REPORT
NATIONAL WEATHER SERVICE MOUNT HOLLY NJ
434 PM EST SAT FEB 17 2018


...................................

...THE TRENTON NJ CLIMATE SUMMARY FOR FEBRUARY 17 2018...
VALID TODAY AS OF 0400 PM LOCAL TIME.

CLIMATE NORMAL PERIOD 1981 TO 2010
CLIMATE RECORD PERIOD 1865 TO 2018


WEATHER ITEM   OBSERVED TIME   RECORD YEAR NORMAL DEPARTURE LAST
                VALUE   (LST)  VALUE       VALUE  FROM      YEAR
                                                  NORMAL
..................................................................
TEMPERATURE (F)
 TODAY
  MAXIMUM         42    129 PM  67    2011  43     -1       45
                                      1976
  MINIMUM         26    719 AM  -3    1896  26      0       24
  AVERAGE         34                        34      0       35

PRECIPITATION (IN)
  TODAY            0.00          1.10 1902   0.08  -0.08     0.00
  MONTH TO DATE    4.19                      1.32   2.87     0.99
  SINCE DEC 1      7.87                      8.18  -0.31     7.01
  SINCE JAN 1      6.28                      4.48   1.80     4.36

DEGREE DAYS
 HEATING
  TODAY           31                        31      0       30
  MONTH TO DATE  478                       545    -67      491
  SINCE DEC 1   2504                      2515    -11     2243
  SINCE JUL 1   3290                      3491   -201     3053

 COOLING
  TODAY            0                         0      0        0
  MONTH TO DATE    0                         0      0        0
  SINCE DEC 1      0                         0      0        0
  SINCE JAN 1      0                         0      0        0
..................................................................


WIND (MPH)
  HIGHEST WIND SPEED    16   HIGHEST WIND DIRECTION    SE (140)
  HIGHEST GUST SPEED    21   HIGHEST GUST DIRECTION     S (170)
  AVERAGE WIND SPEED     9.1


SKY COVER
  POSSIBLE SUNSHINE  MM
  AVERAGE SKY COVER 0.2


WEATHER CONDITIONS
 THE FOLLOWING WEATHER WAS RECORDED TODAY.
  NO SIGNIFICANT WEATHER WAS OBSERVED.


RELATIVE HUMIDITY (PERCENT)
 HIGHEST    63           600 AM
 LOWEST     47           100 AM
 AVERAGE    55

..........................................................


THE TRENTON NJ CLIMATE NORMALS FOR TOMORROW
                         NORMAL    RECORD    YEAR
 MAXIMUM TEMPERATURE (F)   43        72      2011
                                             1890
 MINIMUM TEMPERATURE (F)   26        -1      1979


SUNRISE AND SUNSET
FEBRUARY 17 2018......SUNRISE   650 AM EST   SUNSET   537 PM EST
FEBRUARY 18 2018......SUNRISE   649 AM EST   SUNSET   538 PM EST


-  INDICATES NEGATIVE NUMBERS.
R  INDICATES RECORD WAS SET OR TIED.
MM INDICATES DATA IS MISSING.
T  INDICATES TRACE AMOUNT.




$$
