000
CDUS41 KPHI 260629
CLITTN


CLIMATE REPORT
NATIONAL WEATHER SERVICE MOUNT HOLLY NJ
228 AM EDT WED APR 26 2017


...................................

...THE TRENTON NJ CLIMATE SUMMARY FOR APRIL 25 2017...

CLIMATE NORMAL PERIOD 1981 TO 2010
CLIMATE RECORD PERIOD 1865 TO 2017


WEATHER ITEM   OBSERVED TIME   RECORD YEAR NORMAL DEPARTURE LAST
                VALUE   (LST)  VALUE       VALUE  FROM      YEAR
                                                  NORMAL
..................................................................
TEMPERATURE (F)
 YESTERDAY
  MAXIMUM         56    540 PM  91    1915  65     -9       75
  MINIMUM         51    704 AM  30    1919  44      7       46
  AVERAGE         54                        54      0       61

PRECIPITATION (IN)
  YESTERDAY        0.47          1.14 2010   0.11   0.36     0.00
  MONTH TO DATE    2.42                      3.08  -0.66     0.93
  SINCE MAR 1      7.03                      7.22  -0.19     2.55
  SINCE JAN 1     11.77                     12.69  -0.92     9.75

DEGREE DAYS
 HEATING
  YESTERDAY       11                        11      0        4
  MONTH TO DATE  250                       369   -119      346
  SINCE MAR 1   1038                      1101    -63      867
  SINCE JUL 1   4257                      4915   -658     3961

 COOLING
  YESTERDAY        0                         0      0        0
  MONTH TO DATE   10                         0     10        8
  SINCE MAR 1     10                         0     10       11
  SINCE JAN 1     10                         0     10       11
..................................................................


WIND (MPH)
  HIGHEST WIND SPEED    24   HIGHEST WIND DIRECTION     E (70)
  HIGHEST GUST SPEED    34   HIGHEST GUST DIRECTION     E (70)
  AVERAGE WIND SPEED    16.2


SKY COVER
  POSSIBLE SUNSHINE  MM
  AVERAGE SKY COVER 1.0


WEATHER CONDITIONS
 THE FOLLOWING WEATHER WAS RECORDED YESTERDAY.
  HEAVY RAIN
  RAIN
  LIGHT RAIN
  FOG


RELATIVE HUMIDITY (PERCENT)
 HIGHEST   100          1100 AM
 LOWEST     89           100 AM
 AVERAGE    95

..........................................................


THE TRENTON NJ CLIMATE NORMALS FOR TODAY
                         NORMAL    RECORD    YEAR
 MAXIMUM TEMPERATURE (F)   65        91      2009
 MINIMUM TEMPERATURE (F)   44        33      1919


SUNRISE AND SUNSET
APRIL 26 2017.........SUNRISE   605 AM EDT   SUNSET   750 PM EDT
APRIL 27 2017.........SUNRISE   604 AM EDT   SUNSET   751 PM EDT


-  INDICATES NEGATIVE NUMBERS.
R  INDICATES RECORD WAS SET OR TIED.
MM INDICATES DATA IS MISSING.
T  INDICATES TRACE AMOUNT.




$$
