000
CDUS41 KPHI 030636
CLITTN


CLIMATE REPORT
NATIONAL WEATHER SERVICE MOUNT HOLLY NJ
235 AM EDT TUE MAY 3 2016


...................................

...THE TRENTON NJ CLIMATE SUMMARY FOR MAY 2 2016...

CLIMATE NORMAL PERIOD 1981 TO 2010
CLIMATE RECORD PERIOD 1865 TO 2016


WEATHER ITEM   OBSERVED TIME   RECORD YEAR NORMAL DEPARTURE LAST
                VALUE   (LST)  VALUE       VALUE  FROM      YEAR
                                                  NORMAL
..................................................................
TEMPERATURE (F)
 YESTERDAY
  MAXIMUM         62    550 PM  88    2010  67     -5       73
  MINIMUM         46    655 AM  36    1903  46      0       40
  AVERAGE         54                        57     -3       57

PRECIPITATION (IN)
  YESTERDAY        0.49          1.74 1897   0.09   0.40     0.00
  MONTH TO DATE    0.85                      0.17   0.68      T
  SINCE MAR 1      4.14                      7.85  -3.71     6.84
  SINCE JAN 1     11.34                     13.32  -1.98    13.43

SNOWFALL (IN)
  YESTERDAY       MM            MM      MM  MM     MM       MM
  MONTH TO DATE   MM                        MM     MM       MM
  SINCE MAR 1     MM                        MM     MM       MM
  SINCE JUL 1     MM                        MM     MM       MM
  SNOW DEPTH      MM

DEGREE DAYS
 HEATING
  YESTERDAY       11                         9      2        8
  MONTH TO DATE   27                        18      9       19
  SINCE MAR 1    951                      1172   -221     1242
  SINCE JUL 1   4045                      4986   -941     5325

 COOLING
  YESTERDAY        0                         1     -1        0
  MONTH TO DATE    0                         2     -2        0
  SINCE MAR 1     12                        10      2        0
  SINCE JAN 1     12                        10      2        0
..................................................................


WIND (MPH)
  HIGHEST WIND SPEED    10   HIGHEST WIND DIRECTION    SE (120)
  HIGHEST GUST SPEED    15   HIGHEST GUST DIRECTION     W (250)
  AVERAGE WIND SPEED     4.5


SKY COVER
  POSSIBLE SUNSHINE  MM
  AVERAGE SKY COVER 0.8


WEATHER CONDITIONS
 THE FOLLOWING WEATHER WAS RECORDED YESTERDAY.
  THUNDERSTORM
  HEAVY RAIN
  RAIN
  LIGHT RAIN
  FOG
  FOG W/VISIBILITY <= 1/4 MILE
  HAZE


RELATIVE HUMIDITY (PERCENT)
 HIGHEST   100           800 AM
 LOWEST     72           500 PM
 AVERAGE    86

..........................................................


THE TRENTON NJ CLIMATE NORMALS FOR TODAY
                         NORMAL    RECORD    YEAR
 MAXIMUM TEMPERATURE (F)   68        90      1913
 MINIMUM TEMPERATURE (F)   46        35      2005


SUNRISE AND SUNSET
MAY  3 2016...........SUNRISE   556 AM EDT   SUNSET   757 PM EDT
MAY  4 2016...........SUNRISE   555 AM EDT   SUNSET   758 PM EDT


-  INDICATES NEGATIVE NUMBERS.
R  INDICATES RECORD WAS SET OR TIED.
MM INDICATES DATA IS MISSING.
T  INDICATES TRACE AMOUNT.




$$
