000
CDUS41 KPHI 050640
CLITTN


CLIMATE REPORT
NATIONAL WEATHER SERVICE MOUNT HOLLY NJ
225 AM EDT SUN JUL 5 2015


...................................

...THE TRENTON NJ CLIMATE SUMMARY FOR JULY 4 2015...

CLIMATE NORMAL PERIOD 1981 TO 2010
CLIMATE RECORD PERIOD 1865 TO 2015


WEATHER ITEM   OBSERVED TIME   RECORD YEAR NORMAL DEPARTURE LAST
                VALUE   (LST)  VALUE       VALUE  FROM      YEAR
                                                  NORMAL
..................................................................
TEMPERATURE (F)
 YESTERDAY
  MAXIMUM         75    303 PM  99    2010  85    -10       75
                                      1999
                                      1919
  MINIMUM         66    543 AM  49    1986  65      1       65
  AVERAGE         71                        75     -4       70

PRECIPITATION (IN)
  YESTERDAY        0.02          1.95 1906   0.16  -0.14     0.01
  MONTH TO DATE    0.65                      0.66  -0.01     2.38
  SINCE JUN 1      6.98                      5.07   1.91     4.62
  SINCE JAN 1     21.04                     22.59  -1.55    24.95

SNOWFALL (IN)
  YESTERDAY       MM            MM      MM  MM     MM       MM
  MONTH TO DATE   MM                        MM     MM       MM
  SINCE JUN 1     MM                        MM     MM       MM
  SINCE JUL 1     MM                        MM     MM       MM
  SNOW DEPTH      MM

DEGREE DAYS
 HEATING
  YESTERDAY        0                         0      0        0
  MONTH TO DATE    0                         0      0        0
  SINCE JUN 1     25                        24      1        3
  SINCE JUL 1      0                         0      0        0

 COOLING
  YESTERDAY        6                        10     -4        5
  MONTH TO DATE   27                        39    -12       54
  SINCE JUN 1    251                       229     22      255
  SINCE JAN 1    390                       286    104      299
..................................................................


WIND (MPH)
  HIGHEST WIND SPEED    14   HIGHEST WIND DIRECTION    NE (40)
  HIGHEST GUST SPEED    18   HIGHEST GUST DIRECTION    NE (30)
  AVERAGE WIND SPEED     5.8


SKY COVER
  POSSIBLE SUNSHINE  MM
  AVERAGE SKY COVER 0.9


WEATHER CONDITIONS
 THE FOLLOWING WEATHER WAS RECORDED YESTERDAY.
  LIGHT RAIN


RELATIVE HUMIDITY (PERCENT)
 HIGHEST    87           200 AM
 LOWEST     46           700 PM
 AVERAGE    67

..........................................................


THE TRENTON NJ CLIMATE NORMALS FOR TODAY
                         NORMAL    RECORD    YEAR
 MAXIMUM TEMPERATURE (F)   85       102      1999
 MINIMUM TEMPERATURE (F)   65        53      1979
                                             1927


SUNRISE AND SUNSET
JULY  5 2015..........SUNRISE   535 AM EDT   SUNSET   832 PM EDT
JULY  6 2015..........SUNRISE   536 AM EDT   SUNSET   832 PM EDT


-  INDICATES NEGATIVE NUMBERS.
R  INDICATES RECORD WAS SET OR TIED.
MM INDICATES DATA IS MISSING.
T  INDICATES TRACE AMOUNT.




$$
