000
CDUS41 KPHI 230626
CLITTN


CLIMATE REPORT
NATIONAL WEATHER SERVICE MOUNT HOLLY NJ
226 AM EDT WED JUL 23 2014


...................................

...THE TRENTON NJ CLIMATE SUMMARY FOR JULY 22 2014...

CLIMATE NORMAL PERIOD 1981 TO 2010
CLIMATE RECORD PERIOD 1865 TO 2014


WEATHER ITEM   OBSERVED TIME   RECORD YEAR NORMAL DEPARTURE LAST
                VALUE   (LST)  VALUE       VALUE  FROM      YEAR
                                                  NORMAL
..................................................................
TEMPERATURE (F)
 YESTERDAY
  MAXIMUM         87    422 PM 106    2011  86      1       86
  MINIMUM         64    519 AM  58    1996  66     -2       72
                                      1993
                                      1944
  AVERAGE         76                        76      0       79

PRECIPITATION (IN)
  YESTERDAY        0.00          2.10 1946   0.17  -0.17     1.04
  MONTH TO DATE    4.82                      3.55   1.27     4.01
  SINCE JUN 1      7.06                      7.96  -0.90    14.17
  SINCE JAN 1     27.39                     25.48   1.91    26.99

SNOWFALL (IN)
  YESTERDAY       MM            MM      MM  MM     MM       MM
  MONTH TO DATE   MM                        MM     MM       MM
  SINCE JUN 1     MM                        MM     MM       MM
  SINCE JUL 1     MM                        MM     MM       MM
  SNOW DEPTH      MM

DEGREE DAYS
 HEATING
  YESTERDAY        0                         0      0        0
  MONTH TO DATE    0                         0      0        0
  SINCE JUN 1      3                        24    -21        4
  SINCE JUL 1      0                         0      0        0

 COOLING
  YESTERDAY       11                        11      0       14
  MONTH TO DATE  246                       233     13      350
  SINCE JUN 1    447                       423     24      568
  SINCE JAN 1    491                       480     11      658
..................................................................


WIND (MPH)
  HIGHEST WIND SPEED    13   HIGHEST WIND DIRECTION    SW (220)
  HIGHEST GUST SPEED    20   HIGHEST GUST DIRECTION     W (250)
  AVERAGE WIND SPEED     5.2


SKY COVER
  POSSIBLE SUNSHINE  MM
  AVERAGE SKY COVER 0.1


WEATHER CONDITIONS
 THE FOLLOWING WEATHER WAS RECORDED YESTERDAY.
  HAZE


RELATIVE HUMIDITY (PERCENT)
 HIGHEST    93           400 AM
 LOWEST     51           400 PM
 AVERAGE    72

..........................................................


THE TRENTON NJ CLIMATE NORMALS FOR TODAY
                         NORMAL    RECORD    YEAR
 MAXIMUM TEMPERATURE (F)   86       104      2011
 MINIMUM TEMPERATURE (F)   66        55      1985
                                             1939
                                             1912


SUNRISE AND SUNSET
JULY 23 2014..........SUNRISE   549 AM EDT   SUNSET   822 PM EDT
JULY 24 2014..........SUNRISE   550 AM EDT   SUNSET   821 PM EDT


-  INDICATES NEGATIVE NUMBERS.
R  INDICATES RECORD WAS SET OR TIED.
MM INDICATES DATA IS MISSING.
T  INDICATES TRACE AMOUNT.




$$
