000
CDUS41 KPHI 190546
CLITTN


CLIMATE REPORT
NATIONAL WEATHER SERVICE MOUNT HOLLY NJ
144 AM EDT TUE SEP 19 2017


...................................

...THE TRENTON NJ CLIMATE SUMMARY FOR SEPTEMBER 18 2017...

CLIMATE NORMAL PERIOD 1981 TO 2010
CLIMATE RECORD PERIOD 1865 TO 2017


WEATHER ITEM   OBSERVED TIME   RECORD YEAR NORMAL DEPARTURE LAST
                VALUE   (LST)  VALUE       VALUE  FROM      YEAR
                                                  NORMAL
..................................................................
TEMPERATURE (F)
 YESTERDAY
  MAXIMUM         76    408 PM  90    1965  75      1       86
  MINIMUM         67    350 AM  39    1986  56     11       66
                                      1984
  AVERAGE         72                        66      6       76

PRECIPITATION (IN)
  YESTERDAY        0.00          2.38 1936   0.15  -0.15      T
  MONTH TO DATE    1.83                      2.37  -0.54     0.41
  SINCE SEP 1      1.83                      2.37  -0.54     0.41
  SINCE JAN 1     33.00                     33.35  -0.35    25.21

DEGREE DAYS
 HEATING
  YESTERDAY        0                         2     -2        0
  MONTH TO DATE   20                        14      6        0
  SINCE SEP 1     20                        14      6        0
  SINCE JUL 1     21                        17      4        0

 COOLING
  YESTERDAY        7                         3      4       11
  MONTH TO DATE   63                        81    -18      162
  SINCE SEP 1     63                        81    -18      162
  SINCE JAN 1    983                       937     46     1313
..................................................................


WIND (MPH)
  HIGHEST WIND SPEED    13   HIGHEST WIND DIRECTION     E (90)
  HIGHEST GUST SPEED    17   HIGHEST GUST DIRECTION     E (90)
  AVERAGE WIND SPEED     7.0


SKY COVER
  POSSIBLE SUNSHINE  MM
  AVERAGE SKY COVER 0.9


WEATHER CONDITIONS
 THE FOLLOWING WEATHER WAS RECORDED YESTERDAY.
  FOG
  HAZE


RELATIVE HUMIDITY (PERCENT)
 HIGHEST    93          1200 AM
 LOWEST     74           400 PM
 AVERAGE    84

..........................................................


THE TRENTON NJ CLIMATE NORMALS FOR TODAY
                         NORMAL    RECORD    YEAR
 MAXIMUM TEMPERATURE (F)   75        93      1983
 MINIMUM TEMPERATURE (F)   55        41      1929


SUNRISE AND SUNSET
SEPTEMBER 19 2017.....SUNRISE   644 AM EDT   SUNSET   701 PM EDT
SEPTEMBER 20 2017.....SUNRISE   645 AM EDT   SUNSET   659 PM EDT


-  INDICATES NEGATIVE NUMBERS.
R  INDICATES RECORD WAS SET OR TIED.
MM INDICATES DATA IS MISSING.
T  INDICATES TRACE AMOUNT.




$$
