000
CDUS41 KPHI 240548
CLITTN


CLIMATE REPORT
NATIONAL WEATHER SERVICE MOUNT HOLLY NJ
146 AM EDT MON JUL 24 2017


...................................

...THE TRENTON NJ CLIMATE SUMMARY FOR JULY 23 2017...

CLIMATE NORMAL PERIOD 1981 TO 2010
CLIMATE RECORD PERIOD 1865 TO 2017


WEATHER ITEM   OBSERVED TIME   RECORD YEAR NORMAL DEPARTURE LAST
                VALUE   (LST)  VALUE       VALUE  FROM      YEAR
                                                  NORMAL
..................................................................
TEMPERATURE (F)
 YESTERDAY
  MAXIMUM         83    334 PM 104    2011  86     -3       96
  MINIMUM         71   1159 PM  55    1985  66      5       74
                                      1939
                                      1912
  AVERAGE         77                        76      1       85

PRECIPITATION (IN)
  YESTERDAY        0.11          2.84 1953   0.16  -0.05     0.00
  MONTH TO DATE    4.30                      3.71   0.59     4.01
  SINCE JUN 1      8.99                      8.12   0.87     6.12
  SINCE JAN 1     26.75                     25.64   1.11    20.16

DEGREE DAYS
 HEATING
  YESTERDAY        0                         0      0        0
  MONTH TO DATE    0                         0      0        0
  SINCE JUN 1     25                        24      1        8
  SINCE JUL 1      0                         0      0        0

 COOLING
  YESTERDAY       12                        11      1       20
  MONTH TO DATE  302                       244     58      298
  SINCE JUN 1    531                       434     97      521
  SINCE JAN 1    614                       491    123      613
..................................................................


WIND (MPH)
  HIGHEST WIND SPEED    17   HIGHEST WIND DIRECTION    SE (130)
  HIGHEST GUST SPEED    21   HIGHEST GUST DIRECTION    SE (130)
  AVERAGE WIND SPEED     6.5


SKY COVER
  POSSIBLE SUNSHINE  MM
  AVERAGE SKY COVER 0.8


WEATHER CONDITIONS
 THE FOLLOWING WEATHER WAS RECORDED YESTERDAY.
  RAIN
  LIGHT RAIN
  FOG


RELATIVE HUMIDITY (PERCENT)
 HIGHEST   100          1200 AM
 LOWEST     58           100 PM
 AVERAGE    79

..........................................................


THE TRENTON NJ CLIMATE NORMALS FOR TODAY
                         NORMAL    RECORD    YEAR
 MAXIMUM TEMPERATURE (F)   86        98      1910
 MINIMUM TEMPERATURE (F)   66        49      1985


SUNRISE AND SUNSET
JULY 24 2017..........SUNRISE   550 AM EDT   SUNSET   821 PM EDT
JULY 25 2017..........SUNRISE   551 AM EDT   SUNSET   820 PM EDT


-  INDICATES NEGATIVE NUMBERS.
R  INDICATES RECORD WAS SET OR TIED.
MM INDICATES DATA IS MISSING.
T  INDICATES TRACE AMOUNT.




$$
