000
CDUS41 KPHI 060636
CLITTN


CLIMATE REPORT
NATIONAL WEATHER SERVICE MOUNT HOLLY NJ
135 AM EST SAT FEB 6 2016


...................................

...THE TRENTON NJ CLIMATE SUMMARY FOR FEBRUARY 5 2016...

CLIMATE NORMAL PERIOD 1981 TO 2010
CLIMATE RECORD PERIOD 1865 TO 2016


WEATHER ITEM   OBSERVED TIME   RECORD YEAR NORMAL DEPARTURE LAST
                VALUE   (LST)  VALUE       VALUE  FROM      YEAR
                                                  NORMAL
..................................................................
TEMPERATURE (F)
 YESTERDAY
  MAXIMUM         42   1231 AM  68    1991  40      2       39
  MINIMUM         28   1130 PM  -6    1918  25      3       13
  AVERAGE         35                        32      3       26

PRECIPITATION (IN)
  YESTERDAY        0.21          1.52 1920   0.06   0.15      T
  MONTH TO DATE    0.99                      0.35   0.64     1.19
  SINCE DEC 1      8.69                      7.21   1.48     9.67
  SINCE JAN 1      4.28                      3.51   0.77     5.53

SNOWFALL (IN)
  YESTERDAY       MM            MM      MM  MM     MM       MM
  MONTH TO DATE   MM                        MM     MM       MM
  SINCE DEC 1     MM                        MM     MM       MM
  SINCE JUL 1     MM                        MM     MM       MM
  SNOW DEPTH      MM

DEGREE DAYS
 HEATING
  YESTERDAY       30                        33     -3       39
  MONTH TO DATE  108                       165    -57      195
  SINCE DEC 1   1631                      2135   -504     2130
  SINCE JUL 1   2377                      3111   -734     3100

 COOLING
  YESTERDAY        0                         0      0        0
  MONTH TO DATE    0                         0      0        0
  SINCE DEC 1      2                         0      2        0
  SINCE JAN 1      0                         0      0        0
..................................................................


WIND (MPH)
  HIGHEST WIND SPEED    21   HIGHEST WIND DIRECTION    NW (330)
  HIGHEST GUST SPEED    27   HIGHEST GUST DIRECTION    NW (320)
  AVERAGE WIND SPEED     9.0


SKY COVER
  POSSIBLE SUNSHINE  MM
  AVERAGE SKY COVER 0.6


WEATHER CONDITIONS
 THE FOLLOWING WEATHER WAS RECORDED YESTERDAY.
  LIGHT RAIN
  LIGHT SNOW
  FOG


RELATIVE HUMIDITY (PERCENT)
 HIGHEST    89           400 AM
 LOWEST     40           400 PM
 AVERAGE    65

..........................................................


THE TRENTON NJ CLIMATE NORMALS FOR TODAY
                         NORMAL    RECORD    YEAR
 MAXIMUM TEMPERATURE (F)   40        64      1938
 MINIMUM TEMPERATURE (F)   25        -4      1895


SUNRISE AND SUNSET
FEBRUARY  6 2016......SUNRISE   704 AM EST   SUNSET   523 PM EST
FEBRUARY  7 2016......SUNRISE   703 AM EST   SUNSET   525 PM EST


-  INDICATES NEGATIVE NUMBERS.
R  INDICATES RECORD WAS SET OR TIED.
MM INDICATES DATA IS MISSING.
T  INDICATES TRACE AMOUNT.




$$
