000
CDUS41 KPHI 230629
CLITTN


CLIMATE REPORT
NATIONAL WEATHER SERVICE MOUNT HOLLY NJ
229 AM EDT THU MAR 23 2017


...................................

...THE TRENTON NJ CLIMATE SUMMARY FOR MARCH 22 2017...

CLIMATE NORMAL PERIOD 1981 TO 2010
CLIMATE RECORD PERIOD 1865 TO 2017


WEATHER ITEM   OBSERVED TIME   RECORD YEAR NORMAL DEPARTURE LAST
                VALUE   (LST)  VALUE       VALUE  FROM      YEAR
                                                  NORMAL
..................................................................
TEMPERATURE (F)
 YESTERDAY
  MAXIMUM         48   1221 AM  79    1938  53     -5       56
  MINIMUM         23   1159 PM  11    1875  34    -11       30
  AVERAGE         36                        43     -7       43

PRECIPITATION (IN)
  YESTERDAY        0.00          2.25 1977   0.13  -0.13     0.00
  MONTH TO DATE    1.42                      2.90  -1.48     1.19
  SINCE MAR 1      1.42                      2.90  -1.48     1.19
  SINCE JAN 1      6.16                      8.37  -2.21     8.39

DEGREE DAYS
 HEATING
  YESTERDAY       29                        22      7       22
  MONTH TO DATE  603                       549     54      396
  SINCE MAR 1    603                       549     54      396
  SINCE JUL 1   3822                      4363   -541     3490

 COOLING
  YESTERDAY        0                         0      0        0
  MONTH TO DATE    0                         0      0        3
  SINCE MAR 1      0                         0      0        3
  SINCE JAN 1      0                         0      0        3
..................................................................


WIND (MPH)
  HIGHEST WIND SPEED    33   HIGHEST WIND DIRECTION     N (350)
  HIGHEST GUST SPEED    45   HIGHEST GUST DIRECTION     N (360)
  AVERAGE WIND SPEED    14.9


SKY COVER
  POSSIBLE SUNSHINE  MM
  AVERAGE SKY COVER 0.0


WEATHER CONDITIONS
 THE FOLLOWING WEATHER WAS RECORDED YESTERDAY.
  NO SIGNIFICANT WEATHER WAS OBSERVED.


RELATIVE HUMIDITY (PERCENT)
 HIGHEST    61          1200 AM
 LOWEST     25           500 PM
 AVERAGE    43

..........................................................


THE TRENTON NJ CLIMATE NORMALS FOR TODAY
                         NORMAL    RECORD    YEAR
 MAXIMUM TEMPERATURE (F)   53        81      2012
 MINIMUM TEMPERATURE (F)   34        13      1934


SUNRISE AND SUNSET
MARCH 23 2017.........SUNRISE   657 AM EDT   SUNSET   715 PM EDT
MARCH 24 2017.........SUNRISE   656 AM EDT   SUNSET   716 PM EDT


-  INDICATES NEGATIVE NUMBERS.
R  INDICATES RECORD WAS SET OR TIED.
MM INDICATES DATA IS MISSING.
T  INDICATES TRACE AMOUNT.




$$
