000
CDUS41 KPHI 190629
CLITTN


CLIMATE REPORT
NATIONAL WEATHER SERVICE MOUNT HOLLY NJ
127 AM EST SUN FEB 19 2017


...................................

...THE TRENTON NJ CLIMATE SUMMARY FOR FEBRUARY 18 2017...

CLIMATE NORMAL PERIOD 1981 TO 2010
CLIMATE RECORD PERIOD 1865 TO 2017


WEATHER ITEM   OBSERVED TIME   RECORD YEAR NORMAL DEPARTURE LAST
                VALUE   (LST)  VALUE       VALUE  FROM      YEAR
                                                  NORMAL
..................................................................
TEMPERATURE (F)
 YESTERDAY
  MAXIMUM         67    425 PM  72    2011  43     24       35
                                      1890
  MINIMUM         26    713 AM  -1    1979  26      0       23
  AVERAGE         47                        34     13       29

PRECIPITATION (IN)
  YESTERDAY        0.00          1.14 1956   0.08  -0.08     0.00
  MONTH TO DATE    0.99                      1.40  -0.41     2.00
  SINCE DEC 1      7.01                      8.26  -1.25     9.70
  SINCE JAN 1      4.36                      4.56  -0.20     5.29

DEGREE DAYS
 HEATING
  YESTERDAY       18                        30    -12       36
  MONTH TO DATE  509                       575    -66      584
  SINCE DEC 1   2261                      2545   -284     2107
  SINCE JUL 1   3071                      3521   -450     2853

 COOLING
  YESTERDAY        0                         0      0        0
  MONTH TO DATE    0                         0      0        0
  SINCE DEC 1      0                         0      0        2
  SINCE JAN 1      0                         0      0        0
..................................................................


WIND (MPH)
  HIGHEST WIND SPEED    17   HIGHEST WIND DIRECTION    SW (210)
  HIGHEST GUST SPEED    21   HIGHEST GUST DIRECTION    SW (220)
  AVERAGE WIND SPEED     5.2


SKY COVER
  POSSIBLE SUNSHINE  MM
  AVERAGE SKY COVER 0.0


WEATHER CONDITIONS
 THE FOLLOWING WEATHER WAS RECORDED YESTERDAY.
  NO SIGNIFICANT WEATHER WAS OBSERVED.


RELATIVE HUMIDITY (PERCENT)
 HIGHEST    75           400 AM
 LOWEST     28           500 PM
 AVERAGE    52

..........................................................


THE TRENTON NJ CLIMATE NORMALS FOR TODAY
                         NORMAL    RECORD    YEAR
 MAXIMUM TEMPERATURE (F)   43        68      1948
 MINIMUM TEMPERATURE (F)   26         2      1903
                                             1936


SUNRISE AND SUNSET
FEBRUARY 19 2017......SUNRISE   647 AM EST   SUNSET   540 PM EST
FEBRUARY 20 2017......SUNRISE   646 AM EST   SUNSET   541 PM EST


-  INDICATES NEGATIVE NUMBERS.
R  INDICATES RECORD WAS SET OR TIED.
MM INDICATES DATA IS MISSING.
T  INDICATES TRACE AMOUNT.




$$
