755
CDUS44 KTSA 210709
CLITUL

CLIMATE REPORT
NATIONAL WEATHER SERVICE TULSA OK
1247 AM CST TUE FEB 21 2017


...................................

...THE TULSA OKLAHOMA CLIMATE SUMMARY FOR FEBRUARY 20 2017...

CLIMATE NORMAL PERIOD 1981 TO 2010
CLIMATE RECORD PERIOD 1882 TO 2017


WEATHER ITEM   OBSERVED TIME   RECORD YEAR NORMAL DEPARTURE LAST
                VALUE   (LST)  VALUE       VALUE  FROM      YEAR
                                                  NORMAL
..................................................................
TEMPERATURE (F)
 YESTERDAY
  MAXIMUM         66    247 AM  83    1981  55     11       82
  MINIMUM         50   1159 PM   9    1918  33     17       53
  AVERAGE         58                        44     14       68

PRECIPITATION (IN)
  YESTERDAY        0.34          1.94 1997   0.07   0.27     0.00
  MONTH TO DATE    1.18                      1.23  -0.05     0.11
  SINCE DEC 1      5.04                      5.38  -0.34     9.32
  SINCE JAN 1      4.60                      2.89   1.71     0.72

SNOWFALL (IN)
  YESTERDAY        0.0                                       0.0
  MONTH TO DATE    0.0                                       0.0
  SINCE DEC 1      0.7                                       3.0
  SINCE JUL 1      0.7                                       3.0

DEGREE DAYS
 HEATING
  YESTERDAY        7                        21    -14        0
  MONTH TO DATE  309                       478   -169      342
  SINCE DEC 1   1798                      2115   -317     1729
  SINCE JUL 1   2137                      2751   -614     2204
..................................................................


WIND (MPH)
  HIGHEST WIND SPEED    20   HIGHEST WIND DIRECTION    SE (140)
  HIGHEST GUST SPEED    26   HIGHEST GUST DIRECTION    SE (140)
  AVERAGE WIND SPEED     9.0


SKY COVER
  POSSIBLE SUNSHINE  MM
  AVERAGE SKY COVER 0.9


WEATHER CONDITIONS
 THE FOLLOWING WEATHER WAS RECORDED YESTERDAY.
  THUNDERSTORM
  HEAVY RAIN
  RAIN
  LIGHT RAIN
  FOG


RELATIVE HUMIDITY (PERCENT)
 HIGHEST   100           500 AM
 LOWEST     73          1200 AM
 AVERAGE    87

..........................................................


THE TULSA OKLAHOMA CLIMATE NORMALS FOR TODAY
                         NORMAL    RECORD    YEAR
 MAXIMUM TEMPERATURE (F)   55        82      1996
 MINIMUM TEMPERATURE (F)   33         7      1939


SUNRISE AND SUNSET
FEBRUARY 21 2017......SUNRISE   704 AM CST   SUNSET   611 PM CST
FEBRUARY 22 2017......SUNRISE   702 AM CST   SUNSET   612 PM CST


-  INDICATES NEGATIVE NUMBERS.
R  INDICATES RECORD WAS SET OR TIED.
MM INDICATES DATA IS MISSING.
T  INDICATES TRACE AMOUNT.




$$

&&
...........................................................

THE TULSA PRECIPITATION NORMALS FOR TODAY
                       NORMAL    RECORD      YEAR
  TODAY                 0.08      1.43       1913
  MONTH TO DATE         1.31
  YEAR TO DATE          2.97
...........................................................
ALL DATA MEASURED AT THE TULSA INTERNATIONAL AIRPORT...
EXCEPT SNOWFALL...WHICH IS MEASURED AT THE NWS OFFICE.
