000
CDUS44 KTSA 230659
CLITUL

CLIMATE REPORT
NATIONAL WEATHER SERVICE TULSA OK
147 AM CDT SAT AUG 23 2014


...................................

...THE TULSA OKLAHOMA CLIMATE SUMMARY FOR AUGUST 22 2014...

CLIMATE NORMAL PERIOD 1981 TO 2010
CLIMATE RECORD PERIOD 1882 TO 2014


WEATHER ITEM   OBSERVED TIME   RECORD YEAR NORMAL DEPARTURE LAST
                VALUE   (LST)  VALUE       VALUE  FROM      YEAR
                                                  NORMAL
..................................................................
TEMPERATURE (F)
 YESTERDAY
  MAXIMUM        102    242 PM 106    1936  93      9       93
  MINIMUM         79    536 AM  50    1920  71      8       74
  AVERAGE         91                        82      9       84

PRECIPITATION (IN)
  YESTERDAY        0.00          1.14 1971   0.09  -0.09     0.00
  MONTH TO DATE    0.97                      1.97  -1.00     2.88
  SINCE JUN 1     10.06                     10.05   0.01     9.50
  SINCE JAN 1     18.51                     26.55  -8.04    23.38

DEGREE DAYS
 COOLING
  YESTERDAY       26                        17      9       19
  MONTH TO DATE  366                       395    -29      318
  SINCE JUN 1   1187                      1329   -142     1259
  SINCE JAN 1   1458                      1563   -105     1451
..................................................................


WIND (MPH)
  HIGHEST WIND SPEED    21   HIGHEST WIND DIRECTION     S (170)
  HIGHEST GUST SPEED    27   HIGHEST GUST DIRECTION     S (180)
  AVERAGE WIND SPEED    13.2


SKY COVER
  POSSIBLE SUNSHINE  MM
  AVERAGE SKY COVER 0.1


WEATHER CONDITIONS
 THE FOLLOWING WEATHER WAS RECORDED YESTERDAY.
  NO SIGNIFICANT WEATHER WAS OBSERVED.


RELATIVE HUMIDITY (PERCENT)
 HIGHEST    69           100 AM
 LOWEST     36           300 PM
 AVERAGE    53

..........................................................


THE TULSA OKLAHOMA CLIMATE NORMALS FOR TODAY
                         NORMAL    RECORD    YEAR
 MAXIMUM TEMPERATURE (F)   92       108      1936
 MINIMUM TEMPERATURE (F)   70        51      1920


SUNRISE AND SUNSET
AUGUST 23 2014........SUNRISE   648 AM CDT   SUNSET   804 PM CDT
AUGUST 24 2014........SUNRISE   649 AM CDT   SUNSET   802 PM CDT


-  INDICATES NEGATIVE NUMBERS.
R  INDICATES RECORD WAS SET OR TIED.
MM INDICATES DATA IS MISSING.
T  INDICATES TRACE AMOUNT.




$$

&&
...........................................................

THE TULSA PRECIPITATION NORMALS FOR TODAY
                       NORMAL    RECORD      YEAR
  TODAY                 0.09      1.32       1930
  MONTH TO DATE         2.06
  YEAR TO DATE         26.64
...........................................................
ALL DATA MEASURED AT THE TULSA INTERNATIONAL AIRPORT...
EXCEPT SNOWFALL...WHICH IS MEASURED AT THE NWS OFFICE.
