108
CDUS44 KTSA 290647
CLITUL

CLIMATE REPORT
NATIONAL WEATHER SERVICE TULSA OK
147 AM CDT SUN MAY 29 2016


...................................

...THE TULSA OKLAHOMA CLIMATE SUMMARY FOR MAY 28 2016...

CLIMATE NORMAL PERIOD 1981 TO 2010
CLIMATE RECORD PERIOD 1882 TO 2016


WEATHER ITEM   OBSERVED TIME   RECORD YEAR NORMAL DEPARTURE LAST
                VALUE   (LST)  VALUE       VALUE  FROM      YEAR
                                                  NORMAL
..................................................................
TEMPERATURE (F)
 YESTERDAY
  MAXIMUM         82    627 PM  94    2012  82      0       81
                                      1926
  MINIMUM         66    450 AM  45    1947  63      3       67
                                      1907
  AVERAGE         74                        72      2       74

PRECIPITATION (IN)
  YESTERDAY        0.00          2.08 1905   0.19  -0.19     1.43
  MONTH TO DATE    3.76                      5.35  -1.59    13.52
  SINCE MAR 1     12.51                     12.43   0.08    21.33
  SINCE JAN 1     13.71                     15.94  -2.23    23.65

DEGREE DAYS
 COOLING
  YESTERDAY        9                         8      1        9
  MONTH TO DATE  123                       144    -21      127
  SINCE MAR 1    171                       208    -37      201
  SINCE JAN 1    177                       209    -32      201
..................................................................


WIND (MPH)
  HIGHEST WIND SPEED    17   HIGHEST WIND DIRECTION     S (200)
  HIGHEST GUST SPEED    21   HIGHEST GUST DIRECTION    SW (230)
  AVERAGE WIND SPEED     7.3


SKY COVER
  POSSIBLE SUNSHINE  MM
  AVERAGE SKY COVER 0.4


WEATHER CONDITIONS
 THE FOLLOWING WEATHER WAS RECORDED YESTERDAY.
  NO SIGNIFICANT WEATHER WAS OBSERVED.


RELATIVE HUMIDITY (PERCENT)
 HIGHEST    93           100 AM
 LOWEST     54           100 PM
 AVERAGE    74

..........................................................


THE TULSA OKLAHOMA CLIMATE NORMALS FOR TODAY
                         NORMAL    RECORD    YEAR
 MAXIMUM TEMPERATURE (F)   83        98      1926
 MINIMUM TEMPERATURE (F)   63        40      1947


SUNRISE AND SUNSET
MAY 29 2016...........SUNRISE   609 AM CDT   SUNSET   834 PM CDT
MAY 30 2016...........SUNRISE   608 AM CDT   SUNSET   835 PM CDT


-  INDICATES NEGATIVE NUMBERS.
R  INDICATES RECORD WAS SET OR TIED.
MM INDICATES DATA IS MISSING.
T  INDICATES TRACE AMOUNT.




$$

&&
...........................................................

THE TULSA PRECIPITATION NORMALS FOR TODAY
                       NORMAL    RECORD      YEAR
  TODAY                 0.18      1.60       1903
  MONTH TO DATE         5.53
  YEAR TO DATE         16.12
...........................................................
ALL DATA MEASURED AT THE TULSA INTERNATIONAL AIRPORT...
EXCEPT SNOWFALL...WHICH IS MEASURED AT THE NWS OFFICE.
