246
CDUS44 KTSA 161523
CLITUL

CLIMATE REPORT
NATIONAL WEATHER SERVICE TULSA OK
912 AM CST TUE JAN 16 2018


...................................

...THE TULSA OKLAHOMA CLIMATE SUMMARY FOR JANUARY 16 2018...
VALID AS OF 0900 AM LOCAL TIME.

CLIMATE NORMAL PERIOD 1981 TO 2010
CLIMATE RECORD PERIOD 1882 TO 2018


WEATHER ITEM   OBSERVED TIME   RECORD YEAR NORMAL DEPARTURE LAST
                VALUE   (LST)  VALUE       VALUE  FROM      YEAR
                                                  NORMAL
..................................................................
TEMPERATURE (F)
 TODAY
  MAXIMUM         11   1235 AM  78    1938  48    -37       56
  MINIMUM          5    759 AM   1    1930  27    -22       37
  AVERAGE          8                        38    -30       47

PRECIPITATION (IN)
  TODAY            0.00          1.90 1932   0.06  -0.06     0.26
  MONTH TO DATE    0.25                      0.83  -0.58     1.75
  SINCE DEC 1      1.68                      3.32  -1.64     2.19
  SINCE JAN 1      0.25                      0.83  -0.58     1.75

SNOWFALL (IN)
  TODAY            0.0                                       0.0
  MONTH TO DATE    T                                         0.2
  SINCE DEC 1      2.0                                       0.7
  SINCE JUL 1      2.0                                       0.7

DEGREE DAYS
 HEATING
  TODAY           57                        27     30       18
  MONTH TO DATE  554                       447    107      433
  SINCE DEC 1   1273                      1239     34     1217
  SINCE JUL 1   1775                      1875   -100     1556
..................................................................


WIND (MPH)
  HIGHEST WIND SPEED    20   HIGHEST WIND DIRECTION     N (340)
  HIGHEST GUST SPEED    25   HIGHEST GUST DIRECTION    NW (330)
  AVERAGE WIND SPEED    12.8


SKY COVER
  POSSIBLE SUNSHINE  MM
  AVERAGE SKY COVER 0.2


WEATHER CONDITIONS
 THE FOLLOWING WEATHER WAS RECORDED TODAY.
  NO SIGNIFICANT WEATHER WAS OBSERVED.


RELATIVE HUMIDITY (PERCENT)
 HIGHEST    76           700 AM
 LOWEST     63           100 AM
 AVERAGE    70

..........................................................


THE TULSA OKLAHOMA CLIMATE NORMALS FOR TOMORROW
                         NORMAL    RECORD    YEAR
 MAXIMUM TEMPERATURE (F)   48        73      1952
 MINIMUM TEMPERATURE (F)   27        -3      1930


SUNRISE AND SUNSET
JANUARY 16 2018.......SUNRISE   734 AM CST   SUNSET   534 PM CST
JANUARY 17 2018.......SUNRISE   733 AM CST   SUNSET   535 PM CST


-  INDICATES NEGATIVE NUMBERS.
R  INDICATES RECORD WAS SET OR TIED.
MM INDICATES DATA IS MISSING.
T  INDICATES TRACE AMOUNT.




$$

&&
ALL DATA MEASURED AT THE TULSA INTERNATIONAL AIRPORT...
EXCEPT SNOWFALL...WHICH IS MEASURED AT THE NWS OFFICE.
