000
CDUS44 KTSA 272135
CLITUL

CLIMATE REPORT
NATIONAL WEATHER SERVICE TULSA OK
435 PM CDT SAT MAY 27 2017


...................................

...THE TULSA OKLAHOMA CLIMATE SUMMARY FOR MAY 27 2017...
VALID TODAY AS OF 0400 PM LOCAL TIME.

CLIMATE NORMAL PERIOD 1981 TO 2010
CLIMATE RECORD PERIOD 1882 TO 2017


WEATHER ITEM   OBSERVED TIME   RECORD YEAR NORMAL DEPARTURE LAST
                VALUE   (LST)  VALUE       VALUE  FROM      YEAR
                                                  NORMAL
..................................................................
TEMPERATURE (F)
 TODAY
  MAXIMUM         93    257 PM  94    1911  82     11       79
  MINIMUM         70    355 AM  45    1961  62      8       67
                                      1907
  AVERAGE         82                        72     10       73

PRECIPITATION (IN)
  TODAY            0.00          6.95 1984   0.19  -0.19     0.00
  MONTH TO DATE    5.88                      5.16   0.72     3.76
  SINCE MAR 1     18.09                     12.24   5.85    12.51
  SINCE JAN 1     22.69                     15.75   6.94    13.71

DEGREE DAYS
 COOLING
  TODAY           17                         8      9        8
  MONTH TO DATE  130                       136     -6      114
  SINCE MAR 1    234                       200     34      162
  SINCE JAN 1    250                       201     49      168
..................................................................


WIND (MPH)
  HIGHEST WIND SPEED    21   HIGHEST WIND DIRECTION     S (190)
  HIGHEST GUST SPEED    26   HIGHEST GUST DIRECTION     S (180)
  AVERAGE WIND SPEED     8.1


SKY COVER
  POSSIBLE SUNSHINE  MM
  AVERAGE SKY COVER 0.4


WEATHER CONDITIONS
 THE FOLLOWING WEATHER WAS RECORDED TODAY.
  FOG


RELATIVE HUMIDITY (PERCENT)
 HIGHEST   100           100 AM
 LOWEST     56           300 PM
 AVERAGE    78

..........................................................


THE TULSA OKLAHOMA CLIMATE NORMALS FOR TOMORROW
                         NORMAL    RECORD    YEAR
 MAXIMUM TEMPERATURE (F)   82        94      2012
                                             1926
 MINIMUM TEMPERATURE (F)   63        45      1947
                                             1907


SUNRISE AND SUNSET
MAY 27 2017...........SUNRISE   610 AM CDT   SUNSET   832 PM CDT
MAY 28 2017...........SUNRISE   609 AM CDT   SUNSET   833 PM CDT


-  INDICATES NEGATIVE NUMBERS.
R  INDICATES RECORD WAS SET OR TIED.
MM INDICATES DATA IS MISSING.
T  INDICATES TRACE AMOUNT.




$$

&&
...........................................................

TULSA RECORD LOW MAX AND HIGH MIN TEMPERATURES FOR TOMORROW
                      RECORD        YEAR
  LOW MAXIMUM           53          1992
  HIGH MINIMUM          73          *1991
...........................................................
ALL DATA MEASURED AT THE TULSA INTERNATIONAL AIRPORT...
EXCEPT SNOWFALL...WHICH IS MEASURED AT THE NWS OFFICE.
