000
CDUS44 KTSA 121416
CLITUL

CLIMATE REPORT
NATIONAL WEATHER SERVICE TULSA OK
912 AM CDT SAT JUL 12 2014


...................................

...THE TULSA OKLAHOMA CLIMATE SUMMARY FOR JULY 12 2014...
VALID AS OF 0900 AM LOCAL TIME.

CLIMATE NORMAL PERIOD 1981 TO 2010
CLIMATE RECORD PERIOD 1882 TO 2014


WEATHER ITEM   OBSERVED TIME   RECORD YEAR NORMAL DEPARTURE LAST
                VALUE   (LST)  VALUE       VALUE  FROM      YEAR
                                                  NORMAL
..................................................................
TEMPERATURE (F)
 TODAY
  MAXIMUM         82    759 AM 109    1954  93    -11       97
  MINIMUM         77    552 AM  59    1975  73      4       74
                                      1953
  AVERAGE         80                        83     -3       86

PRECIPITATION (IN)
  TODAY            0.00          1.61 1998   0.12  -0.12     0.00
  MONTH TO DATE    1.98                      1.44   0.54      T
  SINCE JUN 1      6.65                      6.16   0.49     1.69
  SINCE JAN 1     15.10                     22.66  -7.56    15.57

DEGREE DAYS
 COOLING
  TODAY           15                        18     -3       21
  MONTH TO DATE  173                       206    -33      198
  SINCE JUN 1    576                       585     -9      629
  SINCE JAN 1    847                       819     28      821
..................................................................


WIND (MPH)
  HIGHEST WIND SPEED    14   HIGHEST WIND DIRECTION     S (200)
  HIGHEST GUST SPEED    18   HIGHEST GUST DIRECTION     S (190)
  AVERAGE WIND SPEED    10.0


SKY COVER
  POSSIBLE SUNSHINE  MM
  AVERAGE SKY COVER 0.1


WEATHER CONDITIONS
 THE FOLLOWING WEATHER WAS RECORDED TODAY.
  NO SIGNIFICANT WEATHER WAS OBSERVED.


RELATIVE HUMIDITY (PERCENT)
 HIGHEST    69          1200 AM
 LOWEST     58           800 AM
 AVERAGE    64

..........................................................


THE TULSA OKLAHOMA CLIMATE NORMALS FOR TOMORROW
                         NORMAL    RECORD    YEAR
 MAXIMUM TEMPERATURE (F)   93       111      1954
 MINIMUM TEMPERATURE (F)   73        54      1975


SUNRISE AND SUNSET
JULY 12 2014..........SUNRISE   616 AM CDT   SUNSET   842 PM CDT
JULY 13 2014..........SUNRISE   617 AM CDT   SUNSET   842 PM CDT


-  INDICATES NEGATIVE NUMBERS.
R  INDICATES RECORD WAS SET OR TIED.
MM INDICATES DATA IS MISSING.
T  INDICATES TRACE AMOUNT.




$$

&&
...........................................................

HOURLY TEMPERATURE DATA
 YESTERDAY
11AM NOON  1PM  2PM  3PM  4PM  5PM  6PM  7PM  8PM  9PM 10PM 11PM
  87   88   90   92   92   93   93   92   92   90   88   85   83

 TODAY
 MID  1AM  2AM  3AM  4AM  5AM  6AM  7AM  8AM  9AM
  82   81   80   80   79   78   78   78   80   82
...........................................................
ALL DATA MEASURED AT THE TULSA INTERNATIONAL AIRPORT...
EXCEPT SNOWFALL...WHICH IS MEASURED AT THE NWS OFFICE.
