000
CDUS44 KTSA 271412
CLITUL

CLIMATE REPORT
NATIONAL WEATHER SERVICE TULSA OK
912 AM CDT FRI MAR 27 2015


...................................

...THE TULSA OKLAHOMA CLIMATE SUMMARY FOR MARCH 27 2015...
VALID AS OF 0900 AM LOCAL TIME.

CLIMATE NORMAL PERIOD 1981 TO 2010
CLIMATE RECORD PERIOD 1882 TO 2015


WEATHER ITEM   OBSERVED TIME   RECORD YEAR NORMAL DEPARTURE LAST
                VALUE   (LST)  VALUE       VALUE  FROM      YEAR
                                                  NORMAL
..................................................................
TEMPERATURE (F)
 TODAY
  MAXIMUM         48   1250 AM  88    1956  66    -18       81
                                      1910
  MINIMUM         42    736 AM  13    1913  43     -1       50
  AVERAGE         45                        55    -10       66

PRECIPITATION (IN)
  TODAY            0.00          1.86 1975   0.11  -0.11     0.00
  MONTH TO DATE    3.70                      2.82   0.88     2.32
  SINCE MAR 1      3.70                      2.82   0.88     2.32
  SINCE JAN 1      6.02                      6.33  -0.31     2.77

SNOWFALL (IN)
  TODAY            0.0                                       0.0
  MONTH TO DATE    0.3                                       2.4
  SINCE MAR 1      0.3                                       2.4
  SINCE JUL 1      8.5                                      12.4

DEGREE DAYS
 HEATING
  TODAY           20                        11      9        0
  MONTH TO DATE  364                       396    -32      523
  SINCE MAR 1    364                       396    -32      523
  SINCE JUL 1   3379                      3307     72     3824

 COOLING
  TODAY            0                         1     -1        1
  MONTH TO DATE    5                         6     -1        1
  SINCE MAR 1      5                         6     -1        1
  SINCE JAN 1      5                         7     -2        1
..................................................................


WIND (MPH)
  HIGHEST WIND SPEED    16   HIGHEST WIND DIRECTION     N (10)
  HIGHEST GUST SPEED    21   HIGHEST GUST DIRECTION     N (360)
  AVERAGE WIND SPEED     9.1


SKY COVER
  POSSIBLE SUNSHINE  MM
  AVERAGE SKY COVER 0.8


WEATHER CONDITIONS
 THE FOLLOWING WEATHER WAS RECORDED TODAY.
  NO SIGNIFICANT WEATHER WAS OBSERVED.


RELATIVE HUMIDITY (PERCENT)
 HIGHEST    82           600 AM
 LOWEST     50          1200 AM
 AVERAGE    66

..........................................................


THE TULSA OKLAHOMA CLIMATE NORMALS FOR TOMORROW
                         NORMAL    RECORD    YEAR
 MAXIMUM TEMPERATURE (F)   66        90      1963
 MINIMUM TEMPERATURE (F)   44        17      1931


SUNRISE AND SUNSET
MARCH 27 2015.........SUNRISE   717 AM CDT   SUNSET   741 PM CDT
MARCH 28 2015.........SUNRISE   716 AM CDT   SUNSET   742 PM CDT


-  INDICATES NEGATIVE NUMBERS.
R  INDICATES RECORD WAS SET OR TIED.
MM INDICATES DATA IS MISSING.
T  INDICATES TRACE AMOUNT.




$$

&&
...........................................................

HOURLY TEMPERATURE DATA
 YESTERDAY
11AM NOON  1PM  2PM  3PM  4PM  5PM  6PM  7PM  8PM  9PM 10PM 11PM
  48   51   53   54   56   58   60   59   58   54   52   50   50

 TODAY
 MID  1AM  2AM  3AM  4AM  5AM  6AM  7AM  8AM  9AM
  49   49   47   45   45   42   44   42   42   43
...........................................................
ALL DATA MEASURED AT THE TULSA INTERNATIONAL AIRPORT...
EXCEPT SNOWFALL...WHICH IS MEASURED AT THE NWS OFFICE.
