000
CDUS44 KTSA 210648
CLITUL

CLIMATE REPORT
NATIONAL WEATHER SERVICE TULSA OK
147 AM CDT TUE OCT 21 2014


...................................

...THE TULSA OKLAHOMA CLIMATE SUMMARY FOR OCTOBER 20 2014...

CLIMATE NORMAL PERIOD 1981 TO 2010
CLIMATE RECORD PERIOD 1882 TO 2014


WEATHER ITEM   OBSERVED TIME   RECORD YEAR NORMAL DEPARTURE LAST
                VALUE   (LST)  VALUE       VALUE  FROM      YEAR
                                                  NORMAL
..................................................................
TEMPERATURE (F)
 YESTERDAY
  MAXIMUM         77    350 PM  91    1979  72      5       70
  MINIMUM         56    615 AM  30    2011  49      7       42
                                      1976
                                      1925
  AVERAGE         67                        61      6       56

PRECIPITATION (IN)
  YESTERDAY        0.50          4.96 1971   0.14   0.36     0.00
  MONTH TO DATE    4.21                      2.53   1.68     2.36
  SINCE SEP 1      6.40                      6.79  -0.39     4.86
  SINCE JAN 1     24.92                     34.27  -9.35    28.24

SNOWFALL (IN)
  YESTERDAY        0.0                                       0.0
  MONTH TO DATE    0.0                                       0.0
  SINCE SEP 1      0.0                                       0.0
  SINCE JUL 1      0.0                                       0.0

DEGREE DAYS
 HEATING
  YESTERDAY        0                         6     -6        9
  MONTH TO DATE   60                        81    -21       90
  SINCE SEP 1     72                       105    -33       91
  SINCE JUL 1     73                       105    -32       91

 COOLING
  YESTERDAY        2                         1      1        0
  MONTH TO DATE   73                        51     22       66
  SINCE SEP 1    354                       315     39      414
  SINCE JAN 1   2007                      2016     -9     2043
..................................................................


WIND (MPH)
  HIGHEST WIND SPEED    15   HIGHEST WIND DIRECTION    SE (150)
  HIGHEST GUST SPEED    17   HIGHEST GUST DIRECTION    SE (150)
  AVERAGE WIND SPEED     4.1


SKY COVER
  POSSIBLE SUNSHINE  MM
  AVERAGE SKY COVER 0.6


WEATHER CONDITIONS
 THE FOLLOWING WEATHER WAS RECORDED YESTERDAY.
  THUNDERSTORM
  HEAVY RAIN
  LIGHT RAIN
  FOG


RELATIVE HUMIDITY (PERCENT)
 HIGHEST    93           300 AM
 LOWEST     60           200 PM
 AVERAGE    77

..........................................................


THE TULSA OKLAHOMA CLIMATE NORMALS FOR TODAY
                         NORMAL    RECORD    YEAR
 MAXIMUM TEMPERATURE (F)   72        92      1978
 MINIMUM TEMPERATURE (F)   49        30      1917
                                             1916


SUNRISE AND SUNSET
OCTOBER 21 2014.......SUNRISE   736 AM CDT   SUNSET   640 PM CDT
OCTOBER 22 2014.......SUNRISE   737 AM CDT   SUNSET   639 PM CDT


-  INDICATES NEGATIVE NUMBERS.
R  INDICATES RECORD WAS SET OR TIED.
MM INDICATES DATA IS MISSING.
T  INDICATES TRACE AMOUNT.




$$

&&
...........................................................

THE TULSA PRECIPITATION NORMALS FOR TODAY
                       NORMAL    RECORD      YEAR
  TODAY                 0.13      2.98       1972
  MONTH TO DATE         2.66
  YEAR TO DATE         34.40
...........................................................
ALL DATA MEASURED AT THE TULSA INTERNATIONAL AIRPORT...
EXCEPT SNOWFALL...WHICH IS MEASURED AT THE NWS OFFICE.
