000
CDUS44 KMEG 272253
CLITUP


CLIMATE REPORT
NATIONAL WEATHER SERVICE MEMPHIS TN
452 PM CST MON FEB 27 2017


...................................

...THE TUPELO CLIMATE SUMMARY FOR FEBRUARY 27 2017...
VALID TODAY AS OF 0400 PM LOCAL TIME.

CLIMATE NORMAL PERIOD 1981 TO 2010
CLIMATE RECORD PERIOD 1930 TO 2017


WEATHER ITEM   OBSERVED TIME   RECORD YEAR NORMAL DEPARTURE LAST
                VALUE   (LST)  VALUE       VALUE  FROM      YEAR
                                                  NORMAL
..................................................................
TEMPERATURE (F)
 TODAY
  MAXIMUM         59    345 PM  81    1981  60     -1       65
  MINIMUM         45    702 AM  14    1934  38      7       30
  AVERAGE         52                        49      3       48

PRECIPITATION (IN)
  TODAY            0.59          2.13 1989   0.19   0.40     0.00
  MONTH TO DATE    2.26                      4.77  -2.51     3.33
  SINCE DEC 1     12.93                     15.53  -2.60    14.53
  SINCE JAN 1      8.03                      9.25  -1.22     7.17

SNOWFALL (IN)
  TODAY            0.0

DEGREE DAYS
 HEATING
  TODAY           13                        16     -3       17
  MONTH TO DATE  305                       519   -214      474
  SINCE DEC 1   1324                      1893   -569     1582
  SINCE JUL 1   1618                      2415   -797     1923

 COOLING
  TODAY            0                         0      0        0
  MONTH TO DATE    3                         0      3        0
  SINCE DEC 1     18                         3     15       27
  SINCE JAN 1     11                         1     10        0
..................................................................


WIND (MPH)
  HIGHEST WIND SPEED    20   HIGHEST WIND DIRECTION     E (70)
  HIGHEST GUST SPEED    24   HIGHEST GUST DIRECTION     E (70)
  AVERAGE WIND SPEED     9.6


SKY COVER
  POSSIBLE SUNSHINE  MM
  AVERAGE SKY COVER 0.5


WEATHER CONDITIONS
 THE FOLLOWING WEATHER WAS RECORDED TODAY.
  RAIN
  LIGHT RAIN
  FOG
  HAZE


RELATIVE HUMIDITY (PERCENT)
 HIGHEST    92           700 AM
 LOWEST     38          1200 AM
 AVERAGE    65

..........................................................


THE TUPELO CLIMATE NORMALS FOR TOMORROW
                         NORMAL    RECORD    YEAR
 MAXIMUM TEMPERATURE (F)   61        79      1981
 MINIMUM TEMPERATURE (F)   39        19      1935


SUNRISE AND SUNSET
FEBRUARY 27 2017......SUNRISE   626 AM CST   SUNSET   550 PM CST
FEBRUARY 28 2017......SUNRISE   625 AM CST   SUNSET   551 PM CST


-  INDICATES NEGATIVE NUMBERS.
R  INDICATES RECORD WAS SET OR TIED.
MM INDICATES DATA IS MISSING.
T  INDICATES TRACE AMOUNT.




$$
