000
CDUS44 KMEG 270733
CLITUP


CLIMATE REPORT
NATIONAL WEATHER SERVICE MEMPHIS TN
133 AM CST TUE JAN 27 2015


...................................

...THE TUPELO CLIMATE SUMMARY FOR JANUARY 26 2015...

CLIMATE NORMAL PERIOD 1981 TO 2010
CLIMATE RECORD PERIOD 1930 TO 2015


WEATHER ITEM   OBSERVED TIME   RECORD YEAR NORMAL DEPARTURE LAST
                VALUE   (LST)  VALUE       VALUE  FROM      YEAR
                                                  NORMAL
..................................................................
TEMPERATURE (F)
 YESTERDAY
  MAXIMUM         51    304 PM  75    1952  52     -1       63
  MINIMUM         34   1159 PM  -6    1940  32      2       24
  AVERAGE         43                        42      1       44

PRECIPITATION (IN)
  YESTERDAY        0.00          1.15 2012   0.14  -0.14     0.00
  MONTH TO DATE    4.24                      3.74   0.50     1.77
  SINCE DEC 1      9.32                     10.02  -0.70     7.95
  SINCE JAN 1      4.24                      3.74   0.50     1.77

SNOWFALL (IN)
  YESTERDAY        0.0           0.3  1940   0.1   -0.1      0.0
  MONTH TO DATE    T                         0.8   -0.8       T
  SINCE DEC 1      T                         1.1   -1.1       T
  SINCE JUL 1      T                         1.1   -1.1       T
  SNOW DEPTH       0

DEGREE DAYS
 HEATING
  YESTERDAY       22                        23     -1       21
  MONTH TO DATE  642                       612     30      737
  SINCE DEC 1   1202                      1263    -61     1407
  SINCE JUL 1   1839                      1785     54     2030

 COOLING
  YESTERDAY        0                         0      0        0
  MONTH TO DATE    0                         0      0        0
  SINCE DEC 1      0                         2     -2        9
  SINCE JAN 1      0                         0      0        0
..................................................................


WIND (MPH)
  HIGHEST WIND SPEED    21   HIGHEST WIND DIRECTION     N (20)
  HIGHEST GUST SPEED    29   HIGHEST GUST DIRECTION     N (10)
  AVERAGE WIND SPEED     7.7


SKY COVER
  POSSIBLE SUNSHINE  MM
  AVERAGE SKY COVER 0.5


WEATHER CONDITIONS
 THE FOLLOWING WEATHER WAS RECORDED YESTERDAY.
  NO SIGNIFICANT WEATHER WAS OBSERVED.


RELATIVE HUMIDITY (PERCENT)
 HIGHEST    82          1100 PM
 LOWEST     46           300 PM
 AVERAGE    64

..........................................................


THE TUPELO CLIMATE NORMALS FOR TODAY
                         NORMAL    RECORD    YEAR
 MAXIMUM TEMPERATURE (F)   53        75      1975
                                             1972
 MINIMUM TEMPERATURE (F)   32       -14      1940


SUNRISE AND SUNSET
JANUARY 27 2015.......SUNRISE   656 AM CST   SUNSET   520 PM CST
JANUARY 28 2015.......SUNRISE   655 AM CST   SUNSET   521 PM CST


-  INDICATES NEGATIVE NUMBERS.
R  INDICATES RECORD WAS SET OR TIED.
MM INDICATES DATA IS MISSING.
T  INDICATES TRACE AMOUNT.




$$
