000
CDUS44 KMEG 062257
CLITUP


CLIMATE REPORT
NATIONAL WEATHER SERVICE MEMPHIS TN
455 PM CST FRI MAR 6 2015


...................................

...THE TUPELO CLIMATE SUMMARY FOR MARCH 6 2015...
VALID TODAY AS OF 0400 PM LOCAL TIME.

CLIMATE NORMAL PERIOD 1981 TO 2010
CLIMATE RECORD PERIOD 1930 TO 2015


WEATHER ITEM   OBSERVED TIME   RECORD YEAR NORMAL DEPARTURE LAST
                VALUE   (LST)  VALUE       VALUE  FROM      YEAR
                                                  NORMAL
..................................................................
TEMPERATURE (F)
 TODAY
  MAXIMUM         43    449 PM  82    1956  62    -19       48
  MINIMUM         18R   650 AM  22    1979  40    -22       36
                                      1972
                                      1932
  AVERAGE         31                        51    -20       42

PRECIPITATION (IN)
  TODAY            0.00          2.55 1930   0.17  -0.17     0.10
  MONTH TO DATE    2.23                      1.04   1.19     0.77
  SINCE MAR 1      2.23                      1.04   1.19     0.77
  SINCE JAN 1     11.39                     10.48   0.91     6.86

SNOWFALL (IN)
  TODAY            0.0

DEGREE DAYS
 HEATING
  TODAY           34                        14     20       23
  MONTH TO DATE  130                        88     42      133
  SINCE MAR 1    130                        88     42      133
  SINCE JUL 1   2848                      2519    329     2963

 COOLING
  TODAY            0                         0      0        0
  MONTH TO DATE    0                         0      0        0
  SINCE MAR 1      0                         0      0        0
  SINCE JAN 1      0                         2     -2        0
..................................................................


WIND (MPH)
  HIGHEST WIND SPEED    14   HIGHEST WIND DIRECTION    NE (30)
  HIGHEST GUST SPEED    16   HIGHEST GUST DIRECTION    NE (30)
  AVERAGE WIND SPEED     8.5


SKY COVER
  POSSIBLE SUNSHINE  MM
  AVERAGE SKY COVER 0.0


WEATHER CONDITIONS
 THE FOLLOWING WEATHER WAS RECORDED TODAY.
  NO SIGNIFICANT WEATHER WAS OBSERVED.


RELATIVE HUMIDITY (PERCENT)
 HIGHEST    73           200 AM
 LOWEST     32           300 PM
 AVERAGE    53

..........................................................


THE TUPELO CLIMATE NORMALS FOR TOMORROW
                         NORMAL    RECORD    YEAR
 MAXIMUM TEMPERATURE (F)   63        81      1974
 MINIMUM TEMPERATURE (F)   41        20      1943


SUNRISE AND SUNSET
MARCH  6 2015.........SUNRISE   618 AM CST   SUNSET   555 PM CST
MARCH  7 2015.........SUNRISE   617 AM CST   SUNSET   556 PM CST


-  INDICATES NEGATIVE NUMBERS.
R  INDICATES RECORD WAS SET OR TIED.
MM INDICATES DATA IS MISSING.
T  INDICATES TRACE AMOUNT.




$$
