000
CDUS44 KMEG 100734
CLITUP


CLIMATE REPORT
NATIONAL WEATHER SERVICE MEMPHIS TN
133 AM CST SAT DEC 10 2016


...................................

...THE TUPELO CLIMATE SUMMARY FOR DECEMBER 9 2016...

CLIMATE NORMAL PERIOD 1981 TO 2010
CLIMATE RECORD PERIOD 1930 TO 2016


WEATHER ITEM   OBSERVED TIME   RECORD YEAR NORMAL DEPARTURE LAST
                VALUE   (LST)  VALUE       VALUE  FROM      YEAR
                                                  NORMAL
..................................................................
TEMPERATURE (F)
 YESTERDAY
  MAXIMUM         40    342 PM  78    2007  55    -15       59
  MINIMUM         22    700 AM  11    1937  35    -13       43
  AVERAGE         31                        45    -14       51

PRECIPITATION (IN)
  YESTERDAY        0.00          4.10 2008   0.22  -0.22     0.00
  MONTH TO DATE    2.52                      1.97   0.55     0.39
  SINCE DEC 1      2.52                      1.97   0.55     0.39
  SINCE JAN 1     43.89                     50.70  -6.81    63.79

SNOWFALL (IN)
  YESTERDAY        0.0           0.3  1989   0.0    0.0      0.0
  MONTH TO DATE    0.0                       0.0    0.0      0.0
  SINCE DEC 1      0.0                       0.0    0.0      0.0
  SINCE JUL 1      0.0                       0.0    0.0      0.0
  SNOW DEPTH       0

DEGREE DAYS
 HEATING
  YESTERDAY       34                        20     14       14
  MONTH TO DATE  194                       169     25      153
  SINCE DEC 1    194                       169     25      153
  SINCE JUL 1    488                       691   -203      494

 COOLING
  YESTERDAY        0                         0      0        0
  MONTH TO DATE    0                         0      0        0
  SINCE DEC 1      0                         0      0        0
  SINCE JAN 1   2539                      2044    495     2148
..................................................................


WIND (MPH)
  HIGHEST WIND SPEED    16   HIGHEST WIND DIRECTION     N (350)
  HIGHEST GUST SPEED    19   HIGHEST GUST DIRECTION     N (350)
  AVERAGE WIND SPEED     6.2


SKY COVER
  POSSIBLE SUNSHINE  MM
  AVERAGE SKY COVER 0.0


WEATHER CONDITIONS
 THE FOLLOWING WEATHER WAS RECORDED YESTERDAY.
  NO SIGNIFICANT WEATHER WAS OBSERVED.


RELATIVE HUMIDITY (PERCENT)
 HIGHEST    74           200 AM
 LOWEST     34           400 PM
 AVERAGE    54

..........................................................


THE TUPELO CLIMATE NORMALS FOR TODAY
                         NORMAL    RECORD    YEAR
 MAXIMUM TEMPERATURE (F)   55        75      2007
 MINIMUM TEMPERATURE (F)   35        12      1978


SUNRISE AND SUNSET
DECEMBER 10 2016......SUNRISE   651 AM CST   SUNSET   446 PM CST
DECEMBER 11 2016......SUNRISE   651 AM CST   SUNSET   446 PM CST


-  INDICATES NEGATIVE NUMBERS.
R  INDICATES RECORD WAS SET OR TIED.
MM INDICATES DATA IS MISSING.
T  INDICATES TRACE AMOUNT.




$$
