828
CDUS44 KMEG 122245
CLITUP


CLIMATE REPORT
NATIONAL WEATHER SERVICE MEMPHIS TN
445 PM CST TUE DEC 12 2017


...................................

...THE TUPELO CLIMATE SUMMARY FOR DECEMBER 12 2017...
VALID TODAY AS OF 0400 PM LOCAL TIME.

CLIMATE NORMAL PERIOD 1981 TO 2010
CLIMATE RECORD PERIOD 1930 TO 2017


WEATHER ITEM   OBSERVED TIME   RECORD YEAR NORMAL DEPARTURE LAST
                VALUE   (LST)  VALUE       VALUE  FROM      YEAR
                                                  NORMAL
..................................................................
TEMPERATURE (F)
 TODAY
  MAXIMUM         53   1222 AM  73    1940  54     -1       57
                                      1931
  MINIMUM         45    742 AM   5    1962  35     10       43
  AVERAGE         49                        44      5       50

PRECIPITATION (IN)
  TODAY            0.00          2.47 1998   0.22  -0.22     0.46
  MONTH TO DATE    1.71                      2.65  -0.94     3.02
  SINCE DEC 1      1.71                      2.65  -0.94     3.02
  SINCE JAN 1     43.07                     51.38  -8.31    44.39

SNOWFALL (IN)
  TODAY            0.0

DEGREE DAYS
 HEATING
  TODAY           16                        21     -5       15
  MONTH TO DATE  225                       230     -5      263
  SINCE DEC 1    225                       230     -5      263
  SINCE JUL 1    715                       752    -37      557

 COOLING
  TODAY            0                         0      0        0
  MONTH TO DATE    0                         0      0        0
  SINCE DEC 1      0                         0      0        0
  SINCE JAN 1   2133                      2044     89     2539
..................................................................


WIND (MPH)
  HIGHEST WIND SPEED    21   HIGHEST WIND DIRECTION    NW (330)
  HIGHEST GUST SPEED    27   HIGHEST GUST DIRECTION    NW (330)
  AVERAGE WIND SPEED    10.8


SKY COVER
  POSSIBLE SUNSHINE  MM
  AVERAGE SKY COVER 0.2


WEATHER CONDITIONS
 THE FOLLOWING WEATHER WAS RECORDED TODAY.
  NO SIGNIFICANT WEATHER WAS OBSERVED.


RELATIVE HUMIDITY (PERCENT)
 HIGHEST    58           700 AM
 LOWEST     28           300 PM
 AVERAGE    43

..........................................................


THE TUPELO CLIMATE NORMALS FOR TOMORROW
                         NORMAL    RECORD    YEAR
 MAXIMUM TEMPERATURE (F)   54        76      2015
                                             1948
 MINIMUM TEMPERATURE (F)   35         1      1962


SUNRISE AND SUNSET
DECEMBER 12 2017......SUNRISE   652 AM CST   SUNSET   446 PM CST
DECEMBER 13 2017......SUNRISE   653 AM CST   SUNSET   446 PM CST


-  INDICATES NEGATIVE NUMBERS.
R  INDICATES RECORD WAS SET OR TIED.
MM INDICATES DATA IS MISSING.
T  INDICATES TRACE AMOUNT.




$$
