000
CDUS44 KMEG 302153
CLITUP


CLIMATE REPORT
NATIONAL WEATHER SERVICE MEMPHIS TN
453 PM CDT SUN AUG 30 2015


...................................

...THE TUPELO CLIMATE SUMMARY FOR AUGUST 30 2015...
VALID TODAY AS OF 0400 PM LOCAL TIME.

CLIMATE NORMAL PERIOD 1981 TO 2010
CLIMATE RECORD PERIOD 1930 TO 2015


WEATHER ITEM   OBSERVED TIME   RECORD YEAR NORMAL DEPARTURE LAST
                VALUE   (LST)  VALUE       VALUE  FROM      YEAR
                                                  NORMAL
..................................................................
TEMPERATURE (F)
 TODAY
  MAXIMUM         84   1252 PM 103    2000  90     -6       87
  MINIMUM         70    551 AM  55    1931  68      2       72
  AVERAGE         77                        79     -2       80

PRECIPITATION (IN)
  TODAY            0.00          1.36 1938   0.09  -0.09     0.88
  MONTH TO DATE    6.50                      3.36   3.14     1.36
  SINCE JUN 1     20.16                     11.78   8.38    15.76
  SINCE JAN 1     52.57                     36.38  16.19    35.93

SNOWFALL (IN)
  TODAY            0.0

DEGREE DAYS
 HEATING
  TODAY            0                         0      0        0
  MONTH TO DATE    0                         0      0        0
  SINCE JUN 1      0                         0      0        0
  SINCE JUL 1      0                         0      0        0

 COOLING
  TODAY           12                        14     -2       15
  MONTH TO DATE  426                       474    -48      474
  SINCE JUN 1   1422                      1379     43     1259
  SINCE JAN 1   1727                      1656     71     1533
..................................................................


WIND (MPH)
  HIGHEST WIND SPEED    15   HIGHEST WIND DIRECTION    SE (140)
  HIGHEST GUST SPEED    19   HIGHEST GUST DIRECTION    SE (140)
  AVERAGE WIND SPEED     6.9


SKY COVER
  POSSIBLE SUNSHINE  MM
  AVERAGE SKY COVER 0.2


WEATHER CONDITIONS
 THE FOLLOWING WEATHER WAS RECORDED TODAY.
  NO SIGNIFICANT WEATHER WAS OBSERVED.


RELATIVE HUMIDITY (PERCENT)
 HIGHEST    97           500 AM
 LOWEST     63           200 PM
 AVERAGE    80

..........................................................


THE TUPELO CLIMATE NORMALS FOR TOMORROW
                         NORMAL    RECORD    YEAR
 MAXIMUM TEMPERATURE (F)   90       104      1951
 MINIMUM TEMPERATURE (F)   68        53      1946


SUNRISE AND SUNSET
AUGUST 30 2015........SUNRISE   627 AM CDT   SUNSET   724 PM CDT
AUGUST 31 2015........SUNRISE   628 AM CDT   SUNSET   723 PM CDT


-  INDICATES NEGATIVE NUMBERS.
R  INDICATES RECORD WAS SET OR TIED.
MM INDICATES DATA IS MISSING.
T  INDICATES TRACE AMOUNT.




$$
