000
CDUS44 KMEG 190733
CLITUP


CLIMATE REPORT
NATIONAL WEATHER SERVICE MEMPHIS TN
132 AM CST THU JAN 19 2017


...................................

...THE TUPELO CLIMATE SUMMARY FOR JANUARY 18 2017...

CLIMATE NORMAL PERIOD 1981 TO 2010
CLIMATE RECORD PERIOD 1930 TO 2017


WEATHER ITEM   OBSERVED TIME   RECORD YEAR NORMAL DEPARTURE LAST
                VALUE   (LST)  VALUE       VALUE  FROM      YEAR
                                                  NORMAL
..................................................................
TEMPERATURE (F)
 YESTERDAY
  MAXIMUM         59    424 PM  74    1949  52      7       34
  MINIMUM         51    908 AM   3    1930  31     20       20
  AVERAGE         55                        42     13       27

PRECIPITATION (IN)
  YESTERDAY        0.02          2.17 2001   0.14  -0.12      T
  MONTH TO DATE    1.90                      2.60  -0.70     0.58
  SINCE DEC 1      6.80                      8.88  -2.08     7.94
  SINCE JAN 1      1.90                      2.60  -0.70     0.58

SNOWFALL (IN)
  YESTERDAY        0.0           2.0  1977   0.1   -0.1       T
  MONTH TO DATE    T                         0.6   -0.6       T
  SINCE DEC 1      T                         0.9   -0.9       T
  SINCE JUL 1      T                         0.9   -0.9       T
  SNOW DEPTH       0

DEGREE DAYS
 HEATING
  YESTERDAY       10                        24    -14       38
  MONTH TO DATE  265                       428   -163      448
  SINCE DEC 1    841                      1079   -238      810
  SINCE JUL 1   1135                      1601   -466     1151

 COOLING
  YESTERDAY        0                         0      0        0
  MONTH TO DATE    8                         0      8        0
  SINCE DEC 1     15                         2     13       27
  SINCE JAN 1      8                         0      8        0
..................................................................


WIND (MPH)
  HIGHEST WIND SPEED    12   HIGHEST WIND DIRECTION     N (340)
  HIGHEST GUST SPEED    14   HIGHEST GUST DIRECTION     N (340)
  AVERAGE WIND SPEED     4.9


SKY COVER
  POSSIBLE SUNSHINE  MM
  AVERAGE SKY COVER 1.0


WEATHER CONDITIONS
 THE FOLLOWING WEATHER WAS RECORDED YESTERDAY.
  LIGHT RAIN


RELATIVE HUMIDITY (PERCENT)
 HIGHEST    89           200 AM
 LOWEST     67           100 PM
 AVERAGE    78

..........................................................


THE TUPELO CLIMATE NORMALS FOR TODAY
                         NORMAL    RECORD    YEAR
 MAXIMUM TEMPERATURE (F)   52        77      1933
 MINIMUM TEMPERATURE (F)   32        -3      1977


SUNRISE AND SUNSET
JANUARY 19 2017.......SUNRISE   700 AM CST   SUNSET   513 PM CST
JANUARY 20 2017.......SUNRISE   659 AM CST   SUNSET   514 PM CST


-  INDICATES NEGATIVE NUMBERS.
R  INDICATES RECORD WAS SET OR TIED.
MM INDICATES DATA IS MISSING.
T  INDICATES TRACE AMOUNT.


$$
