000
CDUS45 KTWC 210029 RRA
CLITUS

CLIMATE REPORT
NATIONAL WEATHER SERVICE TUCSON AZ
528 PM MST SUN AUG 20 2017


...................................

...THE TUCSON AZ CLIMATE SUMMARY FOR AUGUST 20 2017...
VALID TODAY AS OF 0500 PM LOCAL TIME.

CLIMATE NORMAL PERIOD 1981 TO 2010
CLIMATE RECORD PERIOD 1895 TO 2017


WEATHER ITEM   OBSERVED TIME   RECORD YEAR NORMAL DEPARTURE LAST
                VALUE   (LST)  VALUE       VALUE  FROM      YEAR
                                                  NORMAL
..................................................................
TEMPERATURE (F)
 TODAY
  MAXIMUM         MM        MM 110    1915  98     MM       97
  MINIMUM         77    700 AM  55    1917  73      4       71
  AVERAGE         MM                        85     MM       84

PRECIPITATION (IN)
  TODAY            0.00          0.68 1904   0.08  -0.08     0.00
  MONTH TO DATE    1.61                      1.62  -0.01     1.07
  SINCE OCT 1     11.70                      9.53   2.17    11.39
  SINCE JAN 1     10.02                      7.14   2.88     8.51

DEGREE DAYS
 HEATING
  TODAY           MM                         0     MM        0
  MONTH TO DATE    0                         0      0        0
  SINCE JUN 1      0                         0      0        0
  SINCE JUL 1      0                         0      0        0

 COOLING
  TODAY           MM                        20     MM       19
  MONTH TO DATE  370                       406    -36      426
  SINCE JUN 1   1824                      1683    141     1929
  SINCE JAN 1   2557                      2185    372     2496
..................................................................


WIND (MPH)
  HIGHEST WIND SPEED    MM   HIGHEST WIND DIRECTION    MM
  HIGHEST GUST SPEED    MM   HIGHEST GUST DIRECTION    MM
  AVERAGE WIND SPEED    MM


SKY COVER
  POSSIBLE SUNSHINE  MM
  AVERAGE SKY COVER 0.2


WEATHER CONDITIONS
 THE FOLLOWING WEATHER WAS RECORDED TODAY.
  NO SIGNIFICANT WEATHER WAS OBSERVED.


RELATIVE HUMIDITY (PERCENT)
 HIGHEST    MM
 LOWEST     MM
 AVERAGE    MM

..........................................................


THE TUCSON AZ CLIMATE NORMALS FOR TOMORROW
                         NORMAL    RECORD    YEAR
 MAXIMUM TEMPERATURE (F)   98       108      1930
 MINIMUM TEMPERATURE (F)   73        59      1917


SUNRISE AND SUNSET
AUGUST 20 2017........SUNRISE   552 AM MST   SUNSET   702 PM MST
AUGUST 21 2017........SUNRISE   552 AM MST   SUNSET   701 PM MST


-  INDICATES NEGATIVE NUMBERS.
R  INDICATES RECORD WAS SET OR TIED.
MM INDICATES DATA IS MISSING.
T  INDICATES TRACE AMOUNT.




$$
