000
CDUS45 KTWC 270031
CLITUS

CLIMATE REPORT
NATIONAL WEATHER SERVICE TUCSON AZ
531 PM MST WED APR 26 2017


...................................

...THE TUCSON AZ CLIMATE SUMMARY FOR APRIL 26 2017...
VALID TODAY AS OF 0500 PM LOCAL TIME.

CLIMATE NORMAL PERIOD 1981 TO 2010
CLIMATE RECORD PERIOD 1895 TO 2017


WEATHER ITEM   OBSERVED TIME   RECORD YEAR NORMAL DEPARTURE LAST
                VALUE   (LST)  VALUE       VALUE  FROM      YEAR
                                                  NORMAL
..................................................................
TEMPERATURE (F)
 TODAY
  MAXIMUM         85    458 PM  99    1992  85      0       74
  MINIMUM         56    606 AM  34    1921  55      1       52
  AVERAGE         71                        70      1       63

PRECIPITATION (IN)
  TODAY            0.00          0.16 2015   0.01  -0.01     0.00
  MONTH TO DATE    T                         0.29  -0.29     0.71
  SINCE OCT 1      3.27                      5.21  -1.94     5.41
  SINCE JAN 1      1.59                      2.82  -1.23     2.53

DEGREE DAYS
 HEATING
  TODAY            0                         1     -1        2
  MONTH TO DATE   14                        56    -42       20
  SINCE MAR 1     61                       235   -174       87
  SINCE JUL 1    942                      1502   -560     1215

 COOLING
  TODAY            6                         6      0        0
  MONTH TO DATE  182                        95     87      127
  SINCE MAR 1    326                       124    202      205
  SINCE JAN 1    335                       128    207      239
..................................................................


WIND (MPH)
  HIGHEST WIND SPEED    17   HIGHEST WIND DIRECTION     W (280)
  HIGHEST GUST SPEED    22   HIGHEST GUST DIRECTION     W (280)
  AVERAGE WIND SPEED     5.6


SKY COVER
  POSSIBLE SUNSHINE  MM
  AVERAGE SKY COVER 0.0


WEATHER CONDITIONS
 THE FOLLOWING WEATHER WAS RECORDED TODAY.
  NO SIGNIFICANT WEATHER WAS OBSERVED.


RELATIVE HUMIDITY (PERCENT)
 HIGHEST    43
 LOWEST      8
 AVERAGE    26

..........................................................


THE TUCSON AZ CLIMATE NORMALS FOR TOMORROW
                         NORMAL    RECORD    YEAR
 MAXIMUM TEMPERATURE (F)   86       101      1992
 MINIMUM TEMPERATURE (F)   55        36      1920


SUNRISE AND SUNSET
APRIL 26 2017.........SUNRISE   542 AM MST   SUNSET   701 PM MST
APRIL 27 2017.........SUNRISE   541 AM MST   SUNSET   702 PM MST


-  INDICATES NEGATIVE NUMBERS.
R  INDICATES RECORD WAS SET OR TIED.
MM INDICATES DATA IS MISSING.
T  INDICATES TRACE AMOUNT.




$$
