000
CDUS45 KTWC 010753
CLITUS

CLIMATE REPORT
NATIONAL WEATHER SERVICE TUCSON AZ
1250 AM MST SUN MAR 1 2015


...................................

...THE TUCSON AZ CLIMATE SUMMARY FOR FEBRUARY 28 2015...

CLIMATE NORMAL PERIOD 1981 TO 2010
CLIMATE RECORD PERIOD 1895 TO 2015


WEATHER ITEM   OBSERVED TIME   RECORD YEAR NORMAL DEPARTURE LAST
                VALUE   (LST)  VALUE       VALUE  FROM      YEAR
                                                  NORMAL
..................................................................
TEMPERATURE (F)
 YESTERDAY
  MAXIMUM         72    329 PM  85    2009  71      1       82
                                      1986
                                      1940
  MINIMUM         56    452 AM  25    1939  44     12       51
  AVERAGE         64                        57      7       67

PRECIPITATION (IN)
  YESTERDAY        0.00          0.97 2010   0.03  -0.03     0.00
  MONTH TO DATE    0.41                      0.86  -0.45     0.01
  SINCE OCT 1      6.45                      4.19   2.26     3.06
  SINCE JAN 1      2.95                      1.80   1.15     0.01

DEGREE DAYS
 HEATING
  YESTERDAY        1                         8     -7        0
  MONTH TO DATE   84                       274   -190      138
  SINCE DEC 1    706                      1061   -355      727
  SINCE JUL 1    842                      1267   -425      833

 COOLING
  YESTERDAY        0                         0      0        2
  MONTH TO DATE    8                         3      5       23
  SINCE DEC 1     11                         4      7       24
  SINCE JAN 1      8                         4      4       24
..................................................................


WIND (MPH)
  HIGHEST WIND SPEED    29   HIGHEST WIND DIRECTION     S (200)
  HIGHEST GUST SPEED    38   HIGHEST GUST DIRECTION     S (200)
  AVERAGE WIND SPEED    10.9


SKY COVER
  POSSIBLE SUNSHINE  MM
  AVERAGE SKY COVER 0.4


WEATHER CONDITIONS
 THE FOLLOWING WEATHER WAS RECORDED YESTERDAY.
  NO SIGNIFICANT WEATHER WAS OBSERVED.


RELATIVE HUMIDITY (PERCENT)
 HIGHEST    57
 LOWEST     33
 AVERAGE    45

..........................................................


THE TUCSON AZ CLIMATE NORMALS FOR TODAY
                         NORMAL    RECORD    YEAR
 MAXIMUM TEMPERATURE (F)   71        87      1986
 MINIMUM TEMPERATURE (F)   44        25      1909


SUNRISE AND SUNSET
MARCH  1 2015.........SUNRISE   651 AM MST   SUNSET   621 PM MST
MARCH  2 2015.........SUNRISE   650 AM MST   SUNSET   622 PM MST


-  INDICATES NEGATIVE NUMBERS.
R  INDICATES RECORD WAS SET OR TIED.
MM INDICATES DATA IS MISSING.
T  INDICATES TRACE AMOUNT.




$$
