000
CDUS45 KTWC 190736 RRA
CLITUS

CLIMATE REPORT
NATIONAL WEATHER SERVICE TUCSON AZ
1235 AM MST FRI SEP 19 2014

...................................

...THE TUCSON AZ CLIMATE SUMMARY FOR SEPTEMBER 18 2014...

CLIMATE NORMAL PERIOD 1981 TO 2010
CLIMATE RECORD PERIOD 1895 TO 2014


WEATHER ITEM   OBSERVED TIME   RECORD YEAR NORMAL DEPARTURE LAST
                VALUE   (LST)  VALUE       VALUE  FROM      YEAR
                                                  NORMAL
..................................................................
TEMPERATURE (F)
 YESTERDAY
  MAXIMUM         83    613 PM 105    2010  94    -11      100
                                      1956
  MINIMUM         70    711 AM  53    1906  68      2       76
  AVERAGE         77                        81     -4       88

PRECIPITATION (IN)
  YESTERDAY        0.03          1.01 1925   0.04  -0.01     0.00
  MONTH TO DATE    2.73                      0.86   1.87     0.63
  SINCE OCT 1      9.71                     11.16  -1.45     6.69
  SINCE JAN 1      6.66                      8.77  -2.11     5.48

DEGREE DAYS
 HEATING
  YESTERDAY        0                         0      0        0
  MONTH TO DATE    0                         0      0        0
  SINCE SEP 1      0                         0      0        0
  SINCE JUL 1      0                         0      0        0

 COOLING
  YESTERDAY       12                        16     -4       23
  MONTH TO DATE  330                       330      0      370
  SINCE SEP 1    330                       330      0      370
  SINCE JAN 1   3021                      2740    281     3244
..................................................................


WIND (MPH)
  HIGHEST WIND SPEED     9   HIGHEST WIND DIRECTION    SE (150)
  HIGHEST GUST SPEED    14   HIGHEST GUST DIRECTION     S (200)
  AVERAGE WIND SPEED     3.8


SKY COVER
  POSSIBLE SUNSHINE  MM
  AVERAGE SKY COVER 0.9


WEATHER CONDITIONS
  THE FOLLOWING WEATHER WAS RECORDED YESTERDAY.
  LIGHT RAIN
  FOG


RELATIVE HUMIDITY (PERCENT)
 HIGHEST    97
 LOWEST     55
 AVERAGE    76

..........................................................


THE TUCSON AZ CLIMATE NORMALS FOR TODAY
                         NORMAL    RECORD    YEAR
 MAXIMUM TEMPERATURE (F)   94       103      1934
                                             1928
                                             1901
 MINIMUM TEMPERATURE (F)   68        53      1909


SUNRISE AND SUNSET
SEPTEMBER 19 2014.....SUNRISE   610 AM MST   SUNSET   624 PM MST
SEPTEMBER 20 2014.....SUNRISE   611 AM MST   SUNSET   623 PM MST


-  INDICATES NEGATIVE NUMBERS.
R  INDICATES RECORD WAS SET OR TIED.
MM INDICATES DATA IS MISSING.
T  INDICATES TRACE AMOUNT.

$$
