000
CDUS43 KAPX 070528
CLITVC


CLIMATE REPORT
NATIONAL WEATHER SERVICE GAYLORD MI
1227 AM EST SUN FEB 7 2016


...................................

...THE TRAVERSE CITY MI CLIMATE SUMMARY FOR FEBRUARY 6 2016...

CLIMATE NORMAL PERIOD 1981 TO 2010
CLIMATE RECORD PERIOD 1896 TO 2016


WEATHER ITEM   OBSERVED TIME   RECORD YEAR NORMAL DEPARTURE LAST
                VALUE   (LST)  VALUE       VALUE  FROM      YEAR
                                                  NORMAL
..................................................................
TEMPERATURE (F)
 YESTERDAY
  MAXIMUM         32   1159 PM  50    1925  29      3       28
  MINIMUM         23   1228 AM -22    1899  14      9       17
  AVERAGE         28                        21      7       23

PRECIPITATION (IN)
  YESTERDAY        0.01          0.67 1938   0.06  -0.05      T
  MONTH TO DATE    0.42                      0.35   0.07     0.01
  SINCE DEC 1      5.50                      5.66  -0.16     1.75
  SINCE JAN 1      2.51                      3.17  -0.66     0.69

DEGREE DAYS
 HEATING
  YESTERDAY       37                        44     -7       42
  MONTH TO DATE  219                       264    -45      299
  SINCE DEC 1   2274                      2801   -527     2806
  SINCE JUL 1   3454                      4420   -966     4485
..................................................................


WIND (MPH)
  HIGHEST WIND SPEED    14   HIGHEST WIND DIRECTION     W (260)
  HIGHEST GUST SPEED    19   HIGHEST GUST DIRECTION     W (270)
  AVERAGE WIND SPEED     6.1




RELATIVE HUMIDITY (PERCENT)
 HIGHEST    85
 LOWEST     63
 AVERAGE    74

..........................................................


THE TRAVERSE CITY MI CLIMATE NORMALS FOR TODAY
                         NORMAL    RECORD    YEAR
 MAXIMUM TEMPERATURE (F)   29        50      2009
                                             1925
 MINIMUM TEMPERATURE (F)   14       -22      1899


SUNRISE AND SUNSET
FEBRUARY  7 2016......SUNRISE   755 AM EST   SUNSET   559 PM EST
FEBRUARY  8 2016......SUNRISE   753 AM EST   SUNSET   600 PM EST


-  INDICATES NEGATIVE NUMBERS.
R  INDICATES RECORD WAS SET OR TIED.
MM INDICATES DATA IS MISSING.
T  INDICATES TRACE AMOUNT.




$$
