000
CDUS43 KAPX 280528
CLITVC


CLIMATE REPORT
NATIONAL WEATHER SERVICE GAYLORD MI
127 AM EDT SUN MAY 28 2017


...................................

...THE TRAVERSE CITY MI CLIMATE SUMMARY FOR MAY 27 2017...

CLIMATE NORMAL PERIOD 1981 TO 2010
CLIMATE RECORD PERIOD 1896 TO 2017


WEATHER ITEM   OBSERVED TIME   RECORD YEAR NORMAL DEPARTURE LAST
                VALUE   (LST)  VALUE       VALUE  FROM      YEAR
                                                  NORMAL
..................................................................
TEMPERATURE (F)
 YESTERDAY
  MAXIMUM         76    434 PM  93    1978  69      7       88
  MINIMUM         50    201 AM  28    1961  45      5       55
  AVERAGE         63                        57      6       72

PRECIPITATION (IN)
  YESTERDAY        0.00          1.84 1932   0.09  -0.09     0.68
  MONTH TO DATE    1.12                      2.25  -1.13     1.50
  SINCE MAR 1      5.56                      6.89  -1.33     7.06
  SINCE JAN 1      8.89                     11.21  -2.32     9.85

DEGREE DAYS
 HEATING
  YESTERDAY        2                         9     -7        0
  MONTH TO DATE  339                       339      0      298
  SINCE MAR 1   1873                      2066   -193     1857
  SINCE JUL 1   6046                      7406  -1360     6167

 COOLING
  YESTERDAY        0                         1     -1        7
  MONTH TO DATE   18                        10      8       26
  SINCE MAR 1     21                        13      8       26
  SINCE JAN 1     21                        13      8       26
..................................................................


WIND (MPH)
  HIGHEST WIND SPEED    14   HIGHEST WIND DIRECTION     N (340)
  HIGHEST GUST SPEED    20   HIGHEST GUST DIRECTION    NW (330)
  AVERAGE WIND SPEED     3.4




RELATIVE HUMIDITY (PERCENT)
 HIGHEST    96
 LOWEST     43
 AVERAGE    70

..........................................................


THE TRAVERSE CITY MI CLIMATE NORMALS FOR TODAY
                         NORMAL    RECORD    YEAR
 MAXIMUM TEMPERATURE (F)   70        95      1978
 MINIMUM TEMPERATURE (F)   46        29      2008


SUNRISE AND SUNSET
MAY 28 2017...........SUNRISE   602 AM EDT   SUNSET   918 PM EDT
MAY 29 2017...........SUNRISE   601 AM EDT   SUNSET   919 PM EDT


-  INDICATES NEGATIVE NUMBERS.
R  INDICATES RECORD WAS SET OR TIED.
MM INDICATES DATA IS MISSING.
T  INDICATES TRACE AMOUNT.




$$
