000
CDUS43 KAPX 040527
CLITVC


CLIMATE REPORT
NATIONAL WEATHER SERVICE GAYLORD MI
127 AM EDT TUE AUG 4 2015


...................................

...THE TRAVERSE CITY MI CLIMATE SUMMARY FOR AUGUST 3 2015...

CLIMATE NORMAL PERIOD 1981 TO 2010
CLIMATE RECORD PERIOD 1896 TO 2015


WEATHER ITEM   OBSERVED TIME   RECORD YEAR NORMAL DEPARTURE LAST
                VALUE   (LST)  VALUE       VALUE  FROM      YEAR
                                                  NORMAL
..................................................................
TEMPERATURE (F)
 YESTERDAY
  MAXIMUM         77    249 PM  96    1944  79     -2       87
  MINIMUM         57   1159 PM  37    1965  58     -1       55
  AVERAGE         67                        69     -2       71

PRECIPITATION (IN)
  YESTERDAY        T             0.86 1987   0.11  -0.11     0.00
  MONTH TO DATE    0.74                      0.33   0.41     0.00
  SINCE JUN 1      3.83                      6.51  -2.68     4.77
  SINCE JAN 1     10.31                     18.06  -7.75    14.45

DEGREE DAYS
 HEATING
  YESTERDAY        0                         1     -1        0
  MONTH TO DATE    0                         3     -3        0
  SINCE JUN 1    116                       143    -27      127
  SINCE JUL 1     28                        31     -3       55

 COOLING
  YESTERDAY        2                         5     -3        6
  MONTH TO DATE   15                        15      0       14
  SINCE JUN 1    236                       248    -12      212
  SINCE JAN 1    271                       268      3      221
..................................................................


WIND (MPH)
  HIGHEST WIND SPEED    18   HIGHEST WIND DIRECTION     W (280)
  HIGHEST GUST SPEED    23   HIGHEST GUST DIRECTION     W (270)
  AVERAGE WIND SPEED     5.5




RELATIVE HUMIDITY (PERCENT)
 HIGHEST   100
 LOWEST     36
 AVERAGE    68

..........................................................


THE TRAVERSE CITY MI CLIMATE NORMALS FOR TODAY
                         NORMAL    RECORD    YEAR
 MAXIMUM TEMPERATURE (F)   79        97      1988
 MINIMUM TEMPERATURE (F)   58        40      1951


SUNRISE AND SUNSET
AUGUST  4 2015........SUNRISE   631 AM EDT   SUNSET   905 PM EDT
AUGUST  5 2015........SUNRISE   633 AM EDT   SUNSET   903 PM EDT


-  INDICATES NEGATIVE NUMBERS.
R  INDICATES RECORD WAS SET OR TIED.
MM INDICATES DATA IS MISSING.
T  INDICATES TRACE AMOUNT.




$$
