000
CDUS43 KAPX 310545
CLITVC


CLIMATE REPORT
NATIONAL WEATHER SERVICE GAYLORD MI
145 AM EDT MON AUG 31 2015


...................................

...THE TRAVERSE CITY MI CLIMATE SUMMARY FOR AUGUST 30 2015...

CLIMATE NORMAL PERIOD 1981 TO 2010
CLIMATE RECORD PERIOD 1896 TO 2015


WEATHER ITEM   OBSERVED TIME   RECORD YEAR NORMAL DEPARTURE LAST
                VALUE   (LST)  VALUE       VALUE  FROM      YEAR
                                                  NORMAL
..................................................................
TEMPERATURE (F)
 YESTERDAY
  MAXIMUM         79    419 PM  93    1969  76      3       83
  MINIMUM         57    536 AM  39    1976  55      2       65
  AVERAGE         68                        65      3       74

PRECIPITATION (IN)
  YESTERDAY        0.00          1.48 1941   0.11  -0.11     0.17
  MONTH TO DATE    2.08                      3.27  -1.19     2.35
  SINCE JUN 1      5.17                      9.45  -4.28     7.12
  SINCE JAN 1     11.65                     21.00  -9.35    16.80

DEGREE DAYS
 HEATING
  YESTERDAY        0                         2     -2        0
  MONTH TO DATE   19                        37    -18       24
  SINCE JUN 1    135                       177    -42      151
  SINCE JUL 1     47                        65    -18       79

 COOLING
  YESTERDAY        3                         3      0        9
  MONTH TO DATE  168                       114     54      121
  SINCE JUN 1    389                       347     42      319
  SINCE JAN 1    424                       367     57      328
..................................................................


WIND (MPH)
  HIGHEST WIND SPEED    13   HIGHEST WIND DIRECTION     W (260)
  HIGHEST GUST SPEED    18   HIGHEST GUST DIRECTION     W (260)
  AVERAGE WIND SPEED     3.0




RELATIVE HUMIDITY (PERCENT)
 HIGHEST    93
 LOWEST     58
 AVERAGE    76

..........................................................


THE TRAVERSE CITY MI CLIMATE NORMALS FOR TODAY
                         NORMAL    RECORD    YEAR
 MAXIMUM TEMPERATURE (F)   76        95      1937
 MINIMUM TEMPERATURE (F)   55        39      1931


SUNRISE AND SUNSET
AUGUST 31 2015........SUNRISE   703 AM EDT   SUNSET   821 PM EDT
SEPTEMBER  1 2015.....SUNRISE   704 AM EDT   SUNSET   819 PM EDT


-  INDICATES NEGATIVE NUMBERS.
R  INDICATES RECORD WAS SET OR TIED.
MM INDICATES DATA IS MISSING.
T  INDICATES TRACE AMOUNT.




$$
