000
CDUS43 KAPX 150529
CLITVC


CLIMATE REPORT
NATIONAL WEATHER SERVICE GAYLORD MI
128 AM EDT MON SEP 15 2014


...................................

...THE TRAVERSE CITY MI CLIMATE SUMMARY FOR SEPTEMBER 14 2014...

CLIMATE NORMAL PERIOD 1981 TO 2010
CLIMATE RECORD PERIOD 1896 TO 2014


WEATHER ITEM   OBSERVED TIME   RECORD YEAR NORMAL DEPARTURE LAST
                VALUE   (LST)  VALUE       VALUE  FROM      YEAR
                                                  NORMAL
..................................................................
TEMPERATURE (F)
 YESTERDAY
  MAXIMUM         62    326 PM  94    1939  71     -9       68
  MINIMUM         39    114 AM  30    1963  50    -11       40
  AVERAGE         51                        61    -10       54

PRECIPITATION (IN)
  YESTERDAY        0.00          1.81 1961   0.13  -0.13     0.00
  MONTH TO DATE    4.16                      1.66   2.50     0.77
  SINCE SEP 1      4.16                      1.66   2.50     0.77
  SINCE JAN 1     20.96                     22.77  -1.81    21.34

DEGREE DAYS
 HEATING
  YESTERDAY       14                         6      8       11
  MONTH TO DATE   60                        57      3       49
  SINCE SEP 1     60                        57      3       49
  SINCE JUL 1    139                       126     13       99

 COOLING
  YESTERDAY        0                         1     -1        0
  MONTH TO DATE   38                        26     12       44
  SINCE SEP 1     38                        26     12       44
  SINCE JAN 1    370                       395    -25      521
..................................................................


WIND (MPH)
  HIGHEST WIND SPEED    15   HIGHEST WIND DIRECTION    SW (230)
  HIGHEST GUST SPEED    22   HIGHEST GUST DIRECTION     W (260)
  AVERAGE WIND SPEED     5.9




RELATIVE HUMIDITY (PERCENT)
 HIGHEST    92
 LOWEST     49
 AVERAGE    71

..........................................................


THE TRAVERSE CITY MI CLIMATE NORMALS FOR TODAY
                         NORMAL    RECORD    YEAR
 MAXIMUM TEMPERATURE (F)   71        96      1939
 MINIMUM TEMPERATURE (F)   50        30      1964


SUNRISE AND SUNSET
SEPTEMBER 15 2014.....SUNRISE   721 AM EDT   SUNSET   753 PM EDT
SEPTEMBER 16 2014.....SUNRISE   722 AM EDT   SUNSET   751 PM EDT


-  INDICATES NEGATIVE NUMBERS.
R  INDICATES RECORD WAS SET OR TIED.
MM INDICATES DATA IS MISSING.
T  INDICATES TRACE AMOUNT.




$$
