193
CDUS43 KAPX 270530
CLITVC


CLIMATE REPORT
NATIONAL WEATHER SERVICE GAYLORD MI
130 AM EDT WED JUL 27 2016


...................................

...THE TRAVERSE CITY MI CLIMATE SUMMARY FOR JULY 26 2016...

CLIMATE NORMAL PERIOD 1981 TO 2010
CLIMATE RECORD PERIOD 1896 TO 2016


WEATHER ITEM   OBSERVED TIME   RECORD YEAR NORMAL DEPARTURE LAST
                VALUE   (LST)  VALUE       VALUE  FROM      YEAR
                                                  NORMAL
..................................................................
TEMPERATURE (F)
 YESTERDAY
  MAXIMUM         91    230 PM  99    1941  80     11       91
  MINIMUM         61    536 AM  45    1909  58      3       59
  AVERAGE         76                        69      7       75

PRECIPITATION (IN)
  YESTERDAY        0.00          1.58 1960   0.10  -0.10     0.00
  MONTH TO DATE    2.01                      2.50  -0.49     1.07
  SINCE JUN 1      4.08                      5.66  -1.58     3.09
  SINCE JAN 1     13.94                     17.21  -3.27     9.57

DEGREE DAYS
 HEATING
  YESTERDAY        0                         1     -1        0
  MONTH TO DATE    9                        27    -18       28
  SINCE JUN 1     73                       139    -66      116
  SINCE JUL 1      9                        27    -18       28

 COOLING
  YESTERDAY       11                         5      6       10
  MONTH TO DATE  214                       130     84      135
  SINCE JUN 1    304                       211     93      159
  SINCE JAN 1    354                       231    123      194
..................................................................


WIND (MPH)
  HIGHEST WIND SPEED    16   HIGHEST WIND DIRECTION     W (280)
  HIGHEST GUST SPEED    21   HIGHEST GUST DIRECTION     W (290)
  AVERAGE WIND SPEED     4.3




RELATIVE HUMIDITY (PERCENT)
 HIGHEST    90
 LOWEST     32
 AVERAGE    61

..........................................................


THE TRAVERSE CITY MI CLIMATE NORMALS FOR TODAY
                         NORMAL    RECORD    YEAR
 MAXIMUM TEMPERATURE (F)   80        99      1941
 MINIMUM TEMPERATURE (F)   58        43      2001


SUNRISE AND SUNSET
JULY 27 2016..........SUNRISE   623 AM EDT   SUNSET   913 PM EDT
JULY 28 2016..........SUNRISE   625 AM EDT   SUNSET   912 PM EDT


-  INDICATES NEGATIVE NUMBERS.
R  INDICATES RECORD WAS SET OR TIED.
MM INDICATES DATA IS MISSING.
T  INDICATES TRACE AMOUNT.




$$
