000
CDUS43 KAPX 190529
CLITVC


CLIMATE REPORT
NATIONAL WEATHER SERVICE GAYLORD MI
128 AM EDT THU OCT 19 2017


...................................

...THE TRAVERSE CITY MI CLIMATE SUMMARY FOR OCTOBER 18 2017...

CLIMATE NORMAL PERIOD 1981 TO 2010
CLIMATE RECORD PERIOD 1896 TO 2017


WEATHER ITEM   OBSERVED TIME   RECORD YEAR NORMAL DEPARTURE LAST
                VALUE   (LST)  VALUE       VALUE  FROM      YEAR
                                                  NORMAL
..................................................................
TEMPERATURE (F)
 YESTERDAY
  MAXIMUM         73    233 PM  83    1950  56     17       77
  MINIMUM         56    755 AM  24    1952  38     18       50
  AVERAGE         65                        47     18       64

PRECIPITATION (IN)
  YESTERDAY        0.00          1.33 1951   0.10  -0.10      T
  MONTH TO DATE    2.28                      1.90   0.38     2.08
  SINCE SEP 1      4.68                      5.43  -0.75     5.85
  SINCE JAN 1     25.05                     26.54  -1.49    23.59

DEGREE DAYS
 HEATING
  YESTERDAY        0                        18    -18        1
  MONTH TO DATE  108                       266   -158      113
  SINCE SEP 1    209                       459   -250      162
  SINCE JUL 1    243                       528   -285      171

 COOLING
  YESTERDAY        0                         0      0        0
  MONTH TO DATE   15                         0     15        4
  SINCE SEP 1    139                        38    101      103
  SINCE JAN 1    522                       407    115      763
..................................................................


WIND (MPH)
  HIGHEST WIND SPEED    20   HIGHEST WIND DIRECTION    SW (220)
  HIGHEST GUST SPEED    33   HIGHEST GUST DIRECTION    SW (230)
  AVERAGE WIND SPEED     9.5




RELATIVE HUMIDITY (PERCENT)
 HIGHEST    72
 LOWEST     31
 AVERAGE    52

..........................................................


THE TRAVERSE CITY MI CLIMATE NORMALS FOR TODAY
                         NORMAL    RECORD    YEAR
 MAXIMUM TEMPERATURE (F)   56        80      1971
 MINIMUM TEMPERATURE (F)   38        25      1959


SUNRISE AND SUNSET
OCTOBER 19 2017.......SUNRISE   803 AM EDT   SUNSET   650 PM EDT
OCTOBER 20 2017.......SUNRISE   804 AM EDT   SUNSET   649 PM EDT


-  INDICATES NEGATIVE NUMBERS.
R  INDICATES RECORD WAS SET OR TIED.
MM INDICATES DATA IS MISSING.
T  INDICATES TRACE AMOUNT.




$$
