000
CDUS43 KAPX 170527
CLITVC


CLIMATE REPORT
NATIONAL WEATHER SERVICE GAYLORD MI
1227 AM EST SUN DEC 17 2017


...................................

...THE TRAVERSE CITY MI CLIMATE SUMMARY FOR DECEMBER 16 2017...

CLIMATE NORMAL PERIOD 1981 TO 2010
CLIMATE RECORD PERIOD 1896 TO 2017


WEATHER ITEM   OBSERVED TIME   RECORD YEAR NORMAL DEPARTURE LAST
                VALUE   (LST)  VALUE       VALUE  FROM      YEAR
                                                  NORMAL
..................................................................
TEMPERATURE (F)
 YESTERDAY
  MAXIMUM         23    502 PM  60    1984  32     -9       24
  MINIMUM         14    750 AM  -3    1973  21     -7       11
  AVERAGE         19                        26     -7       18

PRECIPITATION (IN)
  YESTERDAY        0.00          1.18 1972   0.08  -0.08     0.10
  MONTH TO DATE    1.04                      1.28  -0.24     0.67
  SINCE DEC 1      1.04                      1.28  -0.24     0.67
  SINCE JAN 1     32.33                     31.84   0.49    25.84

DEGREE DAYS
 HEATING
  YESTERDAY       46                        39      7       47
  MONTH TO DATE  581                       580      1      587
  SINCE DEC 1    581                       580      1      587
  SINCE JUL 1   1875                      2199   -324     1546
..................................................................


WIND (MPH)
  HIGHEST WIND SPEED    13   HIGHEST WIND DIRECTION     E (100)
  HIGHEST GUST SPEED    15   HIGHEST GUST DIRECTION     E (100)
  AVERAGE WIND SPEED     5.4




RELATIVE HUMIDITY (PERCENT)
 HIGHEST    88
 LOWEST     65
 AVERAGE    77

..........................................................


THE TRAVERSE CITY MI CLIMATE NORMALS FOR TODAY
                         NORMAL    RECORD    YEAR
 MAXIMUM TEMPERATURE (F)   32        56      1913
 MINIMUM TEMPERATURE (F)   21       -10      1973


SUNRISE AND SUNSET
DECEMBER 17 2017......SUNRISE   814 AM EST   SUNSET   503 PM EST
DECEMBER 18 2017......SUNRISE   815 AM EST   SUNSET   503 PM EST


-  INDICATES NEGATIVE NUMBERS.
R  INDICATES RECORD WAS SET OR TIED.
MM INDICATES DATA IS MISSING.
T  INDICATES TRACE AMOUNT.




$$
