000
CDUS43 KAPX 240542
CLITVC


CLIMATE REPORT
NATIONAL WEATHER SERVICE GAYLORD MI
1241 AM EST FRI FEB 24 2017


...................................

...THE TRAVERSE CITY MI CLIMATE SUMMARY FOR FEBRUARY 23 2017...

CLIMATE NORMAL PERIOD 1981 TO 2010
CLIMATE RECORD PERIOD 1896 TO 2017


WEATHER ITEM   OBSERVED TIME   RECORD YEAR NORMAL DEPARTURE LAST
                VALUE   (LST)  VALUE       VALUE  FROM      YEAR
                                                  NORMAL
..................................................................
TEMPERATURE (F)
 YESTERDAY
  MAXIMUM         48   1250 AM  60    1984  32     16       43
  MINIMUM         32   1159 PM -18    2015  16     16       26
  AVERAGE         40                        24     16       35

PRECIPITATION (IN)
  YESTERDAY        0.01          0.66 1959   0.05  -0.04     0.00
  MONTH TO DATE    0.70                      1.23  -0.53     0.69
  SINCE DEC 1      3.74                      6.54  -2.80     5.77
  SINCE JAN 1      2.51                      4.05  -1.54     2.78

DEGREE DAYS
 HEATING
  YESTERDAY       25                        41    -16       30
  MONTH TO DATE  774                       984   -210      884
  SINCE DEC 1   3050                      3521   -471     2939
  SINCE JUL 1   4009                      5140  -1131     4119
..................................................................


WIND (MPH)
  HIGHEST WIND SPEED    18   HIGHEST WIND DIRECTION    NW (310)
  HIGHEST GUST SPEED    23   HIGHEST GUST DIRECTION    NW (320)
  AVERAGE WIND SPEED     9.4




RELATIVE HUMIDITY (PERCENT)
 HIGHEST    93
 LOWEST     64
 AVERAGE    79

..........................................................


THE TRAVERSE CITY MI CLIMATE NORMALS FOR TODAY
                         NORMAL    RECORD    YEAR
 MAXIMUM TEMPERATURE (F)   33        50      1976
 MINIMUM TEMPERATURE (F)   16       -14      1913


SUNRISE AND SUNSET
FEBRUARY 24 2017......SUNRISE   728 AM EST   SUNSET   624 PM EST
FEBRUARY 25 2017......SUNRISE   726 AM EST   SUNSET   625 PM EST


-  INDICATES NEGATIVE NUMBERS.
R  INDICATES RECORD WAS SET OR TIED.
MM INDICATES DATA IS MISSING.
T  INDICATES TRACE AMOUNT.




$$
