000
CDUS44 KJAN 290639
CLITVR


CLIMATE REPORT
NATIONAL WEATHER SERVICE JACKSON MS
136 AM CDT FRI JUL 29 2016


...................................

...THE VICKSBURG CLIMATE SUMMARY FOR JULY 28 2016...

CLIMATE NORMAL PERIOD 1981 TO 2010
CLIMATE RECORD PERIOD 1948 TO 2016


WEATHER ITEM   OBSERVED TIME   RECORD YEAR NORMAL DEPARTURE LAST
                VALUE   (LST)  VALUE       VALUE  FROM      YEAR
                                                  NORMAL
..................................................................
TEMPERATURE (F)
 YESTERDAY
  MAXIMUM         80    601 PM 102    2008  93    -13       97
  MINIMUM         73   1154 PM  63    2004  71      2       75
                                      1994
  AVERAGE         77                        82     -5       86

PRECIPITATION (IN)
  YESTERDAY        1.45R         0.75 1983   0.11   1.34     0.00
  MONTH TO DATE    4.22                      3.30   0.92     1.72
  SINCE JUN 1      7.73                      7.29   0.44     6.97
  SINCE JAN 1     43.20                     32.59  10.61    37.24

SNOWFALL (IN)
  YESTERDAY        0.0

DEGREE DAYS
 HEATING
  YESTERDAY        0                         0      0        0
  MONTH TO DATE    0                         0      0        0
  SINCE JUN 1      0                         0      0        0
  SINCE JUL 1      0                         0      0        0

 COOLING
  YESTERDAY       12                        17     -5       21
  MONTH TO DATE  547                       462     85      529
  SINCE JUN 1   1066                       880    186     1013
  SINCE JAN 1   1581                      1250    331     1459
..................................................................


WIND (MPH)
  HIGHEST WIND SPEED    13   HIGHEST WIND DIRECTION    NW (310)
  HIGHEST GUST SPEED    20   HIGHEST GUST DIRECTION    NW (310)
  AVERAGE WIND SPEED     2.6


SKY COVER
  POSSIBLE SUNSHINE  MM
  AVERAGE SKY COVER 0.6


WEATHER CONDITIONS
 THE FOLLOWING WEATHER WAS RECORDED YESTERDAY.
  THUNDERSTORM
  HEAVY RAIN
  RAIN
  LIGHT RAIN
  FOG


RELATIVE HUMIDITY (PERCENT)
 HIGHEST    94           100 AM
 LOWEST     79           400 PM
 AVERAGE    87

..........................................................


THE VICKSBURG CLIMATE NORMALS FOR TODAY
                         NORMAL    RECORD    YEAR
 MAXIMUM TEMPERATURE (F)   93       100      2008
                                             1986
 MINIMUM TEMPERATURE (F)   71        61      2014


SUNRISE AND SUNSET
JULY 29 2016..........SUNRISE   617 AM CDT   SUNSET   804 PM CDT
JULY 30 2016..........SUNRISE   618 AM CDT   SUNSET   803 PM CDT


-  INDICATES NEGATIVE NUMBERS.
R  INDICATES RECORD WAS SET OR TIED.
MM INDICATES DATA IS MISSING.
T  INDICATES TRACE AMOUNT.




$$
