000
CDUS44 KJAN 280643
CLITVR


CLIMATE REPORT
NATIONAL WEATHER SERVICE JACKSON MS
139 AM CDT SUN MAY 28 2017


...................................

...THE VICKSBURG CLIMATE SUMMARY FOR MAY 27 2017...

CLIMATE NORMAL PERIOD 1981 TO 2010
CLIMATE RECORD PERIOD 1948 TO 2017


WEATHER ITEM   OBSERVED TIME   RECORD YEAR NORMAL DEPARTURE LAST
                VALUE   (LST)  VALUE       VALUE  FROM      YEAR
                                                  NORMAL
..................................................................
TEMPERATURE (F)
 YESTERDAY
  MAXIMUM         88    254 PM  95    1964  87      1       88
                                      1953
  MINIMUM         71    531 AM  45    1961  65      6       69
  AVERAGE         80                        76      4       79

PRECIPITATION (IN)
  YESTERDAY        T             1.21 1976   0.14  -0.14     1.10
  MONTH TO DATE    4.55                      4.45   0.10     2.84
  SINCE MAR 1     18.39                     14.45   3.94    25.47
  SINCE JAN 1     25.15                     24.79   0.36    35.47

SNOWFALL (IN)
  YESTERDAY        0.0

DEGREE DAYS
 HEATING
  YESTERDAY        0                         0      0        0
  MONTH TO DATE   15                         9      6        0
  SINCE MAR 1    214                       374   -160      129
  SINCE JUL 1   1490                      2350   -860     1507

 COOLING
  YESTERDAY       15                        11      4       14
  MONTH TO DATE  173                       208    -35      227
  SINCE MAR 1    408                       317     91      443
  SINCE JAN 1    459                       326    133      455
..................................................................


WIND (MPH)
  HIGHEST WIND SPEED    17   HIGHEST WIND DIRECTION     S (180)
  HIGHEST GUST SPEED    23   HIGHEST GUST DIRECTION     S (170)
  AVERAGE WIND SPEED     7.1


SKY COVER
  POSSIBLE SUNSHINE  MM
  AVERAGE SKY COVER 0.5


WEATHER CONDITIONS
 THE FOLLOWING WEATHER WAS RECORDED YESTERDAY.
  LIGHT RAIN
  FOG


RELATIVE HUMIDITY (PERCENT)
 HIGHEST    93           100 AM
 LOWEST     65           500 PM
 AVERAGE    79

..........................................................


THE VICKSBURG CLIMATE NORMALS FOR TODAY
                         NORMAL    RECORD    YEAR
 MAXIMUM TEMPERATURE (F)   87        95      1978
                                             1964
                                             1953
 MINIMUM TEMPERATURE (F)   65        42      1961


SUNRISE AND SUNSET
MAY 28 2017...........SUNRISE   559 AM CDT   SUNSET   804 PM CDT
MAY 29 2017...........SUNRISE   559 AM CDT   SUNSET   805 PM CDT


-  INDICATES NEGATIVE NUMBERS.
R  INDICATES RECORD WAS SET OR TIED.
MM INDICATES DATA IS MISSING.
T  INDICATES TRACE AMOUNT.




$$
