000
CDUS44 KJAN 192209
CLITVR


CLIMATE REPORT
NATIONAL WEATHER SERVICE JACKSON MS
407 PM CST SUN NOV 19 2017


...................................

...THE VICKSBURG CLIMATE SUMMARY FOR NOVEMBER 19 2017...
VALID TODAY AS OF 0400 PM LOCAL TIME.

CLIMATE NORMAL PERIOD 1981 TO 2010
CLIMATE RECORD PERIOD 1948 TO 2017


WEATHER ITEM   OBSERVED TIME   RECORD YEAR NORMAL DEPARTURE LAST
                VALUE   (LST)  VALUE       VALUE  FROM      YEAR
                                                  NORMAL
..................................................................
TEMPERATURE (F)
 TODAY
  MAXIMUM         60    126 PM  82    1966  66     -6       59
  MINIMUM         37    654 AM  15    1951  43     -6       32
  AVERAGE         49                        54     -5       46

PRECIPITATION (IN)
  TODAY            0.00          2.83 1948   0.17  -0.17     0.00
  MONTH TO DATE    0.93                      2.86  -1.93     0.91
  SINCE SEP 1      4.20                     10.42  -6.22     1.03
  SINCE JAN 1     53.62                     46.99   6.63    52.58

SNOWFALL (IN)
  TODAY            0.0

DEGREE DAYS
 HEATING
  TODAY           16                        11      5       19
  MONTH TO DATE   93                       161    -68      106
  SINCE SEP 1    197                       263    -66      135
  SINCE JUL 1    197                       263    -66      135

 COOLING
  TODAY            0                         0      0        0
  MONTH TO DATE   56                        12     44       25
  SINCE SEP 1    576                       432    144      672
  SINCE JAN 1   2498                      2221    277     2919
..................................................................


WIND (MPH)
  HIGHEST WIND SPEED    20   HIGHEST WIND DIRECTION     N (360)
  HIGHEST GUST SPEED    24   HIGHEST GUST DIRECTION     N (10)
  AVERAGE WIND SPEED     7.6


SKY COVER
  POSSIBLE SUNSHINE  MM
  AVERAGE SKY COVER 0.0


WEATHER CONDITIONS
 THE FOLLOWING WEATHER WAS RECORDED TODAY.
  NO SIGNIFICANT WEATHER WAS OBSERVED.


RELATIVE HUMIDITY (PERCENT)
 HIGHEST    92           700 AM
 LOWEST     31           200 PM
 AVERAGE    62

..........................................................


THE VICKSBURG CLIMATE NORMALS FOR TOMORROW
                         NORMAL    RECORD    YEAR
 MAXIMUM TEMPERATURE (F)   66        83      1991
 MINIMUM TEMPERATURE (F)   42        17      1951


SUNRISE AND SUNSET
NOVEMBER 19 2017......SUNRISE   637 AM CST   SUNSET   502 PM CST
NOVEMBER 20 2017......SUNRISE   638 AM CST   SUNSET   501 PM CST


-  INDICATES NEGATIVE NUMBERS.
R  INDICATES RECORD WAS SET OR TIED.
MM INDICATES DATA IS MISSING.
T  INDICATES TRACE AMOUNT.




$$
