000
CDUS44 KJAN 242209
CLITVR


CLIMATE REPORT
NATIONAL WEATHER SERVICE JACKSON MS
408 PM CST TUE JAN 24 2017


...................................

...THE VICKSBURG CLIMATE SUMMARY FOR JANUARY 24 2017...
VALID TODAY AS OF 0400 PM LOCAL TIME.

CLIMATE NORMAL PERIOD 1981 TO 2010
CLIMATE RECORD PERIOD 1948 TO 2017


WEATHER ITEM   OBSERVED TIME   RECORD YEAR NORMAL DEPARTURE LAST
                VALUE   (LST)  VALUE       VALUE  FROM      YEAR
                                                  NORMAL
..................................................................
TEMPERATURE (F)
 TODAY
  MAXIMUM         72    325 PM  80    1950  56     16       52
  MINIMUM         39    707 AM  -2    1948  36      3       26
  AVERAGE         56                        46     10       39

PRECIPITATION (IN)
  TODAY            0.00          1.31 1984   0.18  -0.18     0.00
  MONTH TO DATE    4.14                      3.80   0.34     4.54
  SINCE DEC 1     10.41                      9.41   1.00    10.09
  SINCE JAN 1      4.14                      3.80   0.34     4.54

SNOWFALL (IN)
  TODAY            0.0

DEGREE DAYS
 HEATING
  TODAY            9                        19    -10       26
  MONTH TO DATE  239                       477   -238      493
  SINCE DEC 1    699                      1012   -313      776
  SINCE JUL 1    976                      1414   -438      965

 COOLING
  TODAY            0                         0      0        0
  MONTH TO DATE   14                         0     14        0
  SINCE DEC 1     42                         6     36       62
  SINCE JAN 1     14                         0     14        0
..................................................................


WIND (MPH)
  HIGHEST WIND SPEED    15   HIGHEST WIND DIRECTION     S (170)
  HIGHEST GUST SPEED    19   HIGHEST GUST DIRECTION     S (190)
  AVERAGE WIND SPEED     5.3


SKY COVER
  POSSIBLE SUNSHINE  MM
  AVERAGE SKY COVER 0.0


WEATHER CONDITIONS
 THE FOLLOWING WEATHER WAS RECORDED TODAY.
  FOG


RELATIVE HUMIDITY (PERCENT)
 HIGHEST   100           200 AM
 LOWEST     29           300 PM
 AVERAGE    65

..........................................................


THE VICKSBURG CLIMATE NORMALS FOR TOMORROW
                         NORMAL    RECORD    YEAR
 MAXIMUM TEMPERATURE (F)   56        80      1972
 MINIMUM TEMPERATURE (F)   36         9      1963


SUNRISE AND SUNSET
JANUARY 24 2017.......SUNRISE   703 AM CST   SUNSET   530 PM CST
JANUARY 25 2017.......SUNRISE   702 AM CST   SUNSET   531 PM CST


-  INDICATES NEGATIVE NUMBERS.
R  INDICATES RECORD WAS SET OR TIED.
MM INDICATES DATA IS MISSING.
T  INDICATES TRACE AMOUNT.




$$
