000
CDUS44 KJAN 230817
CLITVR


CLIMATE REPORT
NATIONAL WEATHER SERVICE JACKSON MS
314 AM CDT SUN APR 23 2017


...................................

...THE VICKSBURG CLIMATE SUMMARY FOR APRIL 22 2017...

CLIMATE NORMAL PERIOD 1981 TO 2010
CLIMATE RECORD PERIOD 1948 TO 2017


WEATHER ITEM   OBSERVED TIME   RECORD YEAR NORMAL DEPARTURE LAST
                VALUE   (LST)  VALUE       VALUE  FROM      YEAR
                                                  NORMAL
..................................................................
TEMPERATURE (F)
 YESTERDAY
  MAXIMUM         82   1243 PM  91    1987  78      4       80
  MINIMUM         58   1159 PM  40    1993  55      3       64
  AVERAGE         70                        66      4       72

PRECIPITATION (IN)
  YESTERDAY        0.20          1.40 1995   0.17   0.03     0.00
  MONTH TO DATE    8.04                      3.72   4.32     9.76
  SINCE MAR 1     10.90                      8.75   2.15    21.95
  SINCE JAN 1     17.66                     19.09  -1.43    31.95

SNOWFALL (IN)
  YESTERDAY        0.0

DEGREE DAYS
 HEATING
  YESTERDAY        0                         2     -2        0
  MONTH TO DATE   16                        87    -71       21
  SINCE MAR 1    190                       352   -162      129
  SINCE JUL 1   1466                      2328   -862     1507

 COOLING
  YESTERDAY        5                         3      2        7
  MONTH TO DATE  110                        54     56       60
  SINCE MAR 1    196                        77    119      135
  SINCE JAN 1    247                        86    161      147
..................................................................


WIND (MPH)
  HIGHEST WIND SPEED    14   HIGHEST WIND DIRECTION     N (340)
  HIGHEST GUST SPEED    23   HIGHEST GUST DIRECTION     N (350)
  AVERAGE WIND SPEED     6.1


SKY COVER
  POSSIBLE SUNSHINE  MM
  AVERAGE SKY COVER 0.8


WEATHER CONDITIONS
 THE FOLLOWING WEATHER WAS RECORDED YESTERDAY.
  HEAVY RAIN
  RAIN
  LIGHT RAIN
  FOG


RELATIVE HUMIDITY (PERCENT)
 HIGHEST    97           700 PM
 LOWEST     62           100 PM
 AVERAGE    80

..........................................................


THE VICKSBURG CLIMATE NORMALS FOR TODAY
                         NORMAL    RECORD    YEAR
 MAXIMUM TEMPERATURE (F)   78        89      1958
 MINIMUM TEMPERATURE (F)   55        40      1959


SUNRISE AND SUNSET
APRIL 23 2017.........SUNRISE   626 AM CDT   SUNSET   740 PM CDT
APRIL 24 2017.........SUNRISE   624 AM CDT   SUNSET   740 PM CDT


-  INDICATES NEGATIVE NUMBERS.
R  INDICATES RECORD WAS SET OR TIED.
MM INDICATES DATA IS MISSING.
T  INDICATES TRACE AMOUNT.




$$
