000
CDUS44 KJAN 220701
CLITVR


CLIMATE REPORT
NATIONAL WEATHER SERVICE JACKSON MS
157 AM CDT SAT JUL 22 2017


...................................

...THE VICKSBURG CLIMATE SUMMARY FOR JULY 21 2017...

CLIMATE NORMAL PERIOD 1981 TO 2010
CLIMATE RECORD PERIOD 1948 TO 2017


WEATHER ITEM   OBSERVED TIME   RECORD YEAR NORMAL DEPARTURE LAST
                VALUE   (LST)  VALUE       VALUE  FROM      YEAR
                                                  NORMAL
..................................................................
TEMPERATURE (F)
 YESTERDAY
  MAXIMUM         97    156 PM 101    2000  92      5       99
  MINIMUM         74    424 AM  61    1971  71      3       76
  AVERAGE         86                        82      4       88

PRECIPITATION (IN)
  YESTERDAY        0.00          1.00 1977   0.11  -0.11     0.00
  MONTH TO DATE    1.02                      2.54  -1.52     1.47
  SINCE JUN 1      8.17                      6.53   1.64     4.98
  SINCE JAN 1     35.59                     31.83   3.76    40.45

SNOWFALL (IN)
  YESTERDAY        0.0

DEGREE DAYS
 HEATING
  YESTERDAY        0                         0      0        0
  MONTH TO DATE    0                         0      0        0
  SINCE JUN 1      0                         0      0        0
  SINCE JUL 1      0                         0      0        0

 COOLING
  YESTERDAY       21                        17      4       23
  MONTH TO DATE  379                       343     36      419
  SINCE JUN 1    773                       761     12      938
  SINCE JAN 1   1273                      1131    142     1453
..................................................................


WIND (MPH)
  HIGHEST WIND SPEED    12   HIGHEST WIND DIRECTION     S (170)
  HIGHEST GUST SPEED    14   HIGHEST GUST DIRECTION     S (180)
  AVERAGE WIND SPEED     2.7


SKY COVER
  POSSIBLE SUNSHINE  MM
  AVERAGE SKY COVER 0.1


WEATHER CONDITIONS
 THE FOLLOWING WEATHER WAS RECORDED YESTERDAY.
  FOG


RELATIVE HUMIDITY (PERCENT)
 HIGHEST   100           600 AM
 LOWEST     39           100 PM
 AVERAGE    70

..........................................................


THE VICKSBURG CLIMATE NORMALS FOR TODAY
                         NORMAL    RECORD    YEAR
 MAXIMUM TEMPERATURE (F)   92       101      2016
 MINIMUM TEMPERATURE (F)   71        60      2007


SUNRISE AND SUNSET
JULY 22 2017..........SUNRISE   612 AM CDT   SUNSET   808 PM CDT
JULY 23 2017..........SUNRISE   613 AM CDT   SUNSET   808 PM CDT


-  INDICATES NEGATIVE NUMBERS.
R  INDICATES RECORD WAS SET OR TIED.
MM INDICATES DATA IS MISSING.
T  INDICATES TRACE AMOUNT.




$$
