000
CDUS44 KJAN 190757
CLITVR


CLIMATE REPORT
NATIONAL WEATHER SERVICE JACKSON MS
154 AM CST SUN FEB 19 2017


...................................

...THE VICKSBURG CLIMATE SUMMARY FOR FEBRUARY 18 2017...

CLIMATE NORMAL PERIOD 1981 TO 2010
CLIMATE RECORD PERIOD 1948 TO 2017


WEATHER ITEM   OBSERVED TIME   RECORD YEAR NORMAL DEPARTURE LAST
                VALUE   (LST)  VALUE       VALUE  FROM      YEAR
                                                  NORMAL
..................................................................
TEMPERATURE (F)
 YESTERDAY
  MAXIMUM         69    353 PM  84    2009  61      8       76
  MINIMUM         48    229 AM  20    1980  40      8       41
                                      1958
  AVERAGE         59                        51      8       59

PRECIPITATION (IN)
  YESTERDAY        0.00          1.47 2012   0.20  -0.20     0.00
  MONTH TO DATE    0.29                      3.43  -3.14     2.54
  SINCE DEC 1     10.79                     14.11  -3.32    13.79
  SINCE JAN 1      4.52                      8.50  -3.98     8.24

SNOWFALL (IN)
  YESTERDAY        0.0

DEGREE DAYS
 HEATING
  YESTERDAY        6                        15     -9        6
  MONTH TO DATE  157                       299   -142      235
  SINCE DEC 1    956                      1441   -485     1098
  SINCE JUL 1   1233                      1843   -610     1287

 COOLING
  YESTERDAY        0                         0      0        0
  MONTH TO DATE   26                         0     26        5
  SINCE DEC 1     68                         9     59       68
  SINCE JAN 1     40                         3     37        6
..................................................................


WIND (MPH)
  HIGHEST WIND SPEED     8   HIGHEST WIND DIRECTION    SE (150)
  HIGHEST GUST SPEED    11   HIGHEST GUST DIRECTION     S (160)
  AVERAGE WIND SPEED     2.8


SKY COVER
  POSSIBLE SUNSHINE  MM
  AVERAGE SKY COVER 0.5


WEATHER CONDITIONS
 THE FOLLOWING WEATHER WAS RECORDED YESTERDAY.
  FOG


RELATIVE HUMIDITY (PERCENT)
 HIGHEST   100           800 AM
 LOWEST     57           300 PM
 AVERAGE    79

..........................................................


THE VICKSBURG CLIMATE NORMALS FOR TODAY
                         NORMAL    RECORD    YEAR
 MAXIMUM TEMPERATURE (F)   61        82      2000
 MINIMUM TEMPERATURE (F)   40        19      1978


SUNRISE AND SUNSET
FEBRUARY 19 2017......SUNRISE   642 AM CST   SUNSET   554 PM CST
FEBRUARY 20 2017......SUNRISE   641 AM CST   SUNSET   555 PM CST


-  INDICATES NEGATIVE NUMBERS.
R  INDICATES RECORD WAS SET OR TIED.
MM INDICATES DATA IS MISSING.
T  INDICATES TRACE AMOUNT.




$$
