000
CDUS44 KJAN 310704
CLITVR


CLIMATE REPORT
NATIONAL WEATHER SERVICE JACKSON MS
202 AM CDT FRI JUL 31 2015


...................................

...THE VICKSBURG CLIMATE SUMMARY FOR JULY 30 2015...

CLIMATE NORMAL PERIOD 1981 TO 2010
CLIMATE RECORD PERIOD 1948 TO 2015


WEATHER ITEM   OBSERVED TIME   RECORD YEAR NORMAL DEPARTURE LAST
                VALUE   (LST)  VALUE       VALUE  FROM      YEAR
                                                  NORMAL
..................................................................
TEMPERATURE (F)
 YESTERDAY
  MAXIMUM        100   1258 PM 102    1986  93      7       87
  MINIMUM         75    537 AM  59    2014  71      4       59
  AVERAGE         88                        82      6       73

PRECIPITATION (IN)
  YESTERDAY        0.00          1.49 1955   0.11  -0.11     0.00
  MONTH TO DATE    1.72                      3.52  -1.80     2.90
  SINCE JUN 1      6.97                      7.51  -0.54     9.45
  SINCE JAN 1     37.24                     32.81   4.43    37.78

SNOWFALL (IN)
  YESTERDAY        0.0

DEGREE DAYS
 HEATING
  YESTERDAY        0                         0      0        0
  MONTH TO DATE    0                         0      0        0
  SINCE JUN 1      0                         0      0        0
  SINCE JUL 1      0                         0      0        0

 COOLING
  YESTERDAY       23                        17      6        8
  MONTH TO DATE  574                       496     78      397
  SINCE JUN 1   1058                       914    144      821
  SINCE JAN 1   1504                      1284    220     1171
..................................................................


WIND (MPH)
  HIGHEST WIND SPEED    16   HIGHEST WIND DIRECTION     N (20)
  HIGHEST GUST SPEED    22   HIGHEST GUST DIRECTION     N (360)
  AVERAGE WIND SPEED     5.8


SKY COVER
  POSSIBLE SUNSHINE  MM
  AVERAGE SKY COVER 0.0


WEATHER CONDITIONS
 THE FOLLOWING WEATHER WAS RECORDED YESTERDAY.
  THUNDERSTORM
  FOG


RELATIVE HUMIDITY (PERCENT)
 HIGHEST    94           300 AM
 LOWEST     48          1200 PM
 AVERAGE    71

..........................................................


THE VICKSBURG CLIMATE NORMALS FOR TODAY
                         NORMAL    RECORD    YEAR
 MAXIMUM TEMPERATURE (F)   93       103      1986
 MINIMUM TEMPERATURE (F)   71        62      1971


SUNRISE AND SUNSET
JULY 31 2015..........SUNRISE   618 AM CDT   SUNSET   803 PM CDT
AUGUST  1 2015........SUNRISE   619 AM CDT   SUNSET   802 PM CDT


-  INDICATES NEGATIVE NUMBERS.
R  INDICATES RECORD WAS SET OR TIED.
MM INDICATES DATA IS MISSING.
T  INDICATES TRACE AMOUNT.




$$
