000
CDUS44 KJAN 260742
CLITVR


CLIMATE REPORT
NATIONAL WEATHER SERVICE JACKSON MS
239 AM CDT TUE MAY 26 2015


...................................

...THE VICKSBURG CLIMATE SUMMARY FOR MAY 25 2015...

CLIMATE NORMAL PERIOD 1981 TO 2010
CLIMATE RECORD PERIOD 1948 TO 2015


WEATHER ITEM   OBSERVED TIME   RECORD YEAR NORMAL DEPARTURE LAST
                VALUE   (LST)  VALUE       VALUE  FROM      YEAR
                                                  NORMAL
..................................................................
TEMPERATURE (F)
 YESTERDAY
  MAXIMUM         89    308 PM  94    1972  86      3       88
                                      1970
  MINIMUM         64   1159 PM  49    1979  64      0       62
  AVERAGE         77                        75      2       75

PRECIPITATION (IN)
  YESTERDAY        0.61          2.98 1986   0.15   0.46     0.00
  MONTH TO DATE    7.56                      4.17   3.39     1.94
  SINCE MAR 1     17.84                     14.17   3.67    20.92
  SINCE JAN 1     29.09                     24.51   4.58    26.34

SNOWFALL (IN)
  YESTERDAY        0.0

DEGREE DAYS
 HEATING
  YESTERDAY        0                         0      0        0
  MONTH TO DATE    3                         9     -6       25
  SINCE MAR 1    264                       374   -110      481
  SINCE JUL 1   2522                      2350    172     2890

 COOLING
  YESTERDAY       12                        10      2       10
  MONTH TO DATE  223                       187     36      169
  SINCE MAR 1    377                       296     81      282
  SINCE JAN 1    377                       305     72      289
..................................................................


WIND (MPH)
  HIGHEST WIND SPEED    26   HIGHEST WIND DIRECTION    SE (150)
  HIGHEST GUST SPEED    34   HIGHEST GUST DIRECTION    SE (150)
  AVERAGE WIND SPEED     8.3


SKY COVER
  POSSIBLE SUNSHINE  MM
  AVERAGE SKY COVER 0.4


WEATHER CONDITIONS
 THE FOLLOWING WEATHER WAS RECORDED YESTERDAY.
  THUNDERSTORM
  HEAVY RAIN
  RAIN
  LIGHT RAIN
  FOG


RELATIVE HUMIDITY (PERCENT)
 HIGHEST    97           600 AM
 LOWEST     50           300 PM
 AVERAGE    74

..........................................................


THE VICKSBURG CLIMATE NORMALS FOR TODAY
                         NORMAL    RECORD    YEAR
 MAXIMUM TEMPERATURE (F)   87        93      2000
 MINIMUM TEMPERATURE (F)   64        46      1979


SUNRISE AND SUNSET
MAY 26 2015...........SUNRISE   600 AM CDT   SUNSET   802 PM CDT
MAY 27 2015...........SUNRISE   600 AM CDT   SUNSET   803 PM CDT


-  INDICATES NEGATIVE NUMBERS.
R  INDICATES RECORD WAS SET OR TIED.
MM INDICATES DATA IS MISSING.
T  INDICATES TRACE AMOUNT.




$$
