000
CDUS44 KJAN 022214
CLITVR


CLIMATE REPORT
NATIONAL WEATHER SERVICE JACKSON MS
411 PM CST FRI DEC 2 2016


...................................

...THE VICKSBURG CLIMATE SUMMARY FOR DECEMBER 2 2016...
VALID TODAY AS OF 0400 PM LOCAL TIME.

CLIMATE NORMAL PERIOD 1981 TO 2010
CLIMATE RECORD PERIOD 1948 TO 2016


WEATHER ITEM   OBSERVED TIME   RECORD YEAR NORMAL DEPARTURE LAST
                VALUE   (LST)  VALUE       VALUE  FROM      YEAR
                                                  NORMAL
..................................................................
TEMPERATURE (F)
 TODAY
  MAXIMUM         67    203 PM  81    2012  62      5       58
  MINIMUM         30   1204 AM  17    1960  40    -10       42
  AVERAGE         49                        51     -2       50

PRECIPITATION (IN)
  TODAY            0.00          2.77 1991   0.20  -0.20      T
  MONTH TO DATE    0.00                      0.40  -0.40     0.26
  SINCE DEC 1      0.00                      0.40  -0.40     0.26
  SINCE JAN 1     54.82                     49.53   5.29    58.48

SNOWFALL (IN)
  TODAY            0.0

DEGREE DAYS
 HEATING
  TODAY           16                        15      1       15
  MONTH TO DATE   35                        29      6       23
  SINCE DEC 1     35                        29      6       23
  SINCE JUL 1    312                       431   -119      212

 COOLING
  TODAY            0                         0      0        0
  MONTH TO DATE    0                         0      0        0
  SINCE DEC 1      0                         0      0        0
  SINCE JAN 1   2919                      2225    694     2603
..................................................................


WIND (MPH)
  HIGHEST WIND SPEED    13   HIGHEST WIND DIRECTION     E (90)
  HIGHEST GUST SPEED    16   HIGHEST GUST DIRECTION     E (100)
  AVERAGE WIND SPEED     3.3


SKY COVER
  POSSIBLE SUNSHINE  MM
  AVERAGE SKY COVER 0.1


WEATHER CONDITIONS
 THE FOLLOWING WEATHER WAS RECORDED TODAY.
  FOG


RELATIVE HUMIDITY (PERCENT)
 HIGHEST   100           400 AM
 LOWEST     26          1200 PM
 AVERAGE    63

..........................................................


THE VICKSBURG CLIMATE NORMALS FOR TOMORROW
                         NORMAL    RECORD    YEAR
 MAXIMUM TEMPERATURE (F)   62        83      1982
 MINIMUM TEMPERATURE (F)   40        23      1960


SUNRISE AND SUNSET
DECEMBER  2 2016......SUNRISE   649 AM CST   SUNSET   459 PM CST
DECEMBER  3 2016......SUNRISE   650 AM CST   SUNSET   459 PM CST


-  INDICATES NEGATIVE NUMBERS.
R  INDICATES RECORD WAS SET OR TIED.
MM INDICATES DATA IS MISSING.
T  INDICATES TRACE AMOUNT.




$$
