000
CDUS45 KBOI 020934
CLITWF


CLIMATE REPORT
NATIONAL WEATHER SERVICE BOISE ID
332 AM MDT SUN AUG 2 2015


...................................

...THE TWIN FALLS ID CLIMATE SUMMARY FOR AUGUST 1 2015...

CLIMATE NORMAL PERIOD 1981 TO 2010
CLIMATE RECORD PERIOD 9999 TO 9999


WEATHER ITEM   OBSERVED TIME   NORMAL DEPARTURE LAST
                VALUE   (LST)  VALUE  FROM      YEAR
                                      NORMAL
......................................................
TEMPERATURE (F)
 YESTERDAY
  MAXIMUM        100    323 PM  91      9       95
  MINIMUM         61    557 AM  59      2       58
  AVERAGE         81

PRECIPITATION (IN)
  YESTERDAY        0.00          0.01  -0.01     0.00
  MONTH TO DATE    0.00          0.01  -0.01     0.00
  SINCE OCT 1      8.11          9.82  -1.71     7.15
  SINCE JAN 1      5.11          6.57  -1.46     6.68

DEGREE DAYS
 HEATING
  YESTERDAY        0             0      0        0
  MONTH TO DATE    0             0      0        0
  SINCE JUN 1     10            93    -83       58
  SINCE JUL 1      3             6     -3        0

 COOLING
  YESTERDAY       16            10      6       12
  MONTH TO DATE   16            10      6       12
  SINCE JUN 1    574           374    200      533
  SINCE JAN 1    590           396    194      566
......................................................


WIND (MPH)
  HIGHEST WIND SPEED    16   HIGHEST WIND DIRECTION     S (180)
  HIGHEST GUST SPEED    20   HIGHEST GUST DIRECTION     S (180)
  AVERAGE WIND SPEED     8.3


SKY COVER
  AVERAGE SKY COVER 0.0


WEATHER CONDITIONS
 THE FOLLOWING WEATHER WAS RECORDED YESTERDAY.
  HAZE


RELATIVE HUMIDITY (PERCENT)
 HIGHEST    32           600 AM
 LOWEST      8           300 PM
 AVERAGE    20

..........................................................




SUNRISE AND SUNSET
AUGUST  2 2015........SUNRISE   631 AM MDT   SUNSET   857 PM MDT
AUGUST  3 2015........SUNRISE   632 AM MDT   SUNSET   856 PM MDT


-  INDICATES NEGATIVE NUMBERS.
R  INDICATES RECORD WAS SET OR TIED.
MM INDICATES DATA IS MISSING.
T  INDICATES TRACE AMOUNT.




$$
