000
CDUS45 KBOI 150933
CLITWF


CLIMATE REPORT
NATIONAL WEATHER SERVICE BOISE ID
332 AM MDT TUE APR 15 2014


...................................

...THE TWIN FALLS ID CLIMATE SUMMARY FOR APRIL 14 2014...

CLIMATE NORMAL PERIOD 1981 TO 2010
CLIMATE RECORD PERIOD 9999 TO 9999


WEATHER ITEM   OBSERVED TIME   NORMAL DEPARTURE LAST
                VALUE   (LST)  VALUE  FROM      YEAR
                                      NORMAL
......................................................
TEMPERATURE (F)
 YESTERDAY
  MAXIMUM         63    413 PM  60      3       46
  MINIMUM         28    601 AM  35     -7       28
  AVERAGE         46

PRECIPITATION (IN)
  YESTERDAY        0.00          0.04  -0.04     0.00
  MONTH TO DATE    0.06          0.50  -0.44     0.62
  SINCE OCT 1      4.66          6.58  -1.92     5.36
  SINCE JAN 1      4.19          3.33   0.86     2.18

DEGREE DAYS
 HEATING
  YESTERDAY       19            18      1       28
  MONTH TO DATE  220           262    -42      227
  SINCE MAR 1    826           984   -158      883
  SINCE JUL 1   5079          5551   -472     5175

 COOLING
  YESTERDAY        0             0      0        0
  MONTH TO DATE    0             0      0        0
  SINCE MAR 1      0             0      0        0
  SINCE JAN 1      0             0      0        0
......................................................


WIND (MPH)
  HIGHEST WIND SPEED    13   HIGHEST WIND DIRECTION     S (170)
  HIGHEST GUST SPEED    16   HIGHEST GUST DIRECTION     E (100)
  AVERAGE WIND SPEED     7.6


SKY COVER
  AVERAGE SKY COVER 0.0


WEATHER CONDITIONS
 THE FOLLOWING WEATHER WAS RECORDED YESTERDAY.
  NO SIGNIFICANT WEATHER WAS OBSERVED.


RELATIVE HUMIDITY (PERCENT)
 HIGHEST    49           700 AM
 LOWEST     17           500 PM
 AVERAGE    33

..........................................................




SUNRISE AND SUNSET
APRIL 15 2014.........SUNRISE   657 AM MDT   SUNSET   820 PM MDT
APRIL 16 2014.........SUNRISE   655 AM MDT   SUNSET   821 PM MDT


-  INDICATES NEGATIVE NUMBERS.
R  INDICATES RECORD WAS SET OR TIED.
MM INDICATES DATA IS MISSING.
T  INDICATES TRACE AMOUNT.




$$
