000
CDUS45 KBOI 200932
CLITWF


CLIMATE REPORT
NATIONAL WEATHER SERVICE BOISE ID
231 AM MST MON NOV 20 2017


...................................

...THE TWIN FALLS ID CLIMATE SUMMARY FOR NOVEMBER 19 2017...

CLIMATE NORMAL PERIOD 1981 TO 2010
CLIMATE RECORD PERIOD 9999 TO 9999


WEATHER ITEM   OBSERVED TIME   NORMAL DEPARTURE LAST
                VALUE   (LST)  VALUE  FROM      YEAR
                                      NORMAL
......................................................
TEMPERATURE (F)
 YESTERDAY
  MAXIMUM         46    303 PM  47     -1       54
  MINIMUM         17    637 AM  26     -9       25
  AVERAGE         32

PRECIPITATION (IN)
  YESTERDAY        0.00          0.04  -0.04     0.00
  MONTH TO DATE    0.90          0.68   0.22     0.04
  SINCE OCT 1      1.55          1.48   0.07     2.82
  SINCE JAN 1      9.68          8.93   0.75    11.73

DEGREE DAYS
 HEATING
  YESTERDAY       33            29      4       25
  MONTH TO DATE  492           473     19      373
  SINCE SEP 1   1292          1071    221      974
  SINCE JUL 1   1294          1092    202      998

 COOLING
  YESTERDAY        0             0      0        0
  MONTH TO DATE    0             0      0        0
  SINCE SEP 1    119            63     56       26
  SINCE JAN 1    871           680    191      642
......................................................


WIND (MPH)
  HIGHEST WIND SPEED     9   HIGHEST WIND DIRECTION     S (180)
  HIGHEST GUST SPEED    12   HIGHEST GUST DIRECTION     S (180)
  AVERAGE WIND SPEED     4.2


SKY COVER
  AVERAGE SKY COVER 0.0


WEATHER CONDITIONS
 THE FOLLOWING WEATHER WAS RECORDED YESTERDAY.
  NO SIGNIFICANT WEATHER WAS OBSERVED.


RELATIVE HUMIDITY (PERCENT)
 HIGHEST    92           200 AM
 LOWEST     53           300 PM
 AVERAGE    73

..........................................................




SUNRISE AND SUNSET
NOVEMBER 20 2017......SUNRISE   736 AM MST   SUNSET   511 PM MST
NOVEMBER 21 2017......SUNRISE   737 AM MST   SUNSET   511 PM MST


-  INDICATES NEGATIVE NUMBERS.
R  INDICATES RECORD WAS SET OR TIED.
MM INDICATES DATA IS MISSING.
T  INDICATES TRACE AMOUNT.




$$
