000
CDUS45 KBOI 310931
CLITWF


CLIMATE REPORT
NATIONAL WEATHER SERVICE BOISE ID
331 AM MDT SUN AUG 31 2014


...................................

...THE TWIN FALLS ID CLIMATE SUMMARY FOR AUGUST 30 2014...

CLIMATE NORMAL PERIOD 1981 TO 2010
CLIMATE RECORD PERIOD 9999 TO 9999


WEATHER ITEM   OBSERVED TIME   NORMAL DEPARTURE LAST
                VALUE   (LST)  VALUE  FROM      YEAR
                                      NORMAL
......................................................
TEMPERATURE (F)
 YESTERDAY
  MAXIMUM         76    245 PM  85     -9       90
  MINIMUM         55   1156 PM  52      3       64
  AVERAGE         66

PRECIPITATION (IN)
  YESTERDAY        0.02          0.02   0.00     0.00
  MONTH TO DATE    5.57          0.31   5.26      T
  SINCE OCT 1     12.72         10.12   2.60     6.37
  SINCE JAN 1     12.25          6.87   5.38     3.19

DEGREE DAYS
 HEATING
  YESTERDAY        0             2     -2        0
  MONTH TO DATE   16             9      7        0
  SINCE JUN 1     74           102    -28       55
  SINCE JUL 1     16            15      1        0

 COOLING
  YESTERDAY        1             5     -4       12
  MONTH TO DATE  205           227    -22      372
  SINCE JUN 1    726           591    135     1003
  SINCE JAN 1    759           613    146     1028
......................................................


WIND (MPH)
  HIGHEST WIND SPEED    36   HIGHEST WIND DIRECTION     W (270)
  HIGHEST GUST SPEED    47   HIGHEST GUST DIRECTION     W (270)
  AVERAGE WIND SPEED    12.6


SKY COVER
  AVERAGE SKY COVER 0.2


WEATHER CONDITIONS
 THE FOLLOWING WEATHER WAS RECORDED YESTERDAY.
  LIGHT RAIN


RELATIVE HUMIDITY (PERCENT)
 HIGHEST    60           800 PM
 LOWEST     31           200 PM
 AVERAGE    46

..........................................................




SUNRISE AND SUNSET
AUGUST 31 2014........SUNRISE   702 AM MDT   SUNSET   814 PM MDT
SEPTEMBER  1 2014.....SUNRISE   703 AM MDT   SUNSET   812 PM MDT


-  INDICATES NEGATIVE NUMBERS.
R  INDICATES RECORD WAS SET OR TIED.
MM INDICATES DATA IS MISSING.
T  INDICATES TRACE AMOUNT.




$$
