000
CDUS45 KBOI 170930
CLITWF


CLIMATE REPORT
NATIONAL WEATHER SERVICE BOISE ID
330 AM MDT THU AUG 17 2017


...................................

...THE TWIN FALLS ID CLIMATE SUMMARY FOR AUGUST 16 2017...

CLIMATE NORMAL PERIOD 1981 TO 2010
CLIMATE RECORD PERIOD 9999 TO 9999


WEATHER ITEM   OBSERVED TIME   NORMAL DEPARTURE LAST
                VALUE   (LST)  VALUE  FROM      YEAR
                                      NORMAL
......................................................
TEMPERATURE (F)
 YESTERDAY
  MAXIMUM         85    452 PM  88     -3       95
  MINIMUM         55    603 AM  56     -1       63
  AVERAGE         70

PRECIPITATION (IN)
  YESTERDAY        0.00          0.01  -0.01     0.00
  MONTH TO DATE    0.02          0.17  -0.15     0.01
  SINCE OCT 1     11.89          9.98   1.91    10.97
  SINCE JAN 1      7.39          6.73   0.66     6.59

DEGREE DAYS
 HEATING
  YESTERDAY        0             0      0        0
  MONTH TO DATE    2             0      2        1
  SINCE JUN 1     76            93    -17       75
  SINCE JUL 1      2             6     -4       22

 COOLING
  YESTERDAY        5             7     -2       14
  MONTH TO DATE  138           143     -5      120
  SINCE JUN 1    615           507    108      519
  SINCE JAN 1    624           529     95      522
......................................................


WIND (MPH)
  HIGHEST WIND SPEED    14   HIGHEST WIND DIRECTION     S (190)
  HIGHEST GUST SPEED    17   HIGHEST GUST DIRECTION     S (180)
  AVERAGE WIND SPEED     8.9


SKY COVER
  AVERAGE SKY COVER 0.0


WEATHER CONDITIONS
 THE FOLLOWING WEATHER WAS RECORDED YESTERDAY.
  NO SIGNIFICANT WEATHER WAS OBSERVED.


RELATIVE HUMIDITY (PERCENT)
 HIGHEST    51           600 AM
 LOWEST     16           300 PM
 AVERAGE    34

..........................................................




SUNRISE AND SUNSET
AUGUST 17 2017........SUNRISE   647 AM MDT   SUNSET   836 PM MDT
AUGUST 18 2017........SUNRISE   648 AM MDT   SUNSET   834 PM MDT


-  INDICATES NEGATIVE NUMBERS.
R  INDICATES RECORD WAS SET OR TIED.
MM INDICATES DATA IS MISSING.
T  INDICATES TRACE AMOUNT.




$$
