000
CDUS44 KSHV 250742
CLITXK


CLIMATE REPORT
NATIONAL WEATHER SERVICE SHREVEPORT, LA
241 AM CDT THU MAY 25 2017


...................................

...THE TEXARKANA CLIMATE SUMMARY FOR MAY 24 2017...

CLIMATE NORMAL PERIOD 1981 TO 2010
CLIMATE RECORD PERIOD 1896 TO 2017


WEATHER ITEM   OBSERVED TIME   RECORD YEAR NORMAL DEPARTURE LAST
                VALUE   (LST)  VALUE       VALUE  FROM      YEAR
                                                  NORMAL
..................................................................
TEMPERATURE (F)
 YESTERDAY
  MAXIMUM         72    357 PM  95    1939  84    -12       85
  MINIMUM         53   1144 PM  47    1935  63    -10       68
  AVERAGE         63                        74    -11       77

PRECIPITATION (IN)
  YESTERDAY        0.00          1.27 1959   0.15  -0.15      T
  MONTH TO DATE    3.50                      4.07  -0.57     2.17
  SINCE DEC 1     26.54                     24.65   1.89    30.55
  SINCE JAN 1     20.12                     19.60   0.52    24.57

SNOWFALL (IN)
  YESTERDAY        0.0
  MONTH TO DATE    0.0
  SINCE MAR 1      0.0
  SINCE JUL 1      0.1
  SNOW DEPTH       0

DEGREE DAYS
 HEATING
  YESTERDAY        2                         0      2        0
  MONTH TO DATE   11                        12     -1       17
  SINCE MAR 1    256                       421   -165      255
  SINCE JUL 1   1707                      2615   -908     1908

 COOLING
  YESTERDAY        0                         9     -9       12
  MONTH TO DATE  115                       154    -39       99
  SINCE MAR 1    260                       247     13      208
  SINCE JAN 1    292                       251     41      214
..................................................................


WIND (MPH)
  HIGHEST WIND SPEED    22   HIGHEST WIND DIRECTION    NW (300)
  HIGHEST GUST SPEED    27   HIGHEST GUST DIRECTION    NW (320)
  AVERAGE WIND SPEED     9.1


SKY COVER
  POSSIBLE SUNSHINE  MM
  AVERAGE SKY COVER 0.2


WEATHER CONDITIONS
 THE FOLLOWING WEATHER WAS RECORDED YESTERDAY.
  NO SIGNIFICANT WEATHER WAS OBSERVED.


RELATIVE HUMIDITY (PERCENT)
 HIGHEST   100          1200 AM
 LOWEST     41           400 PM
 AVERAGE    71

..........................................................


THE TEXARKANA CLIMATE NORMALS FOR TODAY
                         NORMAL    RECORD    YEAR
 MAXIMUM TEMPERATURE (F)   84        95      1902
 MINIMUM TEMPERATURE (F)   64        50      1935


SUNRISE AND SUNSET
MAY 25 2017...........SUNRISE   610 AM CDT   SUNSET   817 PM CDT
MAY 26 2017...........SUNRISE   609 AM CDT   SUNSET   817 PM CDT


-  INDICATES NEGATIVE NUMBERS.
R  INDICATES RECORD WAS SET OR TIED.
MM INDICATES DATA IS MISSING.
T  INDICATES TRACE AMOUNT.




$$
