000
CDUS44 KSHV 240853
CLITXK


CLIMATE REPORT
NATIONAL WEATHER SERVICE SHREVEPORT, LA
253 AM CST FRI NOV 24 2017


...................................

...THE TEXARKANA CLIMATE SUMMARY FOR NOVEMBER 23 2017...

CLIMATE NORMAL PERIOD 1981 TO 2010
CLIMATE RECORD PERIOD 1896 TO 2017


WEATHER ITEM   OBSERVED TIME   RECORD YEAR NORMAL DEPARTURE LAST
                VALUE   (LST)  VALUE       VALUE  FROM      YEAR
                                                  NORMAL
..................................................................
TEMPERATURE (F)
 YESTERDAY
  MAXIMUM         59    323 PM  82    1921  62     -3       63
  MINIMUM         28    658 AM  18    1929  41    -13       44
  AVERAGE         44                        51     -7       54

PRECIPITATION (IN)
  YESTERDAY        0.00          4.19 2000   0.17  -0.17     0.80
  MONTH TO DATE    1.53                      3.61  -2.08     2.19
  SINCE DEC 1     49.86                     48.44   1.42    47.67
  SINCE JAN 1     43.44                     43.39   0.05    41.69

SNOWFALL (IN)
  YESTERDAY        0.0
  MONTH TO DATE    0.0
  SINCE SEP 1      0.0
  SINCE JUL 1      0.0
  SNOW DEPTH       0

DEGREE DAYS
 HEATING
  YESTERDAY       21                        14      7       11
  MONTH TO DATE  187                       233    -46      134
  SINCE SEP 1    297                       351    -54      151
  SINCE JUL 1    297                       351    -54      151

 COOLING
  YESTERDAY        0                         0      0        0
  MONTH TO DATE   54                        14     40       37
  SINCE SEP 1    503                       414     89      647
  SINCE JAN 1   2207                      2202      5     2587
..................................................................


WIND (MPH)
  HIGHEST WIND SPEED     8   HIGHEST WIND DIRECTION     W (250)
  HIGHEST GUST SPEED     9   HIGHEST GUST DIRECTION    SW (220)
  AVERAGE WIND SPEED     2.1


SKY COVER
  POSSIBLE SUNSHINE  MM
  AVERAGE SKY COVER 0.0


WEATHER CONDITIONS
 THE FOLLOWING WEATHER WAS RECORDED YESTERDAY.
  NO SIGNIFICANT WEATHER WAS OBSERVED.


RELATIVE HUMIDITY (PERCENT)
 HIGHEST   100           500 AM
 LOWEST     30           200 PM
 AVERAGE    65

..........................................................


THE TEXARKANA CLIMATE NORMALS FOR TODAY
                         NORMAL    RECORD    YEAR
 MAXIMUM TEMPERATURE (F)   61        84      1965
 MINIMUM TEMPERATURE (F)   41        19      1970


SUNRISE AND SUNSET
NOVEMBER 24 2017......SUNRISE   656 AM CST   SUNSET   509 PM CST
NOVEMBER 25 2017......SUNRISE   657 AM CST   SUNSET   509 PM CST


-  INDICATES NEGATIVE NUMBERS.
R  INDICATES RECORD WAS SET OR TIED.
MM INDICATES DATA IS MISSING.
T  INDICATES TRACE AMOUNT.




$$
