000
CDUS44 KSHV 200803
CLITXK


CLIMATE REPORT
NATIONAL WEATHER SERVICE SHREVEPORT, LA
258 AM CDT WED AUG 20 2014


...................................

...THE TEXARKANA CLIMATE SUMMARY FOR AUGUST 19 2014...

CLIMATE NORMAL PERIOD 1981 TO 2010
CLIMATE RECORD PERIOD 1896 TO 2014


WEATHER ITEM   OBSERVED TIME   RECORD YEAR NORMAL DEPARTURE LAST
                VALUE   (LST)  VALUE       VALUE  FROM      YEAR
                                                  NORMAL
..................................................................
TEMPERATURE (F)
 YESTERDAY
  MAXIMUM         92   1257 PM 107    2011  93     -1       92
  MINIMUM         70    149 AM  60    1927  71     -1       64
  AVERAGE         81                        82     -1       78

PRECIPITATION (IN)
  YESTERDAY        T             3.05 1931   0.09  -0.09     0.00
  MONTH TO DATE    2.05                      1.67   0.38     0.27
  SINCE DEC 1     30.48                     35.23  -4.75    24.04
  SINCE JAN 1     24.65                     30.18  -5.53    19.58

SNOWFALL (IN)
  YESTERDAY        0.0
  MONTH TO DATE    0.0
  SINCE JUN 1      0.0
  SINCE JUL 1      0.0
  SNOW DEPTH       0

DEGREE DAYS
 HEATING
  YESTERDAY        0                         0      0        0
  MONTH TO DATE    0                         0      0        0
  SINCE JUN 1      0                         0      0        0
  SINCE JUL 1      0                         0      0        0

 COOLING
  YESTERDAY       16                        17     -1       13
  MONTH TO DATE  288                       338    -50      334
  SINCE JUN 1   1135                      1278   -143     1283
  SINCE JAN 1   1429                      1598   -169     1581
..................................................................


WIND (MPH)
  HIGHEST WIND SPEED    16   HIGHEST WIND DIRECTION    SW (210)
  HIGHEST GUST SPEED    23   HIGHEST GUST DIRECTION    SW (220)
  AVERAGE WIND SPEED     4.6


SKY COVER
  POSSIBLE SUNSHINE  MM
  AVERAGE SKY COVER 0.1


WEATHER CONDITIONS
 THE FOLLOWING WEATHER WAS RECORDED YESTERDAY.
  THUNDERSTORM


RELATIVE HUMIDITY (PERCENT)
 HIGHEST    97           100 AM
 LOWEST     60           100 PM
 AVERAGE    79

..........................................................


THE TEXARKANA CLIMATE NORMALS FOR TODAY
                         NORMAL    RECORD    YEAR
 MAXIMUM TEMPERATURE (F)   93       107      2011
 MINIMUM TEMPERATURE (F)   71        57      1940


SUNRISE AND SUNSET
AUGUST 20 2014........SUNRISE   642 AM CDT   SUNSET   756 PM CDT
AUGUST 21 2014........SUNRISE   643 AM CDT   SUNSET   755 PM CDT


-  INDICATES NEGATIVE NUMBERS.
R  INDICATES RECORD WAS SET OR TIED.
MM INDICATES DATA IS MISSING.
T  INDICATES TRACE AMOUNT.




$$
