000
CDUS44 KSHV 272243
CLITXK


CLIMATE REPORT
NATIONAL WEATHER SERVICE SHREVEPORT, LA
448 PM CDT SAT AUG 27 2016


...................................

...THE TEXARKANA CLIMATE SUMMARY FOR AUGUST 27 2016...
VALID TODAY AS OF 0400 PM LOCAL TIME.

CLIMATE NORMAL PERIOD 1981 TO 2010
CLIMATE RECORD PERIOD 1896 TO 2016


WEATHER ITEM   OBSERVED TIME   RECORD YEAR NORMAL DEPARTURE LAST
                VALUE   (LST)  VALUE       VALUE  FROM      YEAR
                                                  NORMAL
..................................................................
TEMPERATURE (F)
 TODAY
  MAXIMUM         91    241 PM 106    1938  92     -1       87
  MINIMUM         72    558 AM  59    2010  69      3       63
  AVERAGE         82                        81      1       75

PRECIPITATION (IN)
  TODAY            0.00          0.73 1965   0.10  -0.10     0.00
  MONTH TO DATE    5.85                      2.48   3.37     0.80
  SINCE DEC 1     44.66                     36.04   8.62    43.23
  SINCE JAN 1     38.68                     30.99   7.69    40.55

DEGREE DAYS
 HEATING
  TODAY            0                         0      0        0
  MONTH TO DATE    0                         0      0        0
  SINCE JUN 1      0                         0      0        0
  SINCE JUL 1      0                         0      0        0

 COOLING
  TODAY           17                        16      1       10
  MONTH TO DATE  461                       469     -8      488
  SINCE JUN 1   1578                      1409    169     1588
  SINCE JAN 1   1868                      1729    139     1912
..................................................................


WIND (MPH)
  HIGHEST WIND SPEED    10   HIGHEST WIND DIRECTION    NE (50)
  HIGHEST GUST SPEED    13   HIGHEST GUST DIRECTION    NE (60)
  AVERAGE WIND SPEED     2.7


SKY COVER
  POSSIBLE SUNSHINE  MM
  AVERAGE SKY COVER 0.2


WEATHER CONDITIONS
 THE FOLLOWING WEATHER WAS RECORDED TODAY.
  FOG


RELATIVE HUMIDITY (PERCENT)
 HIGHEST   100           600 AM
 LOWEST     52           200 PM
 AVERAGE    76

..........................................................


THE TEXARKANA CLIMATE NORMALS FOR TOMORROW
                         NORMAL    RECORD    YEAR
 MAXIMUM TEMPERATURE (F)   92       106      1924
 MINIMUM TEMPERATURE (F)   69        52      1906


SUNRISE AND SUNSET
AUGUST 27 2016........SUNRISE   647 AM CDT   SUNSET   747 PM CDT
AUGUST 28 2016........SUNRISE   648 AM CDT   SUNSET   746 PM CDT


-  INDICATES NEGATIVE NUMBERS.
R  INDICATES RECORD WAS SET OR TIED.
MM INDICATES DATA IS MISSING.
T  INDICATES TRACE AMOUNT.




$$
