000
CDUS44 KSHV 250834
CLITXK


CLIMATE REPORT
NATIONAL WEATHER SERVICE SHREVEPORT, LA
234 AM CST SAT FEB 25 2017


...................................

...THE TEXARKANA CLIMATE SUMMARY FOR FEBRUARY 24 2017...

CLIMATE NORMAL PERIOD 1981 TO 2010
CLIMATE RECORD PERIOD 1896 TO 2017


WEATHER ITEM   OBSERVED TIME   RECORD YEAR NORMAL DEPARTURE LAST
                VALUE   (LST)  VALUE       VALUE  FROM      YEAR
                                                  NORMAL
..................................................................
TEMPERATURE (F)
 YESTERDAY
  MAXIMUM         67    446 PM  85    1921  61      6       55
  MINIMUM         46   1159 PM  20    1965  40      6       40
  AVERAGE         57                        51      6       48

PRECIPITATION (IN)
  YESTERDAY        0.00          1.16 1979   0.15  -0.15     0.02
  MONTH TO DATE    2.56                      3.38  -0.82     4.17
  SINCE DEC 1     13.25                     11.83   1.42    12.10
  SINCE JAN 1      6.83                      6.78   0.05     6.12

SNOWFALL (IN)
  YESTERDAY        0.0
  MONTH TO DATE    0.0
  SINCE DEC 1      0.1
  SINCE JUL 1      0.1
  SNOW DEPTH       0

DEGREE DAYS
 HEATING
  YESTERDAY        8                        15     -7       17
  MONTH TO DATE  226                       417   -191      308
  SINCE DEC 1   1171                      1681   -510     1309
  SINCE JUL 1   1405                      2139   -734     1593

 COOLING
  YESTERDAY        0                         0      0        0
  MONTH TO DATE   14                         0     14        5
  SINCE DEC 1     35                         4     31       19
  SINCE JAN 1     28                         1     27        6
..................................................................


WIND (MPH)
  HIGHEST WIND SPEED    21   HIGHEST WIND DIRECTION     W (280)
  HIGHEST GUST SPEED    25   HIGHEST GUST DIRECTION     S (200)
  AVERAGE WIND SPEED    12.8


SKY COVER
  POSSIBLE SUNSHINE  MM
  AVERAGE SKY COVER 0.2


WEATHER CONDITIONS
 THE FOLLOWING WEATHER WAS RECORDED YESTERDAY.
  NO SIGNIFICANT WEATHER WAS OBSERVED.


RELATIVE HUMIDITY (PERCENT)
 HIGHEST    93           500 AM
 LOWEST     32           500 PM
 AVERAGE    63

..........................................................


THE TEXARKANA CLIMATE NORMALS FOR TODAY
                         NORMAL    RECORD    YEAR
 MAXIMUM TEMPERATURE (F)   62        88      1918
 MINIMUM TEMPERATURE (F)   40        20      1965


SUNRISE AND SUNSET
FEBRUARY 25 2017......SUNRISE   649 AM CST   SUNSET   610 PM CST
FEBRUARY 26 2017......SUNRISE   647 AM CST   SUNSET   611 PM CST


-  INDICATES NEGATIVE NUMBERS.
R  INDICATES RECORD WAS SET OR TIED.
MM INDICATES DATA IS MISSING.
T  INDICATES TRACE AMOUNT.




$$
