039
CDUS44 KSHV 300745
CLITXK


CLIMATE REPORT
NATIONAL WEATHER SERVICE SHREVEPORT, LA
235 AM CDT MON MAY 30 2016


...................................

...THE TEXARKANA CLIMATE SUMMARY FOR MAY 29 2016...

CLIMATE NORMAL PERIOD 1981 TO 2010
CLIMATE RECORD PERIOD 1896 TO 2016


WEATHER ITEM   OBSERVED TIME   RECORD YEAR NORMAL DEPARTURE LAST
                VALUE   (LST)  VALUE       VALUE  FROM      YEAR
                                                  NORMAL
..................................................................
TEMPERATURE (F)
 YESTERDAY
  MAXIMUM         90    204 PM  98    1898  85      5       85
  MINIMUM         67   1159 PM  50    1901  65      2       67
  AVERAGE         79                        75      4       76

PRECIPITATION (IN)
  YESTERDAY        0.06          1.45 1946   0.15  -0.09     1.04
  MONTH TO DATE    3.21                      4.82  -1.61     8.51
  SINCE DEC 1     31.59                     25.40   6.19    36.38
  SINCE JAN 1     25.61                     20.35   5.26    33.70

SNOWFALL (IN)
  YESTERDAY        0.0
  MONTH TO DATE    0.0
  SINCE MAR 1      0.0
  SINCE JUL 1      0.0
  SNOW DEPTH       0

DEGREE DAYS
 HEATING
  YESTERDAY        0                         0      0        0
  MONTH TO DATE   17                        12      5        8
  SINCE MAR 1    255                       421   -166      430
  SINCE JUL 1   1908                      2615   -707     2811

 COOLING
  YESTERDAY       14                        10      4       11
  MONTH TO DATE  154                       202    -48      212
  SINCE MAR 1    263                       295    -32      309
  SINCE JAN 1    269                       299    -30      309
..................................................................


WIND (MPH)
  HIGHEST WIND SPEED    13   HIGHEST WIND DIRECTION     W (270)
  HIGHEST GUST SPEED    16   HIGHEST GUST DIRECTION     W (260)
  AVERAGE WIND SPEED     4.4


SKY COVER
  POSSIBLE SUNSHINE  MM
  AVERAGE SKY COVER 0.2


WEATHER CONDITIONS
 THE FOLLOWING WEATHER WAS RECORDED YESTERDAY.
  THUNDERSTORM
  HEAVY RAIN
  LIGHT RAIN
  FOG


RELATIVE HUMIDITY (PERCENT)
 HIGHEST   100          1200 AM
 LOWEST     52           300 PM
 AVERAGE    76

..........................................................


THE TEXARKANA CLIMATE NORMALS FOR TODAY
                         NORMAL    RECORD    YEAR
 MAXIMUM TEMPERATURE (F)   86        98      2003
 MINIMUM TEMPERATURE (F)   65        51      1992


SUNRISE AND SUNSET
MAY 30 2016...........SUNRISE   608 AM CDT   SUNSET   820 PM CDT
MAY 31 2016...........SUNRISE   607 AM CDT   SUNSET   821 PM CDT


-  INDICATES NEGATIVE NUMBERS.
R  INDICATES RECORD WAS SET OR TIED.
MM INDICATES DATA IS MISSING.
T  INDICATES TRACE AMOUNT.




$$
