000
CDUS44 KSHV 260733
CLITXK


CLIMATE REPORT
NATIONAL WEATHER SERVICE SHREVEPORT, LA
232 AM CDT TUE SEP 26 2017


...................................

...THE TEXARKANA CLIMATE SUMMARY FOR SEPTEMBER 25 2017...

CLIMATE NORMAL PERIOD 1981 TO 2010
CLIMATE RECORD PERIOD 1896 TO 2017


WEATHER ITEM   OBSERVED TIME   RECORD YEAR NORMAL DEPARTURE LAST
                VALUE   (LST)  VALUE       VALUE  FROM      YEAR
                                                  NORMAL
..................................................................
TEMPERATURE (F)
 YESTERDAY
  MAXIMUM         90    334 PM  98    1939  83      7       91
  MINIMUM         65    633 AM  45    1989  60      5       69
  AVERAGE         78                        72      6       80

PRECIPITATION (IN)
  YESTERDAY        0.00          2.90 1941   0.11  -0.11     0.00
  MONTH TO DATE    1.00                      2.82  -1.82     0.50
  SINCE DEC 1     46.57                     39.29   7.28    45.24
  SINCE JAN 1     40.15                     34.24   5.91    39.26

SNOWFALL (IN)
  YESTERDAY        0.0
  MONTH TO DATE    0.0
  SINCE SEP 1      0.0
  SINCE JUL 1      0.0
  SNOW DEPTH       0

DEGREE DAYS
 HEATING
  YESTERDAY        0                         1     -1        0
  MONTH TO DATE    0                         4     -4        0
  SINCE SEP 1      0                         4     -4        0
  SINCE JUL 1      0                         4     -4        0

 COOLING
  YESTERDAY       13                         7      6       15
  MONTH TO DATE  259                       274    -15      379
  SINCE SEP 1    259                       274    -15      379
  SINCE JAN 1   1963                      2062    -99     2319
..................................................................


WIND (MPH)
  HIGHEST WIND SPEED    14   HIGHEST WIND DIRECTION    SE (150)
  HIGHEST GUST SPEED    17   HIGHEST GUST DIRECTION     S (160)
  AVERAGE WIND SPEED     4.3


SKY COVER
  POSSIBLE SUNSHINE  MM
  AVERAGE SKY COVER 0.0


WEATHER CONDITIONS
 THE FOLLOWING WEATHER WAS RECORDED YESTERDAY.
  FOG


RELATIVE HUMIDITY (PERCENT)
 HIGHEST   100           300 AM
 LOWEST     41           300 PM
 AVERAGE    71

..........................................................


THE TEXARKANA CLIMATE NORMALS FOR TODAY
                         NORMAL    RECORD    YEAR
 MAXIMUM TEMPERATURE (F)   83        98      1939
 MINIMUM TEMPERATURE (F)   60        42      1942


SUNRISE AND SUNSET
SEPTEMBER 26 2017.....SUNRISE   707 AM CDT   SUNSET   707 PM CDT
SEPTEMBER 27 2017.....SUNRISE   708 AM CDT   SUNSET   705 PM CDT


-  INDICATES NEGATIVE NUMBERS.
R  INDICATES RECORD WAS SET OR TIED.
MM INDICATES DATA IS MISSING.
T  INDICATES TRACE AMOUNT.




$$
