000
CDUS44 KSHV 210858
CLITYR


CLIMATE REPORT
NATIONAL WEATHER SERVICE SHREVEPORT, LA
257 AM CST WED FEB 21 2018


...................................

...THE TYLER CLIMATE SUMMARY FOR FEBRUARY 20 2018...

CLIMATE NORMAL PERIOD 1981 TO 2010
CLIMATE RECORD PERIOD 1896 TO 2018


WEATHER ITEM   OBSERVED TIME   RECORD YEAR NORMAL DEPARTURE LAST
                VALUE   (LST)  VALUE       VALUE  FROM      YEAR
                                                  NORMAL
..................................................................
TEMPERATURE (F)
 YESTERDAY
  MAXIMUM         78    303 PM  88    1986  62     16       70
  MINIMUM         54   1159 PM  19    1978  42     12       52
  AVERAGE         66                        52     14       61

PRECIPITATION (IN)
  YESTERDAY        0.39          2.23 1954   0.13   0.26     1.35
  MONTH TO DATE    2.73                      2.70   0.03     2.25
  SINCE DEC 1      9.29                     10.00  -0.71    10.44
  SINCE JAN 1      4.00                      5.76  -1.76     7.79

SNOWFALL (IN)
  YESTERDAY        0.0
  MONTH TO DATE    0.2
  SINCE DEC 1      1.5
  SINCE JUL 1      1.5
  SNOW DEPTH       0

DEGREE DAYS
 HEATING
  YESTERDAY        0                        14    -14        4
  MONTH TO DATE  295                       312    -17      134
  SINCE DEC 1   1463                      1416     47      914
  SINCE JUL 1   1735                      1790    -55     1045

 COOLING
  YESTERDAY        1                         0      1        0
  MONTH TO DATE   16                         0     16       30
  SINCE DEC 1     25                        10     15       71
  SINCE JAN 1     19                         4     15       49
..................................................................


WIND (MPH)
  HIGHEST WIND SPEED    29   HIGHEST WIND DIRECTION     S (170)
  HIGHEST GUST SPEED    37   HIGHEST GUST DIRECTION     S (160)
  AVERAGE WIND SPEED    15.2


SKY COVER
  POSSIBLE SUNSHINE  MM
  AVERAGE SKY COVER 0.8


WEATHER CONDITIONS
 THE FOLLOWING WEATHER WAS RECORDED YESTERDAY.
  THUNDERSTORM
  HEAVY RAIN
  RAIN
  LIGHT RAIN
  FOG


RELATIVE HUMIDITY (PERCENT)
 HIGHEST   100          1100 PM
 LOWEST     60           300 PM
 AVERAGE    80

..........................................................


THE TYLER CLIMATE NORMALS FOR TODAY
                         NORMAL    RECORD    YEAR
 MAXIMUM TEMPERATURE (F)   62        89      1986
 MINIMUM TEMPERATURE (F)   42        19      1978


SUNRISE AND SUNSET
FEBRUARY 21 2018......SUNRISE   658 AM CST   SUNSET   613 PM CST
FEBRUARY 22 2018......SUNRISE   657 AM CST   SUNSET   614 PM CST


-  INDICATES NEGATIVE NUMBERS.
R  INDICATES RECORD WAS SET OR TIED.
MM INDICATES DATA IS MISSING.
T  INDICATES TRACE AMOUNT.




$$
