313
CDUS44 KSHV 250735
CLITYR


CLIMATE REPORT
NATIONAL WEATHER SERVICE SHREVEPORT, LA
234 AM CDT SUN SEP 25 2016


...................................

...THE TYLER CLIMATE SUMMARY FOR SEPTEMBER 24 2016...

CLIMATE NORMAL PERIOD 1981 TO 2010
CLIMATE RECORD PERIOD 1896 TO 2016


WEATHER ITEM   OBSERVED TIME   RECORD YEAR NORMAL DEPARTURE LAST
                VALUE   (LST)  VALUE       VALUE  FROM      YEAR
                                                  NORMAL
..................................................................
TEMPERATURE (F)
 YESTERDAY
  MAXIMUM         94    236 PM 100    1939  84     10       92
  MINIMUM         73    556 AM  44    1989  63     10       67
  AVERAGE         84                        74     10       80

PRECIPITATION (IN)
  YESTERDAY        0.00          2.63 1941   0.10  -0.10     0.00
  MONTH TO DATE    0.07                      2.72  -2.65     0.13
  SINCE DEC 1     41.28                     36.22   5.06    42.11
  SINCE JAN 1     31.51                     31.98  -0.47    40.64

SNOWFALL (IN)
  YESTERDAY        0.0
  MONTH TO DATE    0.0
  SINCE SEP 1      0.0
  SINCE JUL 1      0.0
  SNOW DEPTH       0

DEGREE DAYS
 HEATING
  YESTERDAY        0                         0      0        0
  MONTH TO DATE    0                         0      0        0
  SINCE SEP 1      0                         0      0        0
  SINCE JUL 1      0                         0      0        0

 COOLING
  YESTERDAY       19                         9     10       15
  MONTH TO DATE  433                       294    139      402
  SINCE SEP 1    433                       294    139      402
  SINCE JAN 1   2732                      2216    516     2672
..................................................................


WIND (MPH)
  HIGHEST WIND SPEED    17   HIGHEST WIND DIRECTION     S (160)
  HIGHEST GUST SPEED    23   HIGHEST GUST DIRECTION    SE (150)
  AVERAGE WIND SPEED     8.3


SKY COVER
  POSSIBLE SUNSHINE  MM
  AVERAGE SKY COVER 0.2


WEATHER CONDITIONS
 THE FOLLOWING WEATHER WAS RECORDED YESTERDAY.
  FOG


RELATIVE HUMIDITY (PERCENT)
 HIGHEST   100           600 AM
 LOWEST     41           400 PM
 AVERAGE    71

..........................................................


THE TYLER CLIMATE NORMALS FOR TODAY
                         NORMAL    RECORD    YEAR
 MAXIMUM TEMPERATURE (F)   84       100      2011
 MINIMUM TEMPERATURE (F)   63        43      1989


SUNRISE AND SUNSET
SEPTEMBER 25 2016.....SUNRISE   712 AM CDT   SUNSET   714 PM CDT
SEPTEMBER 26 2016.....SUNRISE   713 AM CDT   SUNSET   712 PM CDT


-  INDICATES NEGATIVE NUMBERS.
R  INDICATES RECORD WAS SET OR TIED.
MM INDICATES DATA IS MISSING.
T  INDICATES TRACE AMOUNT.




$$
