000
CDUS44 KSHV 210844
CLITYR


CLIMATE REPORT
NATIONAL WEATHER SERVICE SHREVEPORT, LA
243 AM CST FRI NOV 21 2014


...................................

...THE TYLER CLIMATE SUMMARY FOR NOVEMBER 20 2014...

CLIMATE NORMAL PERIOD 1981 TO 2010
CLIMATE RECORD PERIOD 1896 TO 2014


WEATHER ITEM   OBSERVED TIME   RECORD YEAR NORMAL DEPARTURE LAST
                VALUE   (LST)  VALUE       VALUE  FROM      YEAR
                                                  NORMAL
..................................................................
TEMPERATURE (F)
 YESTERDAY
  MAXIMUM         71    257 PM  82    2011  63      8       64
  MINIMUM         44    241 AM  22    1903  44      0       43
  AVERAGE         58                        54      4       54

PRECIPITATION (IN)
  YESTERDAY        0.03          4.18 1907   0.13  -0.10     0.00
  MONTH TO DATE    2.10                      2.86  -0.76     1.27
  SINCE DEC 1     33.99                     44.55 -10.56    38.40
  SINCE JAN 1     30.97                     40.31  -9.34    35.51

SNOWFALL (IN)
  YESTERDAY       MM
  MONTH TO DATE    T
  SINCE SEP 1      T
  SINCE JUL 1      T
  SNOW DEPTH       0

DEGREE DAYS
 HEATING
  YESTERDAY        7                        11     -4       11
  MONTH TO DATE  296                       164    132      161
  SINCE SEP 1    310                       241     69      203
  SINCE JUL 1    310                       241     69      203

 COOLING
  YESTERDAY        0                         0      0        0
  MONTH TO DATE    2                        14    -12       14
  SINCE SEP 1    630                       485    145      648
  SINCE JAN 1   2596                      2407    189     2764
..................................................................


WIND (MPH)
  HIGHEST WIND SPEED    21   HIGHEST WIND DIRECTION     S (190)
  HIGHEST GUST SPEED    29   HIGHEST GUST DIRECTION     S (200)
  AVERAGE WIND SPEED     8.5


SKY COVER
  POSSIBLE SUNSHINE  MM
  AVERAGE SKY COVER 0.3


WEATHER CONDITIONS
 THE FOLLOWING WEATHER WAS RECORDED YESTERDAY.
  LIGHT RAIN
  FOG


RELATIVE HUMIDITY (PERCENT)
 HIGHEST    93           400 AM
 LOWEST     53           100 PM
 AVERAGE    73

..........................................................


THE TYLER CLIMATE NORMALS FOR TODAY
                         NORMAL    RECORD    YEAR
 MAXIMUM TEMPERATURE (F)   63        81      2007
                                             1956
 MINIMUM TEMPERATURE (F)   44        19      1901


SUNRISE AND SUNSET
NOVEMBER 21 2014......SUNRISE   656 AM CST   SUNSET   518 PM CST
NOVEMBER 22 2014......SUNRISE   657 AM CST   SUNSET   518 PM CST


-  INDICATES NEGATIVE NUMBERS.
R  INDICATES RECORD WAS SET OR TIED.
MM INDICATES DATA IS MISSING.
T  INDICATES TRACE AMOUNT.




$$
