000
CDUS44 KSHV 030802
CLITYR


CLIMATE REPORT
NATIONAL WEATHER SERVICE SHREVEPORT, LA
256 AM CDT FRI JUL 3 2015


...................................

...THE TYLER CLIMATE SUMMARY FOR JULY 2 2015...

CLIMATE NORMAL PERIOD 1981 TO 2010
CLIMATE RECORD PERIOD 1896 TO 2015


WEATHER ITEM   OBSERVED TIME   RECORD YEAR NORMAL DEPARTURE LAST
                VALUE   (LST)  VALUE       VALUE  FROM      YEAR
                                                  NORMAL
..................................................................
TEMPERATURE (F)
 YESTERDAY
  MAXIMUM         91    258 PM 104    2009  91      0       93
  MINIMUM         73    559 AM  64    2013  73      0       76
                                      1964
  AVERAGE         82                        82      0       85

PRECIPITATION (IN)
  YESTERDAY        0.00          1.34 2010   0.12  -0.12     0.00
  MONTH TO DATE    0.00                      0.25  -0.25     0.00
  SINCE DEC 1     39.93                     28.25  11.68    19.88
  SINCE JAN 1     38.46                     24.01  14.45    16.86

SNOWFALL (IN)
  YESTERDAY        0.0
  MONTH TO DATE    0.0
  SINCE JUN 1      0.0
  SINCE JUL 1      0.0
  SNOW DEPTH       0

DEGREE DAYS
 HEATING
  YESTERDAY        0                         0      0        0
  MONTH TO DATE    0                         0      0        0
  SINCE JUN 1      0                         0      0        0
  SINCE JUL 1      0                         0      0        0

 COOLING
  YESTERDAY       17                        17      0       20
  MONTH TO DATE   35                        34      1       37
  SINCE JUN 1    538                       467     71      505
  SINCE JAN 1   1000                       836    164      898
..................................................................


WIND (MPH)
  HIGHEST WIND SPEED    20   HIGHEST WIND DIRECTION    SW (220)
  HIGHEST GUST SPEED    30   HIGHEST GUST DIRECTION     W (250)
  AVERAGE WIND SPEED    12.0


SKY COVER
  POSSIBLE SUNSHINE  MM
  AVERAGE SKY COVER 0.1


WEATHER CONDITIONS
 THE FOLLOWING WEATHER WAS RECORDED YESTERDAY.
  NO SIGNIFICANT WEATHER WAS OBSERVED.


RELATIVE HUMIDITY (PERCENT)
 HIGHEST    87           700 AM
 LOWEST     52           100 PM
 AVERAGE    70

..........................................................


THE TYLER CLIMATE NORMALS FOR TODAY
                         NORMAL    RECORD    YEAR
 MAXIMUM TEMPERATURE (F)   91       104      1980
 MINIMUM TEMPERATURE (F)   73        62      2013


SUNRISE AND SUNSET
JULY  3 2015..........SUNRISE   619 AM CDT   SUNSET   832 PM CDT
JULY  4 2015..........SUNRISE   619 AM CDT   SUNSET   832 PM CDT


-  INDICATES NEGATIVE NUMBERS.
R  INDICATES RECORD WAS SET OR TIED.
MM INDICATES DATA IS MISSING.
T  INDICATES TRACE AMOUNT.




$$
