000
CDUS44 KMRX 252219
CLITYS

CLIMATE REPORT NATIONAL WEATHER SERVICE MORRISTOWN TN
519 PM EST SUN JAN 25 2015

...................................

...THE KNOXVILLE CLIMATE SUMMARY FOR JANUARY 25 2015... VALID TODAY
AS OF 500 PM LOCAL TIME.

CLIMATE NORMAL PERIOD 1981 TO 2010
CLIMATE RECORD PERIOD 1871 TO 2015


WEATHER ITEM   OBSERVED TIME   RECORD YEAR NORMAL DEPARTURE LAST
                VALUE   (LST)  VALUE       VALUE  FROM      YEAR
                                                  NORMAL
..................................................................
TEMPERATURE (F)
 TODAY
  MAXIMUM         54    422 PM  77    1950  48      6       38
  MINIMUM         32    410 AM   2    1948  29      3       22
                                      1905
  AVERAGE         43                        38      5       30

PRECIPITATION (IN)
  TODAY            0.00          1.24 1975   0.13  -0.13      T
  MONTH TO DATE    3.21                      3.48  -0.27     2.97
  SINCE DEC 1      7.45                      7.98  -0.53    11.20
  SINCE JAN 1      3.21                      3.48  -0.27     2.97

SNOWFALL (IN)
  TODAY            0.0                       0.1   -0.1       T
  MONTH TO DATE    0.1                       2.2   -2.1      0.7
  SINCE DEC 1      0.1                       3.0   -2.9      0.7
  SINCE JUL 1      0.1                       3.0   -2.9      1.5
  SNOW DEPTH       0

DEGREE DAYS
 HEATING
  TODAY           22                        26     -4       35
  MONTH TO DATE  685                       674     11      797
  SINCE DEC 1   1349                      1426    -77     1466
  SINCE JUL 1   2175                      2107     68     2156

 COOLING
  TODAY            0                         0      0        0
  MONTH TO DATE    0                         0      0        0
  SINCE DEC 1      0                         0      0        4
  SINCE JAN 1      0                         0      0        0
..................................................................


WIND (MPH)
  HIGHEST WIND SPEED    26   HIGHEST WIND DIRECTION    SW (230)
  HIGHEST GUST SPEED    33   HIGHEST GUST DIRECTION    SW (240)
  AVERAGE WIND SPEED     9.9


SKY COVER
  POSSIBLE SUNSHINE  MM
  AVERAGE SKY COVER 0.3


WEATHER CONDITIONS
 THE FOLLOWING WEATHER WAS RECORDED TODAY.
  NO SIGNIFICANT WEATHER WAS OBSERVED.


RELATIVE HUMIDITY (PERCENT)
 HIGHEST    82           500 AM
 LOWEST     46           200 PM
 AVERAGE    64

..........................................................


THE KNOXVILLE    ASOS CLIMATE NORMALS FOR TOMORROW
                         NORMAL    RECORD    YEAR
 MAXIMUM TEMPERATURE (F)   48        74      1950
 MINIMUM TEMPERATURE (F)   29         5      1940


SUNRISE AND SUNSET
JANUARY 25 2015.......SUNRISE   741 AM EST   SUNSET   556 PM EST
JANUARY 26 2015.......SUNRISE   741 AM EST   SUNSET   557 PM EST


-  INDICATES NEGATIVE NUMBERS.
R  INDICATES RECORD WAS SET OR TIED.
MM INDICATES DATA IS MISSING.
T  INDICATES TRACE AMOUNT.




$$
