000
CDUS44 KMRX 011252 RRA
CLITYS

CLIMATE REPORT
NATIONAL WEATHER SERVICE MORRISTOWN TN
852 AM EDT WED OCT 1 2014


...................................

...THE KNOXVILLE CLIMATE SUMMARY FOR SEPTEMBER 30 2014...

CLIMATE NORMAL PERIOD 1981 TO 2010
CLIMATE RECORD PERIOD 1871 TO 2014


WEATHER ITEM   OBSERVED TIME   RECORD YEAR NORMAL DEPARTURE LAST
                VALUE   (LST)  VALUE       VALUE  FROM      YEAR
                                                  NORMAL
..................................................................
TEMPERATURE (F)
 YESTERDAY
  MAXIMUM         83    221 PM  91    1941  77      6       77
  MINIMUM         59    623 AM  35    1888  55      4       54
  AVERAGE         71                        66      5       66

PRECIPITATION (IN)
  YESTERDAY        0.00          1.99 1915   0.11  -0.11     0.00
  MONTH TO DATE    0.19                      3.24  -3.05     4.42
  SINCE SEP 1      0.19                      3.24  -3.05     4.42
  SINCE JAN 1     29.45                     36.84  -7.39    55.80

SNOWFALL (IN)
  YESTERDAY        0.0                       0.0    0.0      0.0
  MONTH TO DATE    0.0                       0.0    0.0      0.0
  SINCE SEP 1      0.0                       0.0    0.0      0.0
  SINCE JUL 1      0.0                       0.0    0.0      0.0
  SNOW DEPTH       0

DEGREE DAYS
 HEATING
  YESTERDAY        0                         2     -2        0
  MONTH TO DATE    1                        21    -20        1
  SINCE SEP 1      1                        23    -22        1
  SINCE JUL 1      1                        23    -22        1

 COOLING
  YESTERDAY        6                         3      3        1
  MONTH TO DATE  251                       206     45      198
  SINCE SEP 1    251                       206     45      198
  SINCE JAN 1   1450                      1487    -37     1385
..................................................................


WIND (MPH)
  HIGHEST WIND SPEED    10   HIGHEST WIND DIRECTION    NW (330)
  HIGHEST GUST SPEED    15   HIGHEST GUST DIRECTION    NW (300)
  AVERAGE WIND SPEED     2.0


SKY COVER
  POSSIBLE SUNSHINE  MM
  AVERAGE SKY COVER  MM


WEATHER CONDITIONS
 THE FOLLOWING WEATHER WAS RECORDED YESTERDAY.
  NO SIGNIFICANT WEATHER WAS OBSERVED.


RELATIVE HUMIDITY (PERCENT)
 HIGHEST    97           400 AM
 LOWEST     40           300 PM
 AVERAGE    69

..........................................................


THE KNOXVILLE CLIMATE NORMALS FOR TODAY
                         NORMAL    RECORD    YEAR
 MAXIMUM TEMPERATURE (F)   76        92      1884
 MINIMUM TEMPERATURE (F)   54        36      1924
                                             1895
                                             1876


SUNRISE AND SUNSET
OCTOBER  1 2014.......SUNRISE   731 AM EDT   SUNSET   720 PM EDT
OCTOBER  2 2014.......SUNRISE   732 AM EDT   SUNSET   718 PM EDT


-  INDICATES NEGATIVE NUMBERS.
R  INDICATES RECORD WAS SET OR TIED.
MM INDICATES DATA IS MISSING.
T  INDICATES TRACE AMOUNT.

&&
THE LOW TEMPERATURE SINCE MIDNIGHT HAS BEEN 55.
THERE HAS BEEN NO PRECIPITATION SINCE MIDNIGHT.

THIS IS A SUPPLEMENTAL ISSUANCE OF THE CLIMATE PRODUCT THAT MAY BE DISCONTINUED
IN THE NEAR FUTURE. WE WILL CONTINUE TO ISSUE CLIMATE PRODUCTS TWICE DAILY...BY
5 AM...AND BY 6 PM. IF YOU ARE A USER OF THIS ISSUANCE PLEASE LET US KNOW VIA
EMAIL AT SR-MRX.WEBMASTER@NOAA.GOV

$$
