000
CDUS44 KMRX 040838
CLITYS


CLIMATE REPORT
NATIONAL WEATHER SERVICE MORRISTOWN TN
438 AM EDT TUE AUG 4 2015


...................................

...THE KNOXVILLE    ASOS CLIMATE SUMMARY FOR AUGUST 3 2015...

CLIMATE NORMAL PERIOD 1981 TO 2010
CLIMATE RECORD PERIOD 1871 TO 2015


WEATHER ITEM   OBSERVED TIME   RECORD YEAR NORMAL DEPARTURE LAST
                VALUE   (LST)  VALUE       VALUE  FROM      YEAR
                                                  NORMAL
..................................................................
TEMPERATURE (F)
 YESTERDAY
  MAXIMUM         91    447 PM  99    2011  88      3       83
  MINIMUM         67    536 AM  58    1976  69     -2       62
                                      1907
  AVERAGE         79                        78      1       73

PRECIPITATION (IN)
  YESTERDAY        0.00          2.94 1942   0.12  -0.12      T
  MONTH TO DATE    0.00                      0.37  -0.37     0.24
  SINCE JUN 1     11.78                      9.26   2.52     9.46
  SINCE JAN 1     29.26                     30.70  -1.44    25.49

SNOWFALL (IN)
  YESTERDAY        0.0                       0.0    0.0      0.0
  MONTH TO DATE    0.0                       0.0    0.0      0.0
  SINCE JUN 1      0.0                       0.0    0.0      0.0
  SINCE JUL 1      0.0                       0.0    0.0      0.0
  SNOW DEPTH       0

DEGREE DAYS
 HEATING
  YESTERDAY        0                         0      0        0
  MONTH TO DATE    0                         0      0        0
  SINCE JUN 1      0                         4     -4        0
  SINCE JUL 1      0                         0      0        0

 COOLING
  YESTERDAY       14                        13      1        8
  MONTH TO DATE   37                        39     -2       27
  SINCE JUN 1    860                       761     99      674
  SINCE JAN 1   1094                       923    171      879
..................................................................


WIND (MPH)
  HIGHEST WIND SPEED     9   HIGHEST WIND DIRECTION     N (360)
  HIGHEST GUST SPEED    12   HIGHEST GUST DIRECTION     W (290)
  AVERAGE WIND SPEED     1.9


SKY COVER
  POSSIBLE SUNSHINE  MM
  AVERAGE SKY COVER 0.2


WEATHER CONDITIONS
 THE FOLLOWING WEATHER WAS RECORDED YESTERDAY.
  FOG
  HAZE


RELATIVE HUMIDITY (PERCENT)
 HIGHEST    93           700 AM
 LOWEST     29           100 PM
 AVERAGE    61

..........................................................


THE KNOXVILLE    ASOS CLIMATE NORMALS FOR TODAY
                         NORMAL    RECORD    YEAR
 MAXIMUM TEMPERATURE (F)   88        99      1930
 MINIMUM TEMPERATURE (F)   69        52      1907


SUNRISE AND SUNSET
AUGUST  4 2015........SUNRISE   646 AM EDT   SUNSET   838 PM EDT
AUGUST  5 2015........SUNRISE   647 AM EDT   SUNSET   837 PM EDT


-  INDICATES NEGATIVE NUMBERS.
R  INDICATES RECORD WAS SET OR TIED.
MM INDICATES DATA IS MISSING.
T  INDICATES TRACE AMOUNT.




$$
