000
CDUS44 KMRX 290956
CLITYS

CLIMATE REPORT
NATIONAL WEATHER SERVICE MORRISTOWN TN
456 AM EST MON DEC 29 2014


...................................

...THE KNOXVILLE CLIMATE SUMMARY FOR DECEMBER 28 2014...

CLIMATE NORMAL PERIOD 1981 TO 2010
CLIMATE RECORD PERIOD 1871 TO 2014


WEATHER ITEM   OBSERVED TIME   RECORD YEAR NORMAL DEPARTURE LAST
                VALUE   (LST)  VALUE       VALUE  FROM      YEAR
                                                  NORMAL
..................................................................
TEMPERATURE (F)
 YESTERDAY
  MAXIMUM         52    325 PM  75    1874  47      5       41
  MINIMUM         47   1044 AM   4    1925  30     17       26
  AVERAGE         50                        39     11       34

PRECIPITATION (IN)
  YESTERDAY        0.42          1.81 1915   0.13   0.29     0.58
  MONTH TO DATE    4.04                      4.10  -0.06     7.26
  SINCE DEC 1      4.04                      4.10  -0.06     7.26
  SINCE JAN 1     41.47                     47.46  -5.99    68.38

SNOWFALL (IN)
  YESTERDAY        0.0                       0.0   -0.0      0.0
  MONTH TO DATE    0.0                       0.6   -0.6      0.0
  SINCE DEC 1      0.0                       0.6   -0.6      0.0
  SINCE JUL 1      T                         0.6   -0.6      0.8
  SNOW DEPTH       0

DEGREE DAYS
 HEATING
  YESTERDAY       15                        26    -11       31
  MONTH TO DATE  582                       672    -90      593
  SINCE DEC 1    582                       672    -90      593
  SINCE JUL 1   1408                      1353     55     1283

 COOLING
  YESTERDAY        0                         0      0        0
  MONTH TO DATE    0                         0      0        4
  SINCE DEC 1      0                         0      0        4
  SINCE JAN 1   1486                      1526    -40     1449
..................................................................


WIND (MPH)
  HIGHEST WIND SPEED     9   HIGHEST WIND DIRECTION     N (350)
  HIGHEST GUST SPEED    11   HIGHEST GUST DIRECTION     N (350)
  AVERAGE WIND SPEED     2.1


SKY COVER
  POSSIBLE SUNSHINE  MM
  AVERAGE SKY COVER  MM


WEATHER CONDITIONS
 THE FOLLOWING WEATHER WAS RECORDED YESTERDAY.
  RAIN
  LIGHT RAIN
  FOG


RELATIVE HUMIDITY (PERCENT)
 HIGHEST   100          1000 AM
 LOWEST     80          1200 AM
 AVERAGE    90

..........................................................


THE KNOXVILLE CLIMATE NORMALS FOR TODAY
                         NORMAL    RECORD    YEAR
 MAXIMUM TEMPERATURE (F)   47        71      1954
 MINIMUM TEMPERATURE (F)   30         0      1880


SUNRISE AND SUNSET
DECEMBER 29 2014......SUNRISE   745 AM EST   SUNSET   531 PM EST
DECEMBER 30 2014......SUNRISE   746 AM EST   SUNSET   532 PM EST


-  INDICATES NEGATIVE NUMBERS.
R  INDICATES RECORD WAS SET OR TIED.
MM INDICATES DATA IS MISSING.
T  INDICATES TRACE AMOUNT.




$$
