000
CDUS44 KMRX 290820
CLITYS


CLIMATE REPORT
NATIONAL WEATHER SERVICE MORRISTOWN TN
420 AM EDT SAT APR 29 2017


...................................

...THE KNOXVILLE    ASOS CLIMATE SUMMARY FOR APRIL 28 2017...

CLIMATE NORMAL PERIOD 1981 TO 2010
CLIMATE RECORD PERIOD 1871 TO 2017


WEATHER ITEM   OBSERVED TIME   RECORD YEAR NORMAL DEPARTURE LAST
                VALUE   (LST)  VALUE       VALUE  FROM      YEAR
                                                  NORMAL
..................................................................
TEMPERATURE (F)
 YESTERDAY
  MAXIMUM         83    542 PM  90    1957  74      9       83
  MINIMUM         54    609 AM  35    1928  51      3       63
  AVERAGE         69                        62      7       73

PRECIPITATION (IN)
  YESTERDAY        0.00          2.42 2013   0.14  -0.14     0.04
  MONTH TO DATE    7.61                      3.74   3.87     1.88
  SINCE MAR 1     13.34                      8.08   5.26     4.82
  SINCE JAN 1     19.28                     16.66   2.62    14.70

SNOWFALL (IN)
  YESTERDAY        0.0                       0.0    0.0      0.0
  MONTH TO DATE    T                         0.5   -0.5      0.0
  SINCE MAR 1      T                         1.4   -1.4      0.0
  SINCE JUL 1      2.3                       6.5   -4.2      5.2
  SNOW DEPTH       0

DEGREE DAYS
 HEATING
  YESTERDAY        0                         4     -4        0
  MONTH TO DATE   81                       211   -130      164
  SINCE MAR 1    480                       672   -192      470
  SINCE JUL 1   2539                      3568  -1029     2903

 COOLING
  YESTERDAY        4                         2      2        8
  MONTH TO DATE   70                        29     41       51
  SINCE MAR 1     73                        34     39       66
  SINCE JAN 1     73                        34     39       66
..................................................................


WIND (MPH)
  HIGHEST WIND SPEED    16   HIGHEST WIND DIRECTION    SW (230)
  HIGHEST GUST SPEED    22   HIGHEST GUST DIRECTION    SW (240)
  AVERAGE WIND SPEED     5.9


SKY COVER
  POSSIBLE SUNSHINE  MM
  AVERAGE SKY COVER 0.4


WEATHER CONDITIONS
 THE FOLLOWING WEATHER WAS RECORDED YESTERDAY.
  NO SIGNIFICANT WEATHER WAS OBSERVED.


RELATIVE HUMIDITY (PERCENT)
 HIGHEST    93           200 AM
 LOWEST     51           600 PM
 AVERAGE    72

..........................................................


THE KNOXVILLE    ASOS CLIMATE NORMALS FOR TODAY
                         NORMAL    RECORD    YEAR
 MAXIMUM TEMPERATURE (F)   74        88      1872
 MINIMUM TEMPERATURE (F)   51        33      1992


SUNRISE AND SUNSET
APRIL 29 2017.........SUNRISE   646 AM EDT   SUNSET   821 PM EDT
APRIL 30 2017.........SUNRISE   645 AM EDT   SUNSET   822 PM EDT


-  INDICATES NEGATIVE NUMBERS.
R  INDICATES RECORD WAS SET OR TIED.
MM INDICATES DATA IS MISSING.
T  INDICATES TRACE AMOUNT.




$$
