000
CDUS43 KLOT 200635
CLIUGN


CLIMATE REPORT
NATIONAL WEATHER SERVICE CHICAGO IL
1235 AM CST SAT DEC 20 2014


...................................

...THE WAUKEGAN   CLIMATE SUMMARY FOR DECEMBER 19 2014...

CLIMATE NORMAL PERIOD 1981 TO 2010
CLIMATE RECORD PERIOD 2000 TO 2014


WEATHER ITEM   OBSERVED TIME   RECORD YEAR NORMAL DEPARTURE LAST
                VALUE   (LST)  VALUE       VALUE  FROM      YEAR
                                                  NORMAL
..................................................................
TEMPERATURE (F)
 YESTERDAY
  MAXIMUM         30    314 PM  54    2002  33     -3       36
  MINIMUM         26    826 AM  -2    2005  20      6       27
  AVERAGE         28

PRECIPITATION (IN)
  YESTERDAY        0.00          1.10 2008   0.06  -0.06     0.08
  MONTH TO DATE    0.29                      1.40  -1.11     0.26
  SINCE DEC 1      0.29                      1.40  -1.11     0.26
  SINCE JAN 1     31.67                     34.99  -3.32    28.44

DEGREE DAYS
 HEATING
  YESTERDAY       37                        39     -2       33
  MONTH TO DATE  636                       689    -53      833
  SINCE DEC 1    636                       689    -53      833
  SINCE JUL 1   2299                      2074    225     2345

 COOLING
  YESTERDAY        0                         0      0        0
  MONTH TO DATE    0                         0      0        0
  SINCE DEC 1      0                         0      0        0
  SINCE JAN 1    424                       564   -140      590
..................................................................


WIND (MPH)
  RESULTANT WIND SPEED   2   RESULTANT WIND DIRECTION  NW (310)
  HIGHEST WIND SPEED    10   HIGHEST WIND DIRECTION    SW (210)
  HIGHEST GUST SPEED    12   HIGHEST GUST DIRECTION    SW (210)
  AVERAGE WIND SPEED     2.8


SKY COVER
  POSSIBLE SUNSHINE  MM
  AVERAGE SKY COVER 1.0


WEATHER CONDITIONS
 THE FOLLOWING WEATHER WAS RECORDED YESTERDAY.
  NO SIGNIFICANT WEATHER WAS OBSERVED.


RELATIVE HUMIDITY (PERCENT)
 HIGHEST    81
 LOWEST     69
 AVERAGE    75

..........................................................


THE WAUKEGAN   CLIMATE NORMALS FOR TODAY
                         NORMAL    RECORD    YEAR
 MAXIMUM TEMPERATURE (F)   33        44      2012
 MINIMUM TEMPERATURE (F)   19         0      2000


SUNRISE AND SUNSET
DECEMBER 20 2014......SUNRISE   717 AM CST   SUNSET   421 PM CST
DECEMBER 21 2014......SUNRISE   717 AM CST   SUNSET   422 PM CST


-  INDICATES NEGATIVE NUMBERS.
R  INDICATES RECORD WAS SET OR TIED.
MM INDICATES DATA IS MISSING.
T  INDICATES TRACE AMOUNT.




$$
