897
CDUS43 KLOT 190639
CLIUGN


CLIMATE REPORT
NATIONAL WEATHER SERVICE CHICAGO IL
1237 AM CST THU JAN 19 2017


...................................

...THE WAUKEGAN   CLIMATE SUMMARY FOR JANUARY 18 2017...

CLIMATE NORMAL PERIOD 1981 TO 2010
CLIMATE RECORD PERIOD 2000 TO 2017


WEATHER ITEM   OBSERVED TIME   RECORD YEAR NORMAL DEPARTURE LAST
                VALUE   (LST)  VALUE       VALUE  FROM      YEAR
                                                  NORMAL
..................................................................
TEMPERATURE (F)
 YESTERDAY
  MAXIMUM         36    336 PM  44    2013  30      6        5
  MINIMUM         33   1149 PM  -6    2016  15     18       -6
  AVERAGE         35

PRECIPITATION (IN)
  YESTERDAY        0.00          T    2014   0.04  -0.04     0.00
                                      2014
                                      2015
  MONTH TO DATE    1.58                      0.77   0.81     0.44
  SINCE DEC 1      2.48                      2.77  -0.29     5.24
  SINCE JAN 1      1.58                      0.77   0.81     0.44

DEGREE DAYS
 HEATING
  YESTERDAY       30                        42    -12       65
  MONTH TO DATE  750                       747      3      785
  SINCE DEC 1   1986                      1911     75     1627
  SINCE JUL 1   2873                      3296   -423     2785

 COOLING
  YESTERDAY        0                         0      0        0
  MONTH TO DATE    0                         0      0        0
  SINCE DEC 1      0                         0      0        0
  SINCE JAN 1      0                         0      0        0
..................................................................


WIND (MPH)
  RESULTANT WIND SPEED   7   RESULTANT WIND DIRECTION  SW (230)
  HIGHEST WIND SPEED    22   HIGHEST WIND DIRECTION    SW (220)
  HIGHEST GUST SPEED    26   HIGHEST GUST DIRECTION    SW (220)
  AVERAGE WIND SPEED     9.3


SKY COVER
  POSSIBLE SUNSHINE  MM
  AVERAGE SKY COVER 1.0


WEATHER CONDITIONS
 THE FOLLOWING WEATHER WAS RECORDED YESTERDAY.
  FOG


RELATIVE HUMIDITY (PERCENT)
 HIGHEST   100
 LOWEST     82
 AVERAGE    91

..........................................................


THE WAUKEGAN   CLIMATE NORMALS FOR TODAY
                         NORMAL    RECORD    YEAR
 MAXIMUM TEMPERATURE (F)   30        52      2006
 MINIMUM TEMPERATURE (F)   15        -4      2008


SUNRISE AND SUNSET
JANUARY 19 2017.......SUNRISE   716 AM CST   SUNSET   449 PM CST
JANUARY 20 2017.......SUNRISE   715 AM CST   SUNSET   450 PM CST


-  INDICATES NEGATIVE NUMBERS.
R  INDICATES RECORD WAS SET OR TIED.
MM INDICATES DATA IS MISSING.
T  INDICATES TRACE AMOUNT.




$$
