000
CDUS43 KLOT 250641
CLIUGN


CLIMATE REPORT
NATIONAL WEATHER SERVICE CHICAGO IL
134 AM CDT MON JUL 25 2016


...................................

...THE WAUKEGAN   CLIMATE SUMMARY FOR JULY 24 2016...

CLIMATE NORMAL PERIOD 1981 TO 2010
CLIMATE RECORD PERIOD 2000 TO 2016


WEATHER ITEM   OBSERVED TIME   RECORD YEAR NORMAL DEPARTURE LAST
                VALUE   (LST)  VALUE       VALUE  FROM      YEAR
                                                  NORMAL
..................................................................
TEMPERATURE (F)
 YESTERDAY
  MAXIMUM         94    159 PM 100    2005  80     14       83
  MINIMUM         71    338 AM  49    2000  62      9       59
  AVERAGE         83

PRECIPITATION (IN)
  YESTERDAY        T             1.13 2010   0.12  -0.12     0.00
  MONTH TO DATE    2.92                      3.04  -0.12     4.29
  SINCE JUN 1      4.27                      6.92  -2.65     8.55
  SINCE JAN 1     16.21                     19.78  -3.57    17.95

DEGREE DAYS
 HEATING
  YESTERDAY        0                         0      0        0
  MONTH TO DATE   10                         3      7       45
  SINCE JUN 1     50                        89    -39      148
  SINCE JUL 1     10                         3      7       45

 COOLING
  YESTERDAY       18                         7     11        6
  MONTH TO DATE  210                       165     45       98
  SINCE JUN 1    341                       270     71      152
  SINCE JAN 1    385                       295     90      177
..................................................................


WIND (MPH)
  RESULTANT WIND SPEED  12   RESULTANT WIND DIRECTION   S (200)
  HIGHEST WIND SPEED    32   HIGHEST WIND DIRECTION    SW (210)
  HIGHEST GUST SPEED    40   HIGHEST GUST DIRECTION     S (200)
  AVERAGE WIND SPEED    11.4


SKY COVER
  POSSIBLE SUNSHINE  MM
  AVERAGE SKY COVER 0.2


WEATHER CONDITIONS
 THE FOLLOWING WEATHER WAS RECORDED YESTERDAY.
  THUNDERSTORM
  LIGHT RAIN


RELATIVE HUMIDITY (PERCENT)
 HIGHEST    93
 LOWEST     59
 AVERAGE    76

..........................................................


THE WAUKEGAN   CLIMATE NORMALS FOR TODAY
                         NORMAL    RECORD    YEAR
 MAXIMUM TEMPERATURE (F)   80        97      2012
 MINIMUM TEMPERATURE (F)   62        51      2013


SUNRISE AND SUNSET
JULY 25 2016..........SUNRISE   537 AM CDT   SUNSET   818 PM CDT
JULY 26 2016..........SUNRISE   538 AM CDT   SUNSET   817 PM CDT


-  INDICATES NEGATIVE NUMBERS.
R  INDICATES RECORD WAS SET OR TIED.
MM INDICATES DATA IS MISSING.
T  INDICATES TRACE AMOUNT.




$$
