000
CDUS43 KLOT 160649
CLIUGN


CLIMATE REPORT
NATIONAL WEATHER SERVICE CHICAGO IL
1248 AM CST TUE JAN 16 2018


...................................

...THE WAUKEGAN   CLIMATE SUMMARY FOR JANUARY 15 2018...

CLIMATE NORMAL PERIOD 1981 TO 2010
CLIMATE RECORD PERIOD 2000 TO 2018


WEATHER ITEM   OBSERVED TIME   RECORD YEAR NORMAL DEPARTURE LAST
                VALUE   (LST)  VALUE       VALUE  FROM      YEAR
                                                  NORMAL
..................................................................
TEMPERATURE (F)
 YESTERDAY
  MAXIMUM         27    248 PM  42    2016  30     -3       36
  MINIMUM         17    838 PM -12    2009  15      2       14
  AVERAGE         22                        23     -1       25

PRECIPITATION (IN)
  YESTERDAY        0.11R         0.02 2001   0.04   0.07     0.00
  MONTH TO DATE    0.21                      0.64  -0.43     0.26
  SINCE DEC 1      0.67                      2.64  -1.97     1.16
  SINCE JAN 1      0.21                      0.64  -0.43     0.26

DEGREE DAYS
 HEATING
  YESTERDAY       43                        42      1       40
  MONTH TO DATE  693                       621     72      658
  SINCE DEC 1   1923                      1785    138     1894
  SINCE JUL 1   3153                      3170    -17     2781

 COOLING
  YESTERDAY        0                         0      0        0
  MONTH TO DATE    0                         0      0        0
  SINCE DEC 1      0                         0      0        0
  SINCE JAN 1      0                         0      0        0
..................................................................


WIND (MPH)
  RESULTANT WIND SPEED   7   RESULTANT WIND DIRECTION   S (180)
  HIGHEST WIND SPEED    17   HIGHEST WIND DIRECTION     S (180)
  HIGHEST GUST SPEED    22   HIGHEST GUST DIRECTION     S (180)
  AVERAGE WIND SPEED     8.0


SKY COVER
  POSSIBLE SUNSHINE  MM
  AVERAGE SKY COVER 1.0


WEATHER CONDITIONS
 THE FOLLOWING WEATHER WAS RECORDED YESTERDAY.
  HEAVY SNOW
  SNOW
  LIGHT SNOW
  HAZE


RELATIVE HUMIDITY (PERCENT)
 HIGHEST    80
 LOWEST     68
 AVERAGE    74

..........................................................


THE WAUKEGAN   CLIMATE NORMALS FOR TODAY
                         NORMAL    RECORD    YEAR
 MAXIMUM TEMPERATURE (F)   30        42      2012
                                             2008
 MINIMUM TEMPERATURE (F)   15       -19      2009


SUNRISE AND SUNSET
JANUARY 16 2018.......SUNRISE   718 AM CST   SUNSET   445 PM CST
JANUARY 17 2018.......SUNRISE   717 AM CST   SUNSET   446 PM CST


-  INDICATES NEGATIVE NUMBERS.
R  INDICATES RECORD WAS SET OR TIED.
MM INDICATES DATA IS MISSING.
T  INDICATES TRACE AMOUNT.




$$
