000
CDUS43 KLOT 280636
CLIUGN


CLIMATE REPORT
NATIONAL WEATHER SERVICE CHICAGO IL
135 AM CDT THU AUG 28 2014


...................................

...THE WAUKEGAN   CLIMATE SUMMARY FOR AUGUST 27 2014...

CLIMATE NORMAL PERIOD 1981 TO 2010
CLIMATE RECORD PERIOD 2000 TO 2014


WEATHER ITEM   OBSERVED TIME   RECORD YEAR NORMAL DEPARTURE LAST
                VALUE   (LST)  VALUE       VALUE  FROM      YEAR
                                                  NORMAL
..................................................................
TEMPERATURE (F)
 YESTERDAY
  MAXIMUM         74   1258 PM  96    2013  78     -4       96
  MINIMUM         59   1153 PM  55    2008  60     -1       77
  AVERAGE         67

PRECIPITATION (IN)
  YESTERDAY        0.00          1.23 2009   0.12  -0.12     0.00
  MONTH TO DATE    3.61                      3.39   0.22     1.14
  SINCE JUN 1     12.01                     11.15   0.86     7.76
  SINCE JAN 1     22.85                     24.01  -1.16    21.62

DEGREE DAYS
 HEATING
  YESTERDAY        0                         1     -1        0
  MONTH TO DATE    9                         3      6       12
  SINCE JUN 1    116                       101     15      136
  SINCE JUL 1     43                        15     28       39

 COOLING
  YESTERDAY        2                         5     -3       22
  MONTH TO DATE  133                       152    -19      130
  SINCE JUN 1    317                       462   -145      407
  SINCE JAN 1    340                       487   -147      454
..................................................................


WIND (MPH)
  RESULTANT WIND SPEED   4   RESULTANT WIND DIRECTION  NE (40)
  HIGHEST WIND SPEED    12   HIGHEST WIND DIRECTION    NE (60)
  HIGHEST GUST SPEED    14   HIGHEST GUST DIRECTION    NE (50)
  AVERAGE WIND SPEED     4.7


SKY COVER
  POSSIBLE SUNSHINE  MM
  AVERAGE SKY COVER 0.1


WEATHER CONDITIONS
 THE FOLLOWING WEATHER WAS RECORDED YESTERDAY.
  NO SIGNIFICANT WEATHER WAS OBSERVED.


RELATIVE HUMIDITY (PERCENT)
 HIGHEST    93
 LOWEST     68
 AVERAGE    81

..........................................................


THE WAUKEGAN   CLIMATE NORMALS FOR TODAY
                         NORMAL    RECORD    YEAR
 MAXIMUM TEMPERATURE (F)   78        91      2007
                                             2003
 MINIMUM TEMPERATURE (F)   60        55      2009


SUNRISE AND SUNSET
AUGUST 28 2014........SUNRISE   612 AM CDT   SUNSET   732 PM CDT
AUGUST 29 2014........SUNRISE   613 AM CDT   SUNSET   731 PM CDT


-  INDICATES NEGATIVE NUMBERS.
R  INDICATES RECORD WAS SET OR TIED.
MM INDICATES DATA IS MISSING.
T  INDICATES TRACE AMOUNT.




$$
