000
CDUS43 KLOT 120632
CLIUGN


CLIMATE REPORT
NATIONAL WEATHER SERVICE CHICAGO IL
131 AM CDT SAT JUL 12 2014


...................................

...THE WAUKEGAN   CLIMATE SUMMARY FOR JULY 11 2014...

CLIMATE NORMAL PERIOD 1981 TO 2010
CLIMATE RECORD PERIOD 2000 TO 2014


WEATHER ITEM   OBSERVED TIME   RECORD YEAR NORMAL DEPARTURE LAST
                VALUE   (LST)  VALUE       VALUE  FROM      YEAR
                                                  NORMAL
..................................................................
TEMPERATURE (F)
 YESTERDAY
  MAXIMUM         77   1240 PM  85    2010  81     -4       77
                                      2005
  MINIMUM         56    422 AM  52    2001  63     -7       54
  AVERAGE         67

PRECIPITATION (IN)
  YESTERDAY        T             0.88 2008   0.12  -0.12     0.00
  MONTH TO DATE    0.36                      1.35  -0.99     0.79
  SINCE JUN 1      7.61                      5.23   2.38     5.04
  SINCE JAN 1     18.45                     18.09   0.36    18.90

DEGREE DAYS
 HEATING
  YESTERDAY        0                         0      0        0
  MONTH TO DATE   11                         3      8        5
  SINCE JUN 1     84                        89     -5      102
  SINCE JUL 1     11                         3      8        5

 COOLING
  YESTERDAY        2                         7     -5        1
  MONTH TO DATE   36                        74    -38       56
  SINCE JUN 1    119                       179    -60      146
  SINCE JAN 1    142                       204    -62      193
..................................................................


WIND (MPH)
  RESULTANT WIND SPEED   4   RESULTANT WIND DIRECTION  SE (150)
  HIGHEST WIND SPEED    12   HIGHEST WIND DIRECTION     S (160)
  HIGHEST GUST SPEED    15   HIGHEST GUST DIRECTION     S (160)
  AVERAGE WIND SPEED     4.9


SKY COVER
  POSSIBLE SUNSHINE  MM
  AVERAGE SKY COVER 0.2


WEATHER CONDITIONS
 THE FOLLOWING WEATHER WAS RECORDED YESTERDAY.
  NO SIGNIFICANT WEATHER WAS OBSERVED.


RELATIVE HUMIDITY (PERCENT)
 HIGHEST    86
 LOWEST     46
 AVERAGE    66

..........................................................


THE WAUKEGAN   CLIMATE NORMALS FOR TODAY
                         NORMAL    RECORD    YEAR
 MAXIMUM TEMPERATURE (F)   81        87      2012
 MINIMUM TEMPERATURE (F)   63        49      2013


SUNRISE AND SUNSET
JULY 12 2014..........SUNRISE   525 AM CDT   SUNSET   828 PM CDT
JULY 13 2014..........SUNRISE   526 AM CDT   SUNSET   828 PM CDT


-  INDICATES NEGATIVE NUMBERS.
R  INDICATES RECORD WAS SET OR TIED.
MM INDICATES DATA IS MISSING.
T  INDICATES TRACE AMOUNT.




$$
