000
CDUS43 KLOT 200643
CLIUGN


CLIMATE REPORT
NATIONAL WEATHER SERVICE CHICAGO IL
142 AM CDT MON OCT 20 2014


...................................

...THE WAUKEGAN   CLIMATE SUMMARY FOR OCTOBER 19 2014...

CLIMATE NORMAL PERIOD 1981 TO 2010
CLIMATE RECORD PERIOD 2000 TO 2014


WEATHER ITEM   OBSERVED TIME   RECORD YEAR NORMAL DEPARTURE LAST
                VALUE   (LST)  VALUE       VALUE  FROM      YEAR
                                                  NORMAL
..................................................................
TEMPERATURE (F)
 YESTERDAY
  MAXIMUM         54    313 PM  76    2000  59     -5       52
  MINIMUM         33R   511 AM  34    2002  41     -8       38
  AVERAGE         44

PRECIPITATION (IN)
  YESTERDAY        0.00          0.89 2011   0.09  -0.09     0.02
  MONTH TO DATE    3.46                      1.80   1.66     0.82
  SINCE SEP 1      7.13                      5.26   1.87     3.39
  SINCE JAN 1     30.08                     29.71   0.37    25.23

DEGREE DAYS
 HEATING
  YESTERDAY       21                        15      6       20
  MONTH TO DATE  270                       239     31      191
  SINCE SEP 1    447                       377     70      330
  SINCE JUL 1    490                       405     85      369

 COOLING
  YESTERDAY        0                         0      0        0
  MONTH TO DATE    2                         7     -5        7
  SINCE SEP 1     53                        62     -9      100
  SINCE JAN 1    424                       564   -140      590
..................................................................


WIND (MPH)
  RESULTANT WIND SPEED   8   RESULTANT WIND DIRECTION  SW (210)
  HIGHEST WIND SPEED    21   HIGHEST WIND DIRECTION     S (190)
  HIGHEST GUST SPEED    25   HIGHEST GUST DIRECTION    SW (210)
  AVERAGE WIND SPEED    10.0


SKY COVER
  POSSIBLE SUNSHINE  MM
  AVERAGE SKY COVER 0.1


WEATHER CONDITIONS
 THE FOLLOWING WEATHER WAS RECORDED YESTERDAY.
  NO SIGNIFICANT WEATHER WAS OBSERVED.


RELATIVE HUMIDITY (PERCENT)
 HIGHEST    89
 LOWEST     59
 AVERAGE    74

..........................................................


THE WAUKEGAN   CLIMATE NORMALS FOR TODAY
                         NORMAL    RECORD    YEAR
 MAXIMUM TEMPERATURE (F)   59        82      2003
 MINIMUM TEMPERATURE (F)   41        29      2002


SUNRISE AND SUNSET
OCTOBER 20 2014.......SUNRISE   710 AM CDT   SUNSET   602 PM CDT
OCTOBER 21 2014.......SUNRISE   711 AM CDT   SUNSET   600 PM CDT


-  INDICATES NEGATIVE NUMBERS.
R  INDICATES RECORD WAS SET OR TIED.
MM INDICATES DATA IS MISSING.
T  INDICATES TRACE AMOUNT.




$$
