000
CDUS46 KSEW 110833
CLIUIL


CLIMATE REPORT
NATIONAL WEATHER SERVICE SEATTLE WA
1233 AM PST THU FEB 11 2016


...................................

...THE QUILLAYUTE WA AIRPORT CLIMATE SUMMARY FOR FEBRUARY 10 2016...

CLIMATE NORMAL PERIOD 1981 TO 2010
CLIMATE RECORD PERIOD 1966 TO 2016


WEATHER ITEM   OBSERVED TIME   RECORD YEAR NORMAL DEPARTURE LAST
                VALUE   (LST)  VALUE       VALUE  FROM      YEAR
                                                  NORMAL
..................................................................
TEMPERATURE (F)
 YESTERDAY
  MAXIMUM         54    343 PM  65    1970  49      5       54
  MINIMUM         43   1204 AM  19    1989  35      8       42
  AVERAGE         49                        42      7       48

PRECIPITATION (IN)
  YESTERDAY        0.45          2.22 1990   0.39   0.06     0.01
  MONTH TO DATE    3.51                      3.88  -0.37     6.53
  SINCE OCT 1     63.21                     57.49   5.72    62.81
  SINCE JAN 1     19.23                     18.49   0.74    18.06

DEGREE DAYS
 HEATING
  YESTERDAY       16                        23     -7       17
  MONTH TO DATE  178                       230    -52      148
  SINCE DEC 1   1487                      1721   -234     1368
  SINCE JUL 1   2798                      3435   -637     2602

 COOLING
  YESTERDAY        0                         0      0        0
  MONTH TO DATE    0                         0      0        0
  SINCE DEC 1      0                         0      0        0
  SINCE JAN 1      0                         0      0        0
..................................................................


WIND (MPH)
  RESULTANT WIND SPEED   3   RESULTANT WIND DIRECTION  SE (140)
  HIGHEST WIND SPEED    21   HIGHEST WIND DIRECTION     S (190)
  HIGHEST GUST SPEED    28   HIGHEST GUST DIRECTION     S (190)
  AVERAGE WIND SPEED     5.6


SKY COVER
  AVERAGE SKY COVER 0.9


WEATHER CONDITIONS
 THE FOLLOWING WEATHER WAS RECORDED YESTERDAY.
  RAIN
  LIGHT RAIN
  FOG


RELATIVE HUMIDITY (PERCENT)
 HIGHEST   100           300 AM
 LOWEST     86          1200 AM
 AVERAGE    93

..........................................................


THE QUILLAYUTE WA AIRPORT CLIMATE NORMALS FOR TODAY
                         NORMAL    RECORD    YEAR
 MAXIMUM TEMPERATURE (F)   49        63      1996
                                             1970
 MINIMUM TEMPERATURE (F)   35        22      1978


SUNRISE AND SUNSET
FEBRUARY 11 2016......SUNRISE   732 AM PST   SUNSET   534 PM PST
FEBRUARY 12 2016......SUNRISE   730 AM PST   SUNSET   535 PM PST


-  INDICATES NEGATIVE NUMBERS.
R  INDICATES RECORD WAS SET OR TIED.
MM INDICATES DATA IS MISSING.
T  INDICATES TRACE AMOUNT.




$$
