000
CDUS46 KSEW 220834
CLIUIL


CLIMATE REPORT
NATIONAL WEATHER SERVICE SEATTLE WA
134 AM PDT WED OCT 22 2014


...................................

...THE QUILLAYUTE WA AIRPORT CLIMATE SUMMARY FOR OCTOBER 21 2014...

CLIMATE NORMAL PERIOD 1981 TO 2010
CLIMATE RECORD PERIOD 1966 TO 2014


WEATHER ITEM   OBSERVED TIME   RECORD YEAR NORMAL DEPARTURE LAST
                VALUE   (LST)  VALUE       VALUE  FROM      YEAR
                                                  NORMAL
..................................................................
TEMPERATURE (F)
 YESTERDAY
  MAXIMUM         58    637 PM  75    1998  57      1       73
  MINIMUM         51    525 AM  29    1987  41     10       37
  AVERAGE         55                        49      6       55

PRECIPITATION (IN)
  YESTERDAY        1.88          2.32 1989   0.38   1.50     0.00
  MONTH TO DATE    9.82                      6.30   3.52     2.60
  SINCE OCT 1      9.82                      6.30   3.52     2.60
  SINCE JAN 1     70.22                     66.84   3.38    74.01

DEGREE DAYS
 HEATING
  YESTERDAY       10                        16     -6       10
  MONTH TO DATE  136                       294   -158      262
  SINCE SEP 1    275                       550   -275      381
  SINCE JUL 1    525                       919   -394      553

 COOLING
  YESTERDAY        0                         0      0        0
  MONTH TO DATE    0                         0      0        0
  SINCE SEP 1      7                         2      5       14
  SINCE JAN 1     25                        19      6       39
..................................................................


WIND (MPH)
  RESULTANT WIND SPEED  10   RESULTANT WIND DIRECTION   S (160)
  HIGHEST WIND SPEED    30   HIGHEST WIND DIRECTION     S (160)
  HIGHEST GUST SPEED    45   HIGHEST GUST DIRECTION    SE (140)
  AVERAGE WIND SPEED     9.4


SKY COVER
  AVERAGE SKY COVER 0.9


WEATHER CONDITIONS
 THE FOLLOWING WEATHER WAS RECORDED YESTERDAY.
  THUNDERSTORM
  HEAVY RAIN
  RAIN
  LIGHT RAIN
  FOG


RELATIVE HUMIDITY (PERCENT)
 HIGHEST   100           300 AM
 LOWEST     86          1100 AM
 AVERAGE    93

..........................................................


THE QUILLAYUTE WA AIRPORT CLIMATE NORMALS FOR TODAY
                         NORMAL    RECORD    YEAR
 MAXIMUM TEMPERATURE (F)   56        72      2013
 MINIMUM TEMPERATURE (F)   41        30      1980


SUNRISE AND SUNSET
OCTOBER 22 2014.......SUNRISE   748 AM PDT   SUNSET   617 PM PDT
OCTOBER 23 2014.......SUNRISE   749 AM PDT   SUNSET   615 PM PDT


-  INDICATES NEGATIVE NUMBERS.
R  INDICATES RECORD WAS SET OR TIED.
MM INDICATES DATA IS MISSING.
T  INDICATES TRACE AMOUNT.




$$
