000
CDUS46 KSEW 270831
CLIUIL


CLIMATE REPORT
NATIONAL WEATHER SERVICE SEATTLE WA
1230 AM PST MON FEB 27 2017


...................................

...THE QUILLAYUTE WA AIRPORT CLIMATE SUMMARY FOR FEBRUARY 26 2017...

CLIMATE NORMAL PERIOD 1981 TO 2010
CLIMATE RECORD PERIOD 1966 TO 2017


WEATHER ITEM   OBSERVED TIME   RECORD YEAR NORMAL DEPARTURE LAST
                VALUE   (LST)  VALUE       VALUE  FROM      YEAR
                                                  NORMAL
..................................................................
TEMPERATURE (F)
 YESTERDAY
  MAXIMUM         43    250 PM  73    1992  50     -7       54
  MINIMUM         27   1159 PM  18    1993  35     -8       41
  AVERAGE         35                        43     -8       48

PRECIPITATION (IN)
  YESTERDAY        0.54          1.97 1980   0.36   0.18     0.05
  MONTH TO DATE   11.33                      9.63   1.70    14.80
  SINCE OCT 1     79.54                     63.24  16.30    74.50
  SINCE JAN 1     19.61                     24.24  -4.63    30.52

DEGREE DAYS
 HEATING
  YESTERDAY       30                        22      8       17
  MONTH TO DATE  640                       596     44      451
  SINCE DEC 1   2339                      2087    252     1760
  SINCE JUL 1   3766                      3801    -35     3071

 COOLING
  YESTERDAY        0                         0      0        0
  MONTH TO DATE    0                         0      0        0
  SINCE DEC 1      0                         0      0        0
  SINCE JAN 1      0                         0      0        0
..................................................................


WIND (MPH)
  RESULTANT WIND SPEED   7   RESULTANT WIND DIRECTION  NE (50)
  HIGHEST WIND SPEED    22   HIGHEST WIND DIRECTION    NE (50)
  HIGHEST GUST SPEED    29   HIGHEST GUST DIRECTION    NE (50)
  AVERAGE WIND SPEED     7.6


SKY COVER
  AVERAGE SKY COVER 0.6


WEATHER CONDITIONS
 THE FOLLOWING WEATHER WAS RECORDED YESTERDAY.
  LIGHT RAIN
  LIGHT SNOW
  FOG


RELATIVE HUMIDITY (PERCENT)
 HIGHEST   100          1200 AM
 LOWEST     62           400 PM
 AVERAGE    81

..........................................................


THE QUILLAYUTE WA AIRPORT CLIMATE NORMALS FOR TODAY
                         NORMAL    RECORD    YEAR
 MAXIMUM TEMPERATURE (F)   50        69      1968
 MINIMUM TEMPERATURE (F)   35        24      2003
                                             2001
                                             1971


SUNRISE AND SUNSET
FEBRUARY 27 2017......SUNRISE   702 AM PST   SUNSET   600 PM PST
FEBRUARY 28 2017......SUNRISE   700 AM PST   SUNSET   602 PM PST


-  INDICATES NEGATIVE NUMBERS.
R  INDICATES RECORD WAS SET OR TIED.
MM INDICATES DATA IS MISSING.
T  INDICATES TRACE AMOUNT.




$$
