000
CDUS46 KSEW 170843
CLIUIL


CLIMATE REPORT
NATIONAL WEATHER SERVICE SEATTLE WA
1242 AM PST TUE JAN 17 2017


...................................

...THE QUILLAYUTE WA AIRPORT CLIMATE SUMMARY FOR JANUARY 16 2017...

CLIMATE NORMAL PERIOD 1981 TO 2010
CLIMATE RECORD PERIOD 1966 TO 2017


WEATHER ITEM   OBSERVED TIME   RECORD YEAR NORMAL DEPARTURE LAST
                VALUE   (LST)  VALUE       VALUE  FROM      YEAR
                                                  NORMAL
..................................................................
TEMPERATURE (F)
 YESTERDAY
  MAXIMUM         53   1159 PM  60    2014  47      6       53
  MINIMUM         33    216 AM  18    1984  36     -3       45
  AVERAGE         43                        42      1       49

PRECIPITATION (IN)
  YESTERDAY        0.08          2.51 1982   0.50  -0.42     0.73
  MONTH TO DATE    1.39                      7.76  -6.37     4.63
  SINCE OCT 1     61.32                     46.76  14.56    48.61
  SINCE JAN 1      1.39                      7.76  -6.37     4.63

DEGREE DAYS
 HEATING
  YESTERDAY       22                        23     -1       16
  MONTH TO DATE  497                       380    117      375
  SINCE DEC 1   1358                      1144    214     1043
  SINCE JUL 1   2785                      2858    -73     2354

 COOLING
  YESTERDAY        0                         0      0        0
  MONTH TO DATE    0                         0      0        0
  SINCE DEC 1      0                         0      0        0
  SINCE JAN 1      0                         0      0        0
..................................................................


WIND (MPH)
  RESULTANT WIND SPEED   4   RESULTANT WIND DIRECTION   E (110)
  HIGHEST WIND SPEED    18   HIGHEST WIND DIRECTION     S (170)
  HIGHEST GUST SPEED    30   HIGHEST GUST DIRECTION    SE (140)
  AVERAGE WIND SPEED     5.3


SKY COVER
  AVERAGE SKY COVER 1.0


WEATHER CONDITIONS
 THE FOLLOWING WEATHER WAS RECORDED YESTERDAY.
  LIGHT RAIN


RELATIVE HUMIDITY (PERCENT)
 HIGHEST    89           300 AM
 LOWEST     30           400 PM
 AVERAGE    60

..........................................................


THE QUILLAYUTE WA AIRPORT CLIMATE NORMALS FOR TODAY
                         NORMAL    RECORD    YEAR
 MAXIMUM TEMPERATURE (F)   47        64      2014
 MINIMUM TEMPERATURE (F)   36        15      1984


SUNRISE AND SUNSET
JANUARY 17 2017.......SUNRISE   801 AM PST   SUNSET   456 PM PST
JANUARY 18 2017.......SUNRISE   800 AM PST   SUNSET   458 PM PST


-  INDICATES NEGATIVE NUMBERS.
R  INDICATES RECORD WAS SET OR TIED.
MM INDICATES DATA IS MISSING.
T  INDICATES TRACE AMOUNT.




$$
