000
CDUS46 KSEW 250840
CLIUIL


CLIMATE REPORT
NATIONAL WEATHER SERVICE SEATTLE WA
139 AM PDT WED MAY 25 2016


...................................

...THE QUILLAYUTE WA AIRPORT CLIMATE SUMMARY FOR MAY 24 2016...

CLIMATE NORMAL PERIOD 1981 TO 2010
CLIMATE RECORD PERIOD 1966 TO 2016


WEATHER ITEM   OBSERVED TIME   RECORD YEAR NORMAL DEPARTURE LAST
                VALUE   (LST)  VALUE       VALUE  FROM      YEAR
                                                  NORMAL
..................................................................
TEMPERATURE (F)
 YESTERDAY
  MAXIMUM         60    235 PM  83    1993  61     -1       58
  MINIMUM         45   1058 PM  33    2000  45      0       49
  AVERAGE         53                        53      0       54

PRECIPITATION (IN)
  YESTERDAY        T             2.83 1974   0.15  -0.15     0.01
  MONTH TO DATE    0.29                      4.05  -3.76     0.66
  SINCE OCT 1     93.78                     86.69   7.09    86.14
  SINCE JAN 1     49.80                     47.69   2.11    41.39

DEGREE DAYS
 HEATING
  YESTERDAY       12                        12      0       11
  MONTH TO DATE  267                       342    -75      294
  SINCE MAR 1   1183                      1539   -356     1353
  SINCE JUL 1   4306                      5384  -1078     4263

 COOLING
  YESTERDAY        0                         0      0        0
  MONTH TO DATE    0                         0      0        0
  SINCE MAR 1      0                         0      0        0
  SINCE JAN 1      0                         0      0        0
..................................................................


WIND (MPH)
  RESULTANT WIND SPEED   3   RESULTANT WIND DIRECTION   W (270)
  HIGHEST WIND SPEED    13   HIGHEST WIND DIRECTION    SW (240)
  HIGHEST GUST SPEED    17   HIGHEST GUST DIRECTION     W (260)
  AVERAGE WIND SPEED     4.2


SKY COVER
  AVERAGE SKY COVER 0.9


WEATHER CONDITIONS
 THE FOLLOWING WEATHER WAS RECORDED YESTERDAY.
  LIGHT RAIN
  FOG


RELATIVE HUMIDITY (PERCENT)
 HIGHEST   100          1100 PM
 LOWEST     62           300 PM
 AVERAGE    81

..........................................................


THE QUILLAYUTE WA AIRPORT CLIMATE NORMALS FOR TODAY
                         NORMAL    RECORD    YEAR
 MAXIMUM TEMPERATURE (F)   61        78      2005
 MINIMUM TEMPERATURE (F)   45        32      1972


SUNRISE AND SUNSET
MAY 25 2016...........SUNRISE   528 AM PDT   SUNSET   903 PM PDT
MAY 26 2016...........SUNRISE   527 AM PDT   SUNSET   904 PM PDT


-  INDICATES NEGATIVE NUMBERS.
R  INDICATES RECORD WAS SET OR TIED.
MM INDICATES DATA IS MISSING.
T  INDICATES TRACE AMOUNT.




$$
