000
CDUS46 KSEW 260826
CLIUIL


CLIMATE REPORT
NATIONAL WEATHER SERVICE SEATTLE WA
126 AM PDT TUE MAY 26 2015


...................................

...THE QUILLAYUTE WA AIRPORT CLIMATE SUMMARY FOR MAY 25 2015...

CLIMATE NORMAL PERIOD 1981 TO 2010
CLIMATE RECORD PERIOD 1966 TO 2015


WEATHER ITEM   OBSERVED TIME   RECORD YEAR NORMAL DEPARTURE LAST
                VALUE   (LST)  VALUE       VALUE  FROM      YEAR
                                                  NORMAL
..................................................................
TEMPERATURE (F)
 YESTERDAY
  MAXIMUM         57    300 PM  78    2005  61     -4       57
  MINIMUM         50   1157 PM  32    1972  45      5       47
  AVERAGE         54                        53      1       52

PRECIPITATION (IN)
  YESTERDAY        0.01          1.79 1984   0.15  -0.14     0.16
  MONTH TO DATE    0.67                      4.20  -3.53     3.65
  SINCE OCT 1     86.15                     86.84  -0.69    69.16
  SINCE JAN 1     41.40                     47.84  -6.44    51.93

DEGREE DAYS
 HEATING
  YESTERDAY       11                        12     -1       13
  MONTH TO DATE  305                       354    -49      248
  SINCE MAR 1   1364                      1551   -187     1336
  SINCE JUL 1   4274                      5396  -1122     4530

 COOLING
  YESTERDAY        0                         0      0        0
  MONTH TO DATE    0                         0      0        2
  SINCE MAR 1      0                         0      0        4
  SINCE JAN 1      0                         0      0        4
..................................................................


WIND (MPH)
  RESULTANT WIND SPEED   3   RESULTANT WIND DIRECTION   S (190)
  HIGHEST WIND SPEED    10   HIGHEST WIND DIRECTION    SW (220)
  HIGHEST GUST SPEED    16   HIGHEST GUST DIRECTION    SW (210)
  AVERAGE WIND SPEED     3.7


SKY COVER
  AVERAGE SKY COVER 1.0


WEATHER CONDITIONS
 THE FOLLOWING WEATHER WAS RECORDED YESTERDAY.
  LIGHT RAIN
  FOG


RELATIVE HUMIDITY (PERCENT)
 HIGHEST   100          1200 AM
 LOWEST     86           300 PM
 AVERAGE    93

..........................................................


THE QUILLAYUTE WA AIRPORT CLIMATE NORMALS FOR TODAY
                         NORMAL    RECORD    YEAR
 MAXIMUM TEMPERATURE (F)   61        86      2005
 MINIMUM TEMPERATURE (F)   45        34      1998


SUNRISE AND SUNSET
MAY 26 2015...........SUNRISE   528 AM PDT   SUNSET   903 PM PDT
MAY 27 2015...........SUNRISE   527 AM PDT   SUNSET   904 PM PDT


-  INDICATES NEGATIVE NUMBERS.
R  INDICATES RECORD WAS SET OR TIED.
MM INDICATES DATA IS MISSING.
T  INDICATES TRACE AMOUNT.




$$
