000
CDUS46 KSEW 280828
CLIUIL


CLIMATE REPORT
NATIONAL WEATHER SERVICE SEATTLE WA
127 AM PDT WED SEP 28 2016


...................................

...THE QUILLAYUTE WA AIRPORT CLIMATE SUMMARY FOR SEPTEMBER 27 2016...

CLIMATE NORMAL PERIOD 1981 TO 2010
CLIMATE RECORD PERIOD 1966 TO 2016


WEATHER ITEM   OBSERVED TIME   RECORD YEAR NORMAL DEPARTURE LAST
                VALUE   (LST)  VALUE       VALUE  FROM      YEAR
                                                  NORMAL
..................................................................
TEMPERATURE (F)
 YESTERDAY
  MAXIMUM         66    153 PM  87    2003  64      2       66
  MINIMUM         47   1159 PM  28    1972  45      2       36
  AVERAGE         57                        54      3       51

PRECIPITATION (IN)
  YESTERDAY        0.02          1.26 2010   0.17  -0.15     0.00
  MONTH TO DATE    4.18                      3.29   0.89     6.22
  SINCE OCT 1    106.35                     99.01   7.34    97.59
  SINCE JAN 1     62.37                     60.01   2.36    52.84

DEGREE DAYS
 HEATING
  YESTERDAY        8                        11     -3       14
  MONTH TO DATE  225                       223      2      214
  SINCE SEP 1    225                       223      2      214
  SINCE JUL 1    501                       592    -91      371

 COOLING
  YESTERDAY        0                         0      0        0
  MONTH TO DATE    0                         0      0        0
  SINCE SEP 1      0                         0      0        0
  SINCE JAN 1     54                        17     37       56
..................................................................


WIND (MPH)
  RESULTANT WIND SPEED   4   RESULTANT WIND DIRECTION   N (340)
  HIGHEST WIND SPEED    15   HIGHEST WIND DIRECTION    NW (330)
  HIGHEST GUST SPEED    19   HIGHEST GUST DIRECTION     N (360)
  AVERAGE WIND SPEED     5.3


SKY COVER
  AVERAGE SKY COVER 0.5


WEATHER CONDITIONS
 THE FOLLOWING WEATHER WAS RECORDED YESTERDAY.
  LIGHT RAIN
  FOG


RELATIVE HUMIDITY (PERCENT)
 HIGHEST    93           100 AM
 LOWEST     63           200 PM
 AVERAGE    78

..........................................................


THE QUILLAYUTE WA AIRPORT CLIMATE NORMALS FOR TODAY
                         NORMAL    RECORD    YEAR
 MAXIMUM TEMPERATURE (F)   64        86      1989
 MINIMUM TEMPERATURE (F)   45        30      1983


SUNRISE AND SUNSET
SEPTEMBER 28 2016.....SUNRISE   714 AM PDT   SUNSET   702 PM PDT
SEPTEMBER 29 2016.....SUNRISE   715 AM PDT   SUNSET   700 PM PDT


-  INDICATES NEGATIVE NUMBERS.
R  INDICATES RECORD WAS SET OR TIED.
MM INDICATES DATA IS MISSING.
T  INDICATES TRACE AMOUNT.




$$
