000
CDUS46 KSEW 190831
CLIUIL


CLIMATE REPORT
NATIONAL WEATHER SERVICE SEATTLE WA
131 AM PDT THU OCT 19 2017


...................................

...THE QUILLAYUTE WA AIRPORT CLIMATE SUMMARY FOR OCTOBER 18 2017...

CLIMATE NORMAL PERIOD 1981 TO 2010
CLIMATE RECORD PERIOD 1966 TO 2017


WEATHER ITEM   OBSERVED TIME   RECORD YEAR NORMAL DEPARTURE LAST
                VALUE   (LST)  VALUE       VALUE  FROM      YEAR
                                                  NORMAL
..................................................................
TEMPERATURE (F)
 YESTERDAY
  MAXIMUM         57    221 PM  79    1978  58     -1       59
  MINIMUM         44    307 AM  29    1987  41      3       48
                                      1982
  AVERAGE         51                        50      1       54

PRECIPITATION (IN)
  YESTERDAY        2.93R         1.79 1975   0.36   2.57     0.68
  MONTH TO DATE    4.97                      5.18  -0.21    14.87
  SINCE OCT 1      4.97                      5.18  -0.21    14.87
  SINCE JAN 1     76.36                     65.72  10.64    77.24

DEGREE DAYS
 HEATING
  YESTERDAY       14                        16     -2       11
  MONTH TO DATE  277                       246     31      224
  SINCE SEP 1    468                       502    -34      489
  SINCE JUL 1    774                       871    -97      765

 COOLING
  YESTERDAY        0                         0      0        0
  MONTH TO DATE    0                         0      0        0
  SINCE SEP 1     20                         2     18        0
  SINCE JAN 1     73                        19     54       54
..................................................................


WIND (MPH)
  RESULTANT WIND SPEED  11   RESULTANT WIND DIRECTION   S (180)
  HIGHEST WIND SPEED    26   HIGHEST WIND DIRECTION     S (190)
  HIGHEST GUST SPEED    45   HIGHEST GUST DIRECTION     S (190)
  AVERAGE WIND SPEED    12.4


SKY COVER
  AVERAGE SKY COVER 0.9


WEATHER CONDITIONS
 THE FOLLOWING WEATHER WAS RECORDED YESTERDAY.
  HEAVY RAIN
  RAIN
  LIGHT RAIN
  FOG


RELATIVE HUMIDITY (PERCENT)
 HIGHEST   100          1000 AM
 LOWEST     71           400 AM
 AVERAGE    86

..........................................................


THE QUILLAYUTE WA AIRPORT CLIMATE NORMALS FOR TODAY
                         NORMAL    RECORD    YEAR
 MAXIMUM TEMPERATURE (F)   57        71      1976
 MINIMUM TEMPERATURE (F)   41        29      1976


SUNRISE AND SUNSET
OCTOBER 19 2017.......SUNRISE   744 AM PDT   SUNSET   621 PM PDT
OCTOBER 20 2017.......SUNRISE   745 AM PDT   SUNSET   620 PM PDT


-  INDICATES NEGATIVE NUMBERS.
R  INDICATES RECORD WAS SET OR TIED.
MM INDICATES DATA IS MISSING.
T  INDICATES TRACE AMOUNT.




$$
