000
CDUS43 KLSX 051159
CLIUIN


CLIMATE REPORT
NATIONAL WEATHER SERVICE ST LOUIS MO
648 AM CDT SAT SEP 5 2015


...................................

...THE QUINCY IL CLIMATE SUMMARY FOR SEPTEMBER 4 2015...

CLIMATE NORMAL PERIOD 1981 TO 2010
CLIMATE RECORD PERIOD 1901 TO 2015


WEATHER ITEM   OBSERVED TIME   RECORD YEAR NORMAL DEPARTURE LAST
                VALUE   (LST)  VALUE       VALUE  FROM      YEAR
                                                  NORMAL
..................................................................
TEMPERATURE (F)
 YESTERDAY
  MAXIMUM         94    123 PM 105    1913  82     12       MM
  MINIMUM         70    524 AM  41    1974  60     10       MM
                                      1902
  AVERAGE         82                        71     11

PRECIPITATION (IN)
  YESTERDAY        0.00          3.31 1926   0.11  -0.11    MM
  MONTH TO DATE    0.00                      0.44  -0.44     0.03
  SINCE SEP 1      0.00                      0.44  -0.44     0.03
  SINCE JAN 1     28.76                     26.19   2.57    25.65

DEGREE DAYS
 HEATING
  YESTERDAY        0                         1     -1
  MONTH TO DATE    0                         3     -3
  SINCE SEP 1      0                         3     -3
  SINCE JUL 1      4                         8     -4

 COOLING
  YESTERDAY       17                         7     10
  MONTH TO DATE   66                        28     38
  SINCE SEP 1     66                        28     38
  SINCE JAN 1   1020                       981     39
..................................................................


WIND (MPH)
  HIGHEST WIND SPEED    10   HIGHEST WIND DIRECTION     S (180)
  HIGHEST GUST SPEED    14   HIGHEST GUST DIRECTION     S (200)
  AVERAGE WIND SPEED     5.7


SKY COVER
  AVERAGE SKY COVER 0.1



RELATIVE HUMIDITY (PERCENT)
 HIGHEST    90           300 AM
 LOWEST     41           100 PM
 AVERAGE    66

..........................................................


THE QUINCY IL CLIMATE NORMALS FOR TODAY
                         NORMAL    RECORD    YEAR
 MAXIMUM TEMPERATURE (F)   81       100      1925
 MINIMUM TEMPERATURE (F)   60        45      1974
                                             1950


SUNRISE AND SUNSET
SEPTEMBER  5 2015.....SUNRISE   636 AM CDT   SUNSET   730 PM CDT
SEPTEMBER  6 2015.....SUNRISE   637 AM CDT   SUNSET   729 PM CDT


-  INDICATES NEGATIVE NUMBERS.
R  INDICATES RECORD WAS SET OR TIED.
MM INDICATES DATA IS MISSING.
T  INDICATES TRACE AMOUNT.




$$
