000
CDUS43 KLSX 230733
CLIUIN


CLIMATE REPORT
NATIONAL WEATHER SERVICE ST LOUIS MO
232 AM CDT SUN JUL 23 2017


...................................

...THE QUINCY IL CLIMATE SUMMARY FOR JULY 22 2017...

CLIMATE NORMAL PERIOD 1981 TO 2010
CLIMATE RECORD PERIOD 1901 TO 2017


WEATHER ITEM   OBSERVED TIME   RECORD YEAR NORMAL DEPARTURE LAST
                VALUE   (LST)  VALUE       VALUE  FROM      YEAR
                                                  NORMAL
..................................................................
TEMPERATURE (F)
 YESTERDAY
  MAXIMUM         98    338 PM 111    1901  86     12       90
  MINIMUM         72    755 AM  50    1947  66      6       70
  AVERAGE         85                        76      9

PRECIPITATION (IN)
  YESTERDAY        0.02          4.62 1951   0.13  -0.11     0.86
  MONTH TO DATE    0.58                      2.94  -2.36     5.25
  SINCE JUN 1      4.01                      6.93  -2.92     6.27
  SINCE JAN 1     20.79                     21.02  -0.23    14.95

DEGREE DAYS
 HEATING
  YESTERDAY        0                         0      0
  MONTH TO DATE    0                         0      0
  SINCE JUN 1      4                        16    -12
  SINCE JUL 1      0                         0      0

 COOLING
  YESTERDAY       20                        11      9
  MONTH TO DATE  325                       242     83
  SINCE JUN 1    596                       469    127
  SINCE JAN 1    705                       555    150
..................................................................


WIND (MPH)
  HIGHEST WIND SPEED    28   HIGHEST WIND DIRECTION     E (110)
  HIGHEST GUST SPEED    35   HIGHEST GUST DIRECTION    NE (40)
  AVERAGE WIND SPEED    10.1


SKY COVER
  AVERAGE SKY COVER 0.2



RELATIVE HUMIDITY (PERCENT)
 HIGHEST    94          1100 PM
 LOWEST     48           400 PM
 AVERAGE    71

..........................................................


THE QUINCY IL CLIMATE NORMALS FOR TODAY
                         NORMAL    RECORD    YEAR
 MAXIMUM TEMPERATURE (F)   86       112      1934
 MINIMUM TEMPERATURE (F)   66        53      1947
                                             1904


SUNRISE AND SUNSET
JULY 23 2017..........SUNRISE   556 AM CDT   SUNSET   827 PM CDT
JULY 24 2017..........SUNRISE   556 AM CDT   SUNSET   826 PM CDT


-  INDICATES NEGATIVE NUMBERS.
R  INDICATES RECORD WAS SET OR TIED.
MM INDICATES DATA IS MISSING.
T  INDICATES TRACE AMOUNT.




$$
