000
CDUS43 KLSX 240727
CLIUIN


CLIMATE REPORT
NATIONAL WEATHER SERVICE ST LOUIS MO
226 AM CDT FRI OCT 24 2014


...................................

...THE QUINCY IL CLIMATE SUMMARY FOR OCTOBER 23 2014...

CLIMATE NORMAL PERIOD 1981 TO 2010
CLIMATE RECORD PERIOD 1901 TO 2014


WEATHER ITEM   OBSERVED TIME   RECORD YEAR NORMAL DEPARTURE LAST
                VALUE   (LST)  VALUE       VALUE  FROM      YEAR
                                                  NORMAL
..................................................................
TEMPERATURE (F)
 YESTERDAY
  MAXIMUM         60   1232 PM  86    1939  63     -3       47
  MINIMUM         43   1223 AM  23    1981  42      1       34
  AVERAGE         52                        53     -1

PRECIPITATION (IN)
  YESTERDAY        0.01          1.34 1957   0.10  -0.09      T
  MONTH TO DATE    6.00                      2.25   3.75     0.69
  SINCE SEP 1     12.27                      5.55   6.72     2.49
  SINCE JAN 1     37.89                     31.30   6.59    30.59

DEGREE DAYS
 HEATING
  YESTERDAY       13                        13      0
  MONTH TO DATE  235                       222     13
  SINCE SEP 1    322                       304     18
  SINCE JUL 1    327                       309     18

 COOLING
  YESTERDAY        0                         0      0
  MONTH TO DATE    0                        14    -14
  SINCE SEP 1     87                       137    -50
  SINCE JAN 1   1016                      1090    -74
..................................................................


WIND (MPH)
  HIGHEST WIND SPEED    17   HIGHEST WIND DIRECTION     S (180)
  HIGHEST GUST SPEED    24   HIGHEST GUST DIRECTION     S (190)
  AVERAGE WIND SPEED     8.3


SKY COVER
  AVERAGE SKY COVER 0.5



RELATIVE HUMIDITY (PERCENT)
 HIGHEST    89           800 PM
 LOWEST     62           100 PM
 AVERAGE    76

..........................................................


THE QUINCY IL CLIMATE NORMALS FOR TODAY
                         NORMAL    RECORD    YEAR
 MAXIMUM TEMPERATURE (F)   62        84      1940
 MINIMUM TEMPERATURE (F)   42        23      1981


SUNRISE AND SUNSET
OCTOBER 24 2014.......SUNRISE   725 AM CDT   SUNSET   612 PM CDT
OCTOBER 25 2014.......SUNRISE   726 AM CDT   SUNSET   611 PM CDT


-  INDICATES NEGATIVE NUMBERS.
R  INDICATES RECORD WAS SET OR TIED.
MM INDICATES DATA IS MISSING.
T  INDICATES TRACE AMOUNT.




$$
