000
CDUS43 KLSX 280741
CLIUIN


CLIMATE REPORT
NATIONAL WEATHER SERVICE ST LOUIS MO
241 AM CDT SUN MAY 28 2017


...................................

...THE QUINCY IL CLIMATE SUMMARY FOR MAY 27 2017...

CLIMATE NORMAL PERIOD 1981 TO 2010
CLIMATE RECORD PERIOD 1901 TO 2017


WEATHER ITEM   OBSERVED TIME   RECORD YEAR NORMAL DEPARTURE LAST
                VALUE   (LST)  VALUE       VALUE  FROM      YEAR
                                                  NORMAL
..................................................................
TEMPERATURE (F)
 YESTERDAY
  MAXIMUM         77    317 PM  94    1911  76      1       80
  MINIMUM         56    509 AM  34    1907  56      0       64
  AVERAGE         67                        66      1

PRECIPITATION (IN)
  YESTERDAY        0.00          2.75 1973   0.16  -0.16     0.65
  MONTH TO DATE    4.71                      3.92   0.79     3.64
  SINCE MAR 1     14.70                     10.07   4.63     8.06
  SINCE JAN 1     16.75                     13.47   3.28     8.68

DEGREE DAYS
 HEATING
  YESTERDAY        0                         2     -2
  MONTH TO DATE  122                       128     -6
  SINCE MAR 1    992                      1216   -224
  SINCE JUL 1   4433                      5558  -1125

 COOLING
  YESTERDAY        2                         3     -1
  MONTH TO DATE   69                        51     18
  SINCE MAR 1    101                        69     32
  SINCE JAN 1    101                        69     32
..................................................................


WIND (MPH)
  HIGHEST WIND SPEED    31   HIGHEST WIND DIRECTION    SE (120)
  HIGHEST GUST SPEED    36   HIGHEST GUST DIRECTION    SE (120)
  AVERAGE WIND SPEED     5.5


SKY COVER
  AVERAGE SKY COVER 0.2



RELATIVE HUMIDITY (PERCENT)
 HIGHEST   100           500 AM
 LOWEST     56           300 PM
 AVERAGE    78

..........................................................


THE QUINCY IL CLIMATE NORMALS FOR TODAY
                         NORMAL    RECORD    YEAR
 MAXIMUM TEMPERATURE (F)   76        94      1914
 MINIMUM TEMPERATURE (F)   57        38      1992
                                             1907


SUNRISE AND SUNSET
MAY 28 2017...........SUNRISE   540 AM CDT   SUNSET   825 PM CDT
MAY 29 2017...........SUNRISE   539 AM CDT   SUNSET   825 PM CDT


-  INDICATES NEGATIVE NUMBERS.
R  INDICATES RECORD WAS SET OR TIED.
MM INDICATES DATA IS MISSING.
T  INDICATES TRACE AMOUNT.




$$
