000
CDUS46 KEKA 201222
CLIUKI


CLIMATE REPORT
NATIONAL WEATHER SERVICE EUREKA CA
522 AM PDT WED AUG 20 2014


...................................

...THE UKIAH CA CLIMATE SUMMARY FOR AUGUST 19 2014...

CLIMATE NORMAL PERIOD 1981 TO 2010
CLIMATE RECORD PERIOD 1903 TO 2014


WEATHER ITEM   OBSERVED TIME   RECORD YEAR NORMAL DEPARTURE LAST
                VALUE   (LST)  VALUE       VALUE  FROM      YEAR
                                                  NORMAL
..................................................................
TEMPERATURE (F)
 YESTERDAY
  MAXIMUM         90    439 PM 109    1950  91     -1       98
  MINIMUM         56    541 AM  40    1910  53      3       65
  AVERAGE         73                        72      1       82

PRECIPITATION (IN)
  YESTERDAY        0.00          0.29 1968   0.00   0.00     0.00
  MONTH TO DATE    0.01                      0.01   0.00     0.00
  SINCE JUL 1      0.01                      0.05  -0.04     0.03
  SINCE JAN 1     16.64                     23.43  -6.79     5.61

SNOWFALL (IN)
  YESTERDAY        0.0          MM      MM  MM     MM        0.0
  MONTH TO DATE    0.0                      MM     MM        0.0
  SINCE JUN 1      0.0                      MM     MM        0.0
  SINCE JUL 1      0.0                      MM     MM        0.0
  SNOW DEPTH       0

DEGREE DAYS
 HEATING
  YESTERDAY        0                         0      0        0
  MONTH TO DATE    0                         0      0        0
  SINCE JUN 1      2                        33    -31       18
  SINCE JUL 1      0                         1     -1        0

 COOLING
  YESTERDAY        8                         7      1       17
  MONTH TO DATE  191                       158     33      157
  SINCE JUN 1    795                       549    246      706
  SINCE JAN 1    884                       601    283      765
..................................................................


WIND (MPH)
  HIGHEST WIND SPEED    14   HIGHEST WIND DIRECTION    SE (130)
  HIGHEST GUST SPEED    18   HIGHEST GUST DIRECTION    SE (150)
  AVERAGE WIND SPEED     5.9


SKY COVER
  AVERAGE SKY COVER 0.1


WEATHER CONDITIONS
 THE FOLLOWING WEATHER WAS RECORDED YESTERDAY.
  NO SIGNIFICANT WEATHER WAS OBSERVED.


RELATIVE HUMIDITY (PERCENT)
 HIGHEST    93
 LOWEST     30
 AVERAGE    62

..........................................................


THE UKIAH CA CLIMATE NORMALS FOR TODAY
                         NORMAL    RECORD    YEAR
 MAXIMUM TEMPERATURE (F)   91       111      1950
 MINIMUM TEMPERATURE (F)   53        40      1910


SUNRISE AND SUNSET
AUGUST 20 2014........SUNRISE   631 AM PDT   SUNSET   801 PM PDT
AUGUST 21 2014........SUNRISE   632 AM PDT   SUNSET   800 PM PDT


-  INDICATES NEGATIVE NUMBERS.
R  INDICATES RECORD WAS SET OR TIED.
MM INDICATES DATA IS MISSING.
T  INDICATES TRACE AMOUNT.




$$
