000
CDUS46 KEKA 301210
CLIUKI


CLIMATE REPORT
NATIONAL WEATHER SERVICE EUREKA CA
508 AM PDT TUE AUG 30 2016


...................................

...THE UKIAH CA CLIMATE SUMMARY FOR AUGUST 29 2016...

CLIMATE NORMAL PERIOD 1981 TO 2010
CLIMATE RECORD PERIOD 1903 TO 2016


WEATHER ITEM   OBSERVED TIME   RECORD YEAR NORMAL DEPARTURE LAST
                VALUE   (LST)  VALUE       VALUE  FROM      YEAR
                                                  NORMAL
..................................................................
TEMPERATURE (F)
 YESTERDAY
  MAXIMUM         83    146 PM 107    1924  90     -7       83
  MINIMUM         52    613 AM  40    1921  53     -1       60
  AVERAGE         68                        71     -3       72

PRECIPITATION (IN)
  YESTERDAY        0.00          0.14 1953   0.01  -0.01     0.01
  MONTH TO DATE    0.00                      0.08  -0.08     0.01
  SINCE OCT 1     36.52                     36.88  -0.36    26.01
  SINCE JAN 1     24.31                     23.50   0.81     8.24

SNOWFALL (IN)
  YESTERDAY        0.0          MM      MM  MM     MM        0.0
  MONTH TO DATE    0.0                      MM     MM        0.0
  SINCE JUN 1      0.0                      MM     MM        0.0
  SINCE JUL 1      0.0                      MM     MM        0.0
  SNOW DEPTH       0

DEGREE DAYS
 HEATING
  YESTERDAY        0                         0      0        0
  MONTH TO DATE    0                         0      0        2
  SINCE JUN 1     22                        33    -11        7
  SINCE JUL 1      0                         1     -1        3

 COOLING
  YESTERDAY        3                         6     -3        7
  MONTH TO DATE  269                       227     42      256
  SINCE JUN 1    752                       618    134      870
  SINCE JAN 1    817                       670    147      918
..................................................................


WIND (MPH)
  HIGHEST WIND SPEED    13   HIGHEST WIND DIRECTION    NE (30)
  HIGHEST GUST SPEED    17   HIGHEST GUST DIRECTION     N (10)
  AVERAGE WIND SPEED     4.3


SKY COVER
  AVERAGE SKY COVER 0.0


WEATHER CONDITIONS
 THE FOLLOWING WEATHER WAS RECORDED YESTERDAY.
  NO SIGNIFICANT WEATHER WAS OBSERVED.


RELATIVE HUMIDITY (PERCENT)
 HIGHEST    96
 LOWEST     37
 AVERAGE    67

..........................................................


THE UKIAH CA CLIMATE NORMALS FOR TODAY
                         NORMAL    RECORD    YEAR
 MAXIMUM TEMPERATURE (F)   90       108      1987
 MINIMUM TEMPERATURE (F)   53        39      1912


SUNRISE AND SUNSET
AUGUST 30 2016........SUNRISE   640 AM PDT   SUNSET   745 PM PDT
AUGUST 31 2016........SUNRISE   641 AM PDT   SUNSET   744 PM PDT


-  INDICATES NEGATIVE NUMBERS.
R  INDICATES RECORD WAS SET OR TIED.
MM INDICATES DATA IS MISSING.
T  INDICATES TRACE AMOUNT.




$$
