000
CDUS46 KEKA 271212
CLIUKI


CLIMATE REPORT
NATIONAL WEATHER SERVICE EUREKA CA
511 AM PDT THU APR 27 2017


...................................

...THE UKIAH CA CLIMATE SUMMARY FOR APRIL 26 2017...

CLIMATE NORMAL PERIOD 1981 TO 2010
CLIMATE RECORD PERIOD 1903 TO 2017


WEATHER ITEM   OBSERVED TIME   RECORD YEAR NORMAL DEPARTURE LAST
                VALUE   (LST)  VALUE       VALUE  FROM      YEAR
                                                  NORMAL
..................................................................
TEMPERATURE (F)
 YESTERDAY
  MAXIMUM         67    225 PM  96    1926  72     -5       68
  MINIMUM         50   1159 PM  32    1964  44      6       38
  AVERAGE         59                        58      1       53

PRECIPITATION (IN)
  YESTERDAY        0.03          0.85 1955   0.08  -0.05     0.00
  MONTH TO DATE    3.74                      2.29   1.45     1.02
  SINCE OCT 1     51.57                     34.74  16.83    35.46
  SINCE JAN 1     34.46                     21.36  13.10    23.25

SNOWFALL (IN)
  YESTERDAY        0.0          MM      MM  MM     MM        0.0
  MONTH TO DATE    0.0                      MM     MM        0.0
  SINCE MAR 1      0.0                      MM     MM        0.0
  SINCE JUL 1      0.0                      MM     MM        0.0
  SNOW DEPTH       0

DEGREE DAYS
 HEATING
  YESTERDAY        6                         8     -2       12
  MONTH TO DATE  259                       271    -12      156
  SINCE MAR 1    586                       685    -99      494
  SINCE JUL 1   2753                      2918   -165     2433

 COOLING
  YESTERDAY        0                         1     -1        0
  MONTH TO DATE    0                         4     -4        7
  SINCE MAR 1      0                         4     -4        7
  SINCE JAN 1      0                         4     -4        7
..................................................................


WIND (MPH)
  HIGHEST WIND SPEED    14   HIGHEST WIND DIRECTION    NW (310)
  HIGHEST GUST SPEED    21   HIGHEST GUST DIRECTION     N (340)
  AVERAGE WIND SPEED     3.6


SKY COVER
  AVERAGE SKY COVER 0.9


WEATHER CONDITIONS
 THE FOLLOWING WEATHER WAS RECORDED YESTERDAY.
  LIGHT RAIN
  FOG


RELATIVE HUMIDITY (PERCENT)
 HIGHEST   100
 LOWEST     67
 AVERAGE    84

..........................................................


THE UKIAH CA CLIMATE NORMALS FOR TODAY
                         NORMAL    RECORD    YEAR
 MAXIMUM TEMPERATURE (F)   72        92      1987
 MINIMUM TEMPERATURE (F)   44        30      1955


SUNRISE AND SUNSET
APRIL 27 2017.........SUNRISE   619 AM PDT   SUNSET   802 PM PDT
APRIL 28 2017.........SUNRISE   618 AM PDT   SUNSET   803 PM PDT


-  INDICATES NEGATIVE NUMBERS.
R  INDICATES RECORD WAS SET OR TIED.
MM INDICATES DATA IS MISSING.
T  INDICATES TRACE AMOUNT.




$$
