000
CDUS46 KEKA 021229
CLIUKI


CLIMATE REPORT
NATIONAL WEATHER SERVICE EUREKA CA
528 AM PDT TUE SEP 2 2014


...................................

...THE UKIAH CA CLIMATE SUMMARY FOR SEPTEMBER 1 2014...

CLIMATE NORMAL PERIOD 1981 TO 2010
CLIMATE RECORD PERIOD 1903 TO 2014


WEATHER ITEM   OBSERVED TIME   RECORD YEAR NORMAL DEPARTURE LAST
                VALUE   (LST)  VALUE       VALUE  FROM      YEAR
                                                  NORMAL
..................................................................
TEMPERATURE (F)
 YESTERDAY
  MAXIMUM        100    304 PM 112    1950  90     10       88
  MINIMUM         56    537 AM  41    1911  52      4       51
  AVERAGE         78                        71      7       70

PRECIPITATION (IN)
  YESTERDAY        0.00          0.09 1979   0.00   0.00     0.00
  MONTH TO DATE    0.00                      0.00   0.00     0.00
  SINCE JUL 1      0.01                      0.14  -0.13     0.03
  SINCE JAN 1     16.64                     23.52  -6.88     5.61

SNOWFALL (IN)
  YESTERDAY        0.0          MM      MM  MM     MM        0.0
  MONTH TO DATE    0.0                      MM     MM        0.0
  SINCE SEP 1      0.0                      MM     MM        0.0
  SINCE JUL 1      0.0                      MM     MM        0.0
  SNOW DEPTH       0

DEGREE DAYS
 HEATING
  YESTERDAY        0                         0      0        0
  MONTH TO DATE    0                         0      0        0
  SINCE SEP 1      0                         0      0        0
  SINCE JUL 1      0                         3     -3        0

 COOLING
  YESTERDAY       13                         6      7        5
  MONTH TO DATE   13                         6      7        5
  SINCE SEP 1     13                         6      7        5
  SINCE JAN 1   1013                       689    324      852
..................................................................


WIND (MPH)
  HIGHEST WIND SPEED    16   HIGHEST WIND DIRECTION    NW (330)
  HIGHEST GUST SPEED    21   HIGHEST GUST DIRECTION     N (340)
  AVERAGE WIND SPEED     2.5


SKY COVER
  AVERAGE SKY COVER 0.0


WEATHER CONDITIONS
 THE FOLLOWING WEATHER WAS RECORDED YESTERDAY.
  NO SIGNIFICANT WEATHER WAS OBSERVED.


RELATIVE HUMIDITY (PERCENT)
 HIGHEST    67
 LOWEST     14
 AVERAGE    41

..........................................................


THE UKIAH CA CLIMATE NORMALS FOR TODAY
                         NORMAL    RECORD    YEAR
 MAXIMUM TEMPERATURE (F)   89       114      1955
 MINIMUM TEMPERATURE (F)   52        42      1907


SUNRISE AND SUNSET
SEPTEMBER  2 2014.....SUNRISE   642 AM PDT   SUNSET   742 PM PDT
SEPTEMBER  3 2014.....SUNRISE   643 AM PDT   SUNSET   740 PM PDT


-  INDICATES NEGATIVE NUMBERS.
R  INDICATES RECORD WAS SET OR TIED.
MM INDICATES DATA IS MISSING.
T  INDICATES TRACE AMOUNT.




$$
