000
CDUS46 KEKA 251211
CLIUKI


CLIMATE REPORT
NATIONAL WEATHER SERVICE EUREKA CA
511 AM PDT SAT OCT 25 2014


...................................

...THE UKIAH CA CLIMATE SUMMARY FOR OCTOBER 24 2014...

CLIMATE NORMAL PERIOD 1981 TO 2010
CLIMATE RECORD PERIOD 1903 TO 2014


WEATHER ITEM   OBSERVED TIME   RECORD YEAR NORMAL DEPARTURE LAST
                VALUE   (LST)  VALUE       VALUE  FROM      YEAR
                                                  NORMAL
..................................................................
TEMPERATURE (F)
 YESTERDAY
  MAXIMUM         73    351 PM  96    1959  73      0       78
  MINIMUM         54    729 AM  28    1919  42     12       37
  AVERAGE         64                        58      6       58

PRECIPITATION (IN)
  YESTERDAY        T             3.27 2010   0.10  -0.10     0.00
  MONTH TO DATE    0.62                      1.13  -0.51     0.00
  SINCE JUL 1      1.31                      1.72  -0.41     0.58
  SINCE JAN 1     17.94                     25.10  -7.16     6.16

SNOWFALL (IN)
  YESTERDAY        0.0          MM      MM  MM     MM        0.0
  MONTH TO DATE    0.0                      MM     MM        0.0
  SINCE SEP 1      0.0                      MM     MM        0.0
  SINCE JUL 1      0.0                      MM     MM        0.0
  SNOW DEPTH       0

DEGREE DAYS
 HEATING
  YESTERDAY        1                         7     -6        7
  MONTH TO DATE   49                       107    -58       97
  SINCE SEP 1     54                       137    -83      133
  SINCE JUL 1     54                       140    -86      133

 COOLING
  YESTERDAY        0                         0      0        0
  MONTH TO DATE   91                        19     72        0
  SINCE SEP 1    290                       149    141      127
  SINCE JAN 1   1290                       832    458      974
..................................................................


WIND (MPH)
  HIGHEST WIND SPEED    17   HIGHEST WIND DIRECTION     S (180)
  HIGHEST GUST SPEED    25   HIGHEST GUST DIRECTION    SE (150)
  AVERAGE WIND SPEED     7.6


SKY COVER
  AVERAGE SKY COVER 0.7


WEATHER CONDITIONS
 THE FOLLOWING WEATHER WAS RECORDED YESTERDAY.
  FOG
  FOG W/VISIBILITY <= 1/4 MILE
  HAZE


RELATIVE HUMIDITY (PERCENT)
 HIGHEST   100
 LOWEST     44
 AVERAGE    72

..........................................................


THE UKIAH CA CLIMATE NORMALS FOR TODAY
                         NORMAL    RECORD    YEAR
 MAXIMUM TEMPERATURE (F)   73        95      1917
 MINIMUM TEMPERATURE (F)   42        30      1939


SUNRISE AND SUNSET
OCTOBER 25 2014.......SUNRISE   733 AM PDT   SUNSET   620 PM PDT
OCTOBER 26 2014.......SUNRISE   734 AM PDT   SUNSET   619 PM PDT


-  INDICATES NEGATIVE NUMBERS.
R  INDICATES RECORD WAS SET OR TIED.
MM INDICATES DATA IS MISSING.
T  INDICATES TRACE AMOUNT.




$$
