214
CDUS46 KEKA 311210
CLIUKI


CLIMATE REPORT
NATIONAL WEATHER SERVICE EUREKA CA
508 AM PDT TUE MAY 31 2016


...................................

...THE UKIAH CA CLIMATE SUMMARY FOR MAY 30 2016...

CLIMATE NORMAL PERIOD 1981 TO 2010
CLIMATE RECORD PERIOD 1903 TO 2016


WEATHER ITEM   OBSERVED TIME   RECORD YEAR NORMAL DEPARTURE LAST
                VALUE   (LST)  VALUE       VALUE  FROM      YEAR
                                                  NORMAL
..................................................................
TEMPERATURE (F)
 YESTERDAY
  MAXIMUM         94    337 PM 104    1910  79     15       92
  MINIMUM         53    544 AM  34    1977  49      4       52
  AVERAGE         74                        64     10       72

PRECIPITATION (IN)
  YESTERDAY        0.00          0.56 1990   0.02  -0.02     0.00
  MONTH TO DATE    0.45                      1.39  -0.94     0.40
  SINCE OCT 1     36.16                     36.39  -0.23    25.84
  SINCE JAN 1     23.95                     23.01   0.94     8.07

SNOWFALL (IN)
  YESTERDAY        0.0          MM      MM  MM     MM        0.0
  MONTH TO DATE    0.0                      MM     MM        0.0
  SINCE MAR 1      0.0                      MM     MM        0.0
  SINCE JUL 1      0.0                      MM     MM        0.0
  SNOW DEPTH       0

DEGREE DAYS
 HEATING
  YESTERDAY        0                         3     -3        0
  MONTH TO DATE   72                       138    -66       80
  SINCE MAR 1    596                       851   -255      483
  SINCE JUL 1   2535                      3084   -549     1997

 COOLING
  YESTERDAY        9                         2      7        7
  MONTH TO DATE   46                        46      0       33
  SINCE MAR 1     53                        54     -1       47
  SINCE JAN 1     53                        54     -1       47
..................................................................


WIND (MPH)
  HIGHEST WIND SPEED    14   HIGHEST WIND DIRECTION     W (260)
  HIGHEST GUST SPEED    19   HIGHEST GUST DIRECTION    SW (240)
  AVERAGE WIND SPEED     2.4


SKY COVER
  AVERAGE SKY COVER 0.0


WEATHER CONDITIONS
 THE FOLLOWING WEATHER WAS RECORDED YESTERDAY.
  NO SIGNIFICANT WEATHER WAS OBSERVED.


RELATIVE HUMIDITY (PERCENT)
 HIGHEST    89
 LOWEST     19
 AVERAGE    54

..........................................................


THE UKIAH CA CLIMATE NORMALS FOR TODAY
                         NORMAL    RECORD    YEAR
 MAXIMUM TEMPERATURE (F)   80       104      1910
 MINIMUM TEMPERATURE (F)   49        28      1919


SUNRISE AND SUNSET
MAY 31 2016...........SUNRISE   549 AM PDT   SUNSET   833 PM PDT
JUNE  1 2016..........SUNRISE   548 AM PDT   SUNSET   833 PM PDT


-  INDICATES NEGATIVE NUMBERS.
R  INDICATES RECORD WAS SET OR TIED.
MM INDICATES DATA IS MISSING.
T  INDICATES TRACE AMOUNT.




$$
