000
CDUS46 KEKA 311211
CLIUKI


CLIMATE REPORT
NATIONAL WEATHER SERVICE EUREKA CA
511 AM PDT FRI OCT 31 2014


...................................

...THE UKIAH CA CLIMATE SUMMARY FOR OCTOBER 30 2014...

CLIMATE NORMAL PERIOD 1981 TO 2010
CLIMATE RECORD PERIOD 1903 TO 2014


WEATHER ITEM   OBSERVED TIME   RECORD YEAR NORMAL DEPARTURE LAST
                VALUE   (LST)  VALUE       VALUE  FROM      YEAR
                                                  NORMAL
..................................................................
TEMPERATURE (F)
 YESTERDAY
  MAXIMUM         77    204 PM  91    1949  70      7       70
  MINIMUM         51    547 AM  27    1972  42      9       37
  AVERAGE         64                        56      8       54

PRECIPITATION (IN)
  YESTERDAY        T             2.21 1956   0.16  -0.16     0.00
  MONTH TO DATE    1.07                      2.00  -0.93     0.00
  SINCE JUL 1      1.76                      2.59  -0.83     0.58
  SINCE JAN 1     18.39                     25.97  -7.58     6.16

SNOWFALL (IN)
  YESTERDAY        0.0          MM      MM  MM     MM        0.0
  MONTH TO DATE    0.0                      MM     MM        0.0
  SINCE SEP 1      0.0                      MM     MM        0.0
  SINCE JUL 1      0.0                      MM     MM        0.0
  SNOW DEPTH       0

DEGREE DAYS
 HEATING
  YESTERDAY        1                         9     -8       11
  MONTH TO DATE   82                       157    -75      152
  SINCE SEP 1     87                       187   -100      188
  SINCE JUL 1     87                       190   -103      188

 COOLING
  YESTERDAY        0                         0      0        0
  MONTH TO DATE   91                        19     72        0
  SINCE SEP 1    290                       149    141      127
  SINCE JAN 1   1290                       832    458      974
..................................................................


WIND (MPH)
  HIGHEST WIND SPEED    12   HIGHEST WIND DIRECTION    SE (130)
  HIGHEST GUST SPEED    14   HIGHEST GUST DIRECTION    SE (120)
  AVERAGE WIND SPEED     2.5


SKY COVER
  AVERAGE SKY COVER 0.1


WEATHER CONDITIONS
 THE FOLLOWING WEATHER WAS RECORDED YESTERDAY.
  LIGHT RAIN


RELATIVE HUMIDITY (PERCENT)
 HIGHEST    93
 LOWEST     38
 AVERAGE    66

..........................................................


THE UKIAH CA CLIMATE NORMALS FOR TODAY
                         NORMAL    RECORD    YEAR
 MAXIMUM TEMPERATURE (F)   70        93      1966
 MINIMUM TEMPERATURE (F)   42        24      1919


SUNRISE AND SUNSET
OCTOBER 31 2014.......SUNRISE   739 AM PDT   SUNSET   613 PM PDT
NOVEMBER  1 2014......SUNRISE   740 AM PDT   SUNSET   612 PM PDT


-  INDICATES NEGATIVE NUMBERS.
R  INDICATES RECORD WAS SET OR TIED.
MM INDICATES DATA IS MISSING.
T  INDICATES TRACE AMOUNT.




$$
