000
CDUS46 KEKA 261209
CLIUKI


CLIMATE REPORT
NATIONAL WEATHER SERVICE EUREKA CA
509 AM PDT MON JUN 26 2017


...................................

...THE UKIAH CA CLIMATE SUMMARY FOR JUNE 25 2017...

CLIMATE NORMAL PERIOD 1981 TO 2010
CLIMATE RECORD PERIOD 1903 TO 2017


WEATHER ITEM   OBSERVED TIME   RECORD YEAR NORMAL DEPARTURE LAST
                VALUE   (LST)  VALUE       VALUE  FROM      YEAR
                                                  NORMAL
..................................................................
TEMPERATURE (F)
 YESTERDAY
  MAXIMUM         94    306 PM 109    1925  86      8       96
  MINIMUM         59    543 AM  41    2012  55      4       53
                                      1943
  AVERAGE         77                        70      7       75

PRECIPITATION (IN)
  YESTERDAY        0.00          0.36 1934   0.00   0.00     0.00
  MONTH TO DATE    0.04                      0.31  -0.27     0.36
  SINCE OCT 1     51.62                     36.73  14.89    36.52
  SINCE JAN 1     34.51                     23.35  11.16    24.31

SNOWFALL (IN)
  YESTERDAY        0.0          MM      MM  MM     MM        0.0
  MONTH TO DATE    0.0                      MM     MM        0.0
  SINCE JUN 1      0.0                      MM     MM        0.0
  SINCE JUL 1      0.0                      MM     MM        0.0
  SNOW DEPTH       0

DEGREE DAYS
 HEATING
  YESTERDAY        0                         0      0        0
  MONTH TO DATE   25                        31     -6       22
  SINCE JUN 1     25                        31     -6       22
  SINCE JUL 1   2891                      3117   -226     2557

 COOLING
  YESTERDAY       12                         6      6       10
  MONTH TO DATE  204                        80    124      131
  SINCE JUN 1    204                        80    124      131
  SINCE JAN 1    298                       132    166      196
..................................................................


WIND (MPH)
  HIGHEST WIND SPEED    10   HIGHEST WIND DIRECTION     N (20)
  HIGHEST GUST SPEED    16   HIGHEST GUST DIRECTION    SE (140)
  AVERAGE WIND SPEED     4.1


SKY COVER
  AVERAGE SKY COVER 0.0


WEATHER CONDITIONS
 THE FOLLOWING WEATHER WAS RECORDED YESTERDAY.
  NO SIGNIFICANT WEATHER WAS OBSERVED.


RELATIVE HUMIDITY (PERCENT)
 HIGHEST    87
 LOWEST     28
 AVERAGE    58

..........................................................


THE UKIAH CA CLIMATE NORMALS FOR TODAY
                         NORMAL    RECORD    YEAR
 MAXIMUM TEMPERATURE (F)   86       109      1918
 MINIMUM TEMPERATURE (F)   55        40      1953


SUNRISE AND SUNSET
JUNE 26 2017..........SUNRISE   549 AM PDT   SUNSET   843 PM PDT
JUNE 27 2017..........SUNRISE   549 AM PDT   SUNSET   843 PM PDT


-  INDICATES NEGATIVE NUMBERS.
R  INDICATES RECORD WAS SET OR TIED.
MM INDICATES DATA IS MISSING.
T  INDICATES TRACE AMOUNT.




$$
