000
CDUS46 KEKA 271217
CLIUKI


CLIMATE REPORT
NATIONAL WEATHER SERVICE EUREKA CA
417 AM PST SAT DEC 27 2014


...................................

...THE UKIAH CA CLIMATE SUMMARY FOR DECEMBER 26 2014...

CLIMATE NORMAL PERIOD 1981 TO 2010
CLIMATE RECORD PERIOD 1903 TO 2014


WEATHER ITEM   OBSERVED TIME   RECORD YEAR NORMAL DEPARTURE LAST
                VALUE   (LST)  VALUE       VALUE  FROM      YEAR
                                                  NORMAL
..................................................................
TEMPERATURE (F)
 YESTERDAY
  MAXIMUM         56    304 PM  77    1967  55      1       67
  MINIMUM         29    754 AM  19    1924  36     -7       26
  AVERAGE         43                        45     -2       47

PRECIPITATION (IN)
  YESTERDAY        0.00          3.04 1931   0.26  -0.26     0.00
  MONTH TO DATE   12.10                      5.73   6.37     0.49
  SINCE JUL 1     18.46                     12.75   5.71     1.92
  SINCE JAN 1     35.09                     36.13  -1.04     7.50

SNOWFALL (IN)
  YESTERDAY        0.0          MM      MM  MM     MM        0.0
  MONTH TO DATE    0.0                      MM     MM        0.0
  SINCE DEC 1      0.0                      MM     MM        0.0
  SINCE JUL 1      0.0                      MM     MM        0.0
  SNOW DEPTH       0

DEGREE DAYS
 HEATING
  YESTERDAY       22                        20      2       18
  MONTH TO DATE  304                       509   -205      550
  SINCE DEC 1    304                       509   -205      550
  SINCE JUL 1    705                      1132   -427     1075

 COOLING
  YESTERDAY        0                         0      0        0
  MONTH TO DATE    0                         0      0        0
  SINCE DEC 1      0                         0      0        0
  SINCE JAN 1   1290                       835    455      974
..................................................................


WIND (MPH)
  HIGHEST WIND SPEED     7   HIGHEST WIND DIRECTION     W (270)
  HIGHEST GUST SPEED     7   HIGHEST GUST DIRECTION     W (280)
  AVERAGE WIND SPEED     1.1


SKY COVER
  AVERAGE SKY COVER 0.0


WEATHER CONDITIONS
 THE FOLLOWING WEATHER WAS RECORDED YESTERDAY.
  FOG
  HAZE


RELATIVE HUMIDITY (PERCENT)
 HIGHEST    92
 LOWEST     41
 AVERAGE    67

..........................................................


THE UKIAH CA CLIMATE NORMALS FOR TODAY
                         NORMAL    RECORD    YEAR
 MAXIMUM TEMPERATURE (F)   55        77      1967
 MINIMUM TEMPERATURE (F)   36        21      1954


SUNRISE AND SUNSET
DECEMBER 27 2014......SUNRISE   731 AM PST   SUNSET   457 PM PST
DECEMBER 28 2014......SUNRISE   731 AM PST   SUNSET   458 PM PST


-  INDICATES NEGATIVE NUMBERS.
R  INDICATES RECORD WAS SET OR TIED.
MM INDICATES DATA IS MISSING.
T  INDICATES TRACE AMOUNT.




$$
