005
CDUS43 KSGF 140626
CLIUNO


CLIMATE REPORT
NATIONAL WEATHER SERVICE SPRINGFIELD MO
1226 AM CST SUN FEB 14 2016


...................................

...THE WEST PLAINS MO CLIMATE SUMMARY FOR FEBRUARY 13 2016...

CLIMATE NORMAL PERIOD 1981 TO 2010
CLIMATE RECORD PERIOD 1947 TO 2016


WEATHER ITEM   OBSERVED TIME   RECORD YEAR NORMAL DEPARTURE LAST
                VALUE   (LST)  VALUE       VALUE  FROM      YEAR
                                                  NORMAL
..................................................................
TEMPERATURE (F)
 YESTERDAY
  MAXIMUM         33    333 PM  87    1962  49    -16       42
  MINIMUM         20    833 AM   2    1988  26     -6       22
  AVERAGE         27                        37    -10       32

PRECIPITATION (IN)
  YESTERDAY        0.00          2.63 1989   0.10  -0.10     0.00
  MONTH TO DATE    0.42                      1.30  -0.88     0.50
  SINCE DEC 1     10.39                      7.66   2.73     5.49
  SINCE JAN 1      1.35                      4.02  -2.67     2.52

DEGREE DAYS
 HEATING
  YESTERDAY       38                        28     10       33
  MONTH TO DATE  360                       377    -17      378
  SINCE DEC 1   1894                      2229   -335     2148
  SINCE JUL 1   2529                      3081   -552     3160

 COOLING
  YESTERDAY        0                         0      0        0
  MONTH TO DATE    0                         0      0        0
  SINCE DEC 1      0                         0      0        0
  SINCE JAN 1      0                         0      0        0
..................................................................


WIND (MPH)
  HIGHEST WIND SPEED    15   HIGHEST WIND DIRECTION    SE (120)
  HIGHEST GUST SPEED    20   HIGHEST GUST DIRECTION    SE (130)
  AVERAGE WIND SPEED     8.8


SKY COVER
  AVERAGE SKY COVER 0.6


WEATHER CONDITIONS
 THE FOLLOWING WEATHER WAS RECORDED YESTERDAY.
  NO SIGNIFICANT WEATHER WAS OBSERVED.


RELATIVE HUMIDITY (PERCENT)
 HIGHEST    55           100 AM
 LOWEST     19           100 PM
 AVERAGE    37

..........................................................


THE WEST PLAINS MO CLIMATE NORMALS FOR TODAY
                         NORMAL    RECORD    YEAR
 MAXIMUM TEMPERATURE (F)   49        72      1954
 MINIMUM TEMPERATURE (F)   26        12      1960


SUNRISE AND SUNSET
FEBRUARY 14 2016......SUNRISE   658 AM CST   SUNSET   546 PM CST
FEBRUARY 15 2016......SUNRISE   657 AM CST   SUNSET   547 PM CST


-  INDICATES NEGATIVE NUMBERS.
R  INDICATES RECORD WAS SET OR TIED.
MM INDICATES DATA IS MISSING.
T  INDICATES TRACE AMOUNT.




$$
