000
CDUS43 KSGF 310640
CLIUNO


CLIMATE REPORT
NATIONAL WEATHER SERVICE SPRINGFIELD MO
140 AM CDT SUN AUG 31 2014


...................................

...THE WEST PLAINS MO CLIMATE SUMMARY FOR AUGUST 30 2014...

CLIMATE NORMAL PERIOD 1981 TO 2010
CLIMATE RECORD PERIOD 1947 TO 2014


WEATHER ITEM   OBSERVED TIME   RECORD YEAR NORMAL DEPARTURE LAST
                VALUE   (LST)  VALUE       VALUE  FROM      YEAR
                                                  NORMAL
..................................................................
TEMPERATURE (F)
 YESTERDAY
  MAXIMUM         84    124 PM 105    2000  87     -3       93
  MINIMUM         71    628 AM  45    1986  63      8       72
  AVERAGE         78                        75      3       83

PRECIPITATION (IN)
  YESTERDAY        0.01          4.88 1967   0.10  -0.09     0.00
  MONTH TO DATE    2.78                      3.11  -0.33    10.62
  SINCE JUN 1      9.64                     10.68  -1.04    20.41
  SINCE JAN 1     21.62                     29.95  -8.33    42.23

DEGREE DAYS
 HEATING
  YESTERDAY        0                         0      0        0
  MONTH TO DATE    0                         0      0        4
  SINCE JUN 1      4                         5     -1       13
  SINCE JUL 1      2                         0      2        4

 COOLING
  YESTERDAY       13                        10      3       18
  MONTH TO DATE  392                       368     24      288
  SINCE JUN 1    891                      1039   -148      710
  SINCE JAN 1   1041                      1161   -120      822
..................................................................


WIND (MPH)
  HIGHEST WIND SPEED    14   HIGHEST WIND DIRECTION     S (190)
  HIGHEST GUST SPEED    18   HIGHEST GUST DIRECTION     S (170)
  AVERAGE WIND SPEED     6.0


SKY COVER
  AVERAGE SKY COVER 0.3


WEATHER CONDITIONS
 THE FOLLOWING WEATHER WAS RECORDED YESTERDAY.
  FOG


RELATIVE HUMIDITY (PERCENT)
 HIGHEST    93          1100 PM
 LOWEST     62           200 PM
 AVERAGE    78

..........................................................


THE WEST PLAINS MO CLIMATE NORMALS FOR TODAY
                         NORMAL    RECORD    YEAR
 MAXIMUM TEMPERATURE (F)   87       104      2000
 MINIMUM TEMPERATURE (F)   63        50      2009
                                             1988


SUNRISE AND SUNSET
AUGUST 31 2014........SUNRISE   638 AM CDT   SUNSET   737 PM CDT
SEPTEMBER  1 2014.....SUNRISE   639 AM CDT   SUNSET   736 PM CDT


-  INDICATES NEGATIVE NUMBERS.
R  INDICATES RECORD WAS SET OR TIED.
MM INDICATES DATA IS MISSING.
T  INDICATES TRACE AMOUNT.




$$
