000
CDUS43 KUNR 010832
CLIUNR


CLIMATE REPORT
NATIONAL WEATHER SERVICE RAPID CITY SD
230 AM MDT SAT AUG 1 2015


...................................

...THE EAST RAPID CITY SD CLIMATE SUMMARY FOR JULY 31 2015...

CLIMATE NORMAL PERIOD 1981 TO 2010
CLIMATE RECORD PERIOD 1888 TO 2015


WEATHER ITEM   OBSERVED RECORD YEAR NORMAL DEPARTURE LAST
                VALUE   VALUE       VALUE  FROM      YEAR
                                           NORMAL
...........................................................
TEMPERATURE (F)
 YESTERDAY
  MAXIMUM         86    102    1900  86      0       86
  MINIMUM         63     45    1925  62      1       63
  AVERAGE         75                 74      1       75

PRECIPITATION (IN)
  YESTERDAY        0.00   1.96 1999   0.10  -0.10      T
  MONTH TO DATE    3.62               2.50   1.12     1.42
  SINCE JUN 1     10.49               5.66   4.83     7.47
  SINCE JAN 1     19.85              13.71   6.14    12.65

SNOWFALL (IN)
  YESTERDAY        0.0    0.0  2002   0.0    0.0      0.0
                               2001
                               2000
  MONTH TO DATE    0.0                0.0    0.0      0.0
  SINCE JUN 1      0.0                0.0    0.0      0.0
  SINCE JUL 1      0.0                0.0    0.0      0.0
  SNOW DEPTH       0

DEGREE DAYS
 HEATING
  YESTERDAY        0                  0      0        0
  MONTH TO DATE    1                  6     -5       11
  SINCE JUN 1     34                100    -66      119
  SINCE JUL 1      1                 12    -11       11

 COOLING
  YESTERDAY       10                  9      1       10
  MONTH TO DATE  223                260    -37      209
  SINCE JUN 1    330                351    -21      237
  SINCE JAN 1    338                369    -31      265
...........................................................


WIND (MPH)
  HIGHEST GUST SPEED    17   HIGHEST GUST DIRECTION     S (200)



WEATHER CONDITIONS
 THE FOLLOWING WEATHER WAS RECORDED YESTERDAY.
  NO SIGNIFICANT WEATHER WAS OBSERVED.


..........................................................


THE EAST RAPID CITY SD CLIMATE NORMALS FOR TODAY
                         NORMAL    RECORD    YEAR
 MAXIMUM TEMPERATURE (F)   86       106      1900
 MINIMUM TEMPERATURE (F)   62        48      1968


SUNRISE AND SUNSET
AUGUST  1 2015........SUNRISE   541 AM MDT   SUNSET   817 PM MDT
AUGUST  2 2015........SUNRISE   542 AM MDT   SUNSET   816 PM MDT


-  INDICATES NEGATIVE NUMBERS.
R  INDICATES RECORD WAS SET OR TIED.
MM INDICATES DATA IS MISSING.
T  INDICATES TRACE AMOUNT.




$$
