000
CDUS43 KUNR 240040
CLIUNR


CLIMATE REPORT
NATIONAL WEATHER SERVICE RAPID CITY SD
539 PM MST TUE JAN 23 2018


...................................

...THE EAST RAPID CITY SD CLIMATE SUMMARY FOR JANUARY 23 2018...
VALID TODAY AS OF 0500 PM LOCAL TIME.

CLIMATE NORMAL PERIOD 1981 TO 2010
CLIMATE RECORD PERIOD 1888 TO 2018


WEATHER ITEM   OBSERVED RECORD YEAR NORMAL DEPARTURE LAST
                VALUE   VALUE       VALUE  FROM      YEAR
                                           NORMAL
...........................................................
TEMPERATURE (F)
 TODAY
  MAXIMUM         42     67    2005  37      5       28
  MINIMUM         32    -20    1894  16     16       19
  AVERAGE         37                 27     10       24

PRECIPITATION (IN)
  TODAY            0.00   0.24 1964   0.01  -0.01      T
  MONTH TO DATE    0.25               0.20   0.05     0.13
  SINCE DEC 1      0.55               0.52   0.03     0.95
  SINCE JAN 1      0.25               0.20   0.05     0.13

SNOWFALL (IN)
  TODAY            0.0    3.3  1964   0.2   -0.2      0.0
  MONTH TO DATE    3.6                3.7   -0.1      3.6
  SINCE DEC 1     10.9                8.9    2.0     15.7
  SINCE JUL 1     12.0               17.5   -5.5     19.4
  SNOW DEPTH       0

DEGREE DAYS
 HEATING
  TODAY           28                 38    -10       41
  MONTH TO DATE  903                874     29     1032
  SINCE DEC 1   2094               2041     53     2425
  SINCE JUL 1   3474               3621   -147     3456

 COOLING
  TODAY            0                  0      0        0
  MONTH TO DATE    0                  0      0        0
  SINCE DEC 1      0                  0      0        0
  SINCE JAN 1      0                  0      0        0
...........................................................





WEATHER CONDITIONS
 THE FOLLOWING WEATHER WAS RECORDED TODAY.
  NO SIGNIFICANT WEATHER WAS OBSERVED.


..........................................................


THE EAST RAPID CITY SD CLIMATE NORMALS FOR TOMORROW
                         NORMAL    RECORD    YEAR
 MAXIMUM TEMPERATURE (F)   37        69      2005
                                             1968
 MINIMUM TEMPERATURE (F)   16       -26      1894


SUNRISE AND SUNSET
JANUARY 23 2018.......SUNRISE   719 AM MST   SUNSET   451 PM MST
JANUARY 24 2018.......SUNRISE   718 AM MST   SUNSET   452 PM MST


-  INDICATES NEGATIVE NUMBERS.
R  INDICATES RECORD WAS SET OR TIED.
MM INDICATES DATA IS MISSING.
T  INDICATES TRACE AMOUNT.




$$
