000
CDUS43 KUNR 290839
CLIUNR


CLIMATE REPORT
NATIONAL WEATHER SERVICE RAPID CITY SD
238 AM MDT THU SEP 29 2016


...................................

...THE EAST RAPID CITY SD CLIMATE SUMMARY FOR SEPTEMBER 28 2016...

CLIMATE NORMAL PERIOD 1981 TO 2010
CLIMATE RECORD PERIOD 1888 TO 2016


WEATHER ITEM   OBSERVED RECORD YEAR NORMAL DEPARTURE LAST
                VALUE   VALUE       VALUE  FROM      YEAR
                                           NORMAL
...........................................................
TEMPERATURE (F)
 YESTERDAY
  MAXIMUM         77     91    1957  66     11       65
  MINIMUM         53     27    1941  44      9       48
  AVERAGE         65                 55     10       57

PRECIPITATION (IN)
  YESTERDAY        0.00   1.72 1923   0.04  -0.04     0.15
  MONTH TO DATE    0.87               1.45  -0.58     0.33
  SINCE SEP 1      0.87               1.45  -0.58     0.33
  SINCE JAN 1     12.17              17.13  -4.96    22.43

SNOWFALL (IN)
  YESTERDAY        0.0    0.0  2002   0.0    0.0      0.0
                               2001
                               2000
  MONTH TO DATE    0.0                0.1   -0.1      0.0
  SINCE SEP 1      0.0                0.1   -0.1      0.0
  SINCE JUL 1      0.0                0.1   -0.1      0.0
  SNOW DEPTH       0

DEGREE DAYS
 HEATING
  YESTERDAY        0                 10    -10        8
  MONTH TO DATE   92                156    -64       47
  SINCE SEP 1     92                156    -64       47
  SINCE JUL 1    117                186    -69       77

 COOLING
  YESTERDAY        0                  1     -1        0
  MONTH TO DATE   47                 67    -20      124
  SINCE SEP 1     47                 67    -20      124
  SINCE JAN 1    807                662    145      701
...........................................................


WIND (MPH)
  HIGHEST GUST SPEED    20   HIGHEST GUST DIRECTION     N (20)



WEATHER CONDITIONS
 THE FOLLOWING WEATHER WAS RECORDED YESTERDAY.
  NO SIGNIFICANT WEATHER WAS OBSERVED.


..........................................................


THE EAST RAPID CITY SD CLIMATE NORMALS FOR TODAY
                         NORMAL    RECORD    YEAR
 MAXIMUM TEMPERATURE (F)   66        96      1892
 MINIMUM TEMPERATURE (F)   44        27      1945


SUNRISE AND SUNSET
SEPTEMBER 29 2016.....SUNRISE   649 AM MDT   SUNSET   636 PM MDT
SEPTEMBER 30 2016.....SUNRISE   650 AM MDT   SUNSET   634 PM MDT


-  INDICATES NEGATIVE NUMBERS.
R  INDICATES RECORD WAS SET OR TIED.
MM INDICATES DATA IS MISSING.
T  INDICATES TRACE AMOUNT.




$$
