000
CDUS43 KUNR 090834
CLIUNR


CLIMATE REPORT
NATIONAL WEATHER SERVICE RAPID CITY SD
134 AM MST TUE FEB 9 2016


...................................

...THE EAST RAPID CITY SD CLIMATE SUMMARY FOR FEBRUARY 8 2016...

CLIMATE NORMAL PERIOD 1981 TO 2010
CLIMATE RECORD PERIOD 1888 TO 2016


WEATHER ITEM   OBSERVED RECORD YEAR NORMAL DEPARTURE LAST
                VALUE   VALUE       VALUE  FROM      YEAR
                                           NORMAL
...........................................................
TEMPERATURE (F)
 YESTERDAY
  MAXIMUM         42     74    1954  37      5       61
  MINIMUM         29    -33    1936  17     12       44
  AVERAGE         36                 27      9       53

PRECIPITATION (IN)
  YESTERDAY        0.00   0.34 1888   0.02  -0.02     0.00
  MONTH TO DATE    0.24               0.14   0.10     0.01
  SINCE DEC 1      1.14               0.75   0.39     0.54
  SINCE JAN 1      0.41               0.43  -0.02     0.16

SNOWFALL (IN)
  YESTERDAY        0.0    5.2  1891   0.3   -0.3      0.0
  MONTH TO DATE    3.8                2.1    1.7      0.4
  SINCE DEC 1     21.8               12.8    9.0     12.2
  SINCE JUL 1     27.8               21.4    6.4     27.5
  SNOW DEPTH       0

DEGREE DAYS
 HEATING
  YESTERDAY       29                 38     -9       12
  MONTH TO DATE  263                304    -41      241
  SINCE DEC 1   2489               2652   -163     2331
  SINCE JUL 1   3747               4232   -485     3945

 COOLING
  YESTERDAY        0                  0      0        0
  MONTH TO DATE    0                  0      0        0
  SINCE DEC 1      0                  0      0        0
  SINCE JAN 1      0                  0      0        0
...........................................................


WIND (MPH)
  HIGHEST GUST SPEED    51   HIGHEST GUST DIRECTION    NW (330)



WEATHER CONDITIONS
 THE FOLLOWING WEATHER WAS RECORDED YESTERDAY.
  NO SIGNIFICANT WEATHER WAS OBSERVED.


..........................................................


THE EAST RAPID CITY SD CLIMATE NORMALS FOR TODAY
                         NORMAL    RECORD    YEAR
 MAXIMUM TEMPERATURE (F)   37        70      1996
 MINIMUM TEMPERATURE (F)   17       -24      1933


SUNRISE AND SUNSET
FEBRUARY  9 2016......SUNRISE   701 AM MST   SUNSET   514 PM MST
FEBRUARY 10 2016......SUNRISE   700 AM MST   SUNSET   515 PM MST


-  INDICATES NEGATIVE NUMBERS.
R  INDICATES RECORD WAS SET OR TIED.
MM INDICATES DATA IS MISSING.
T  INDICATES TRACE AMOUNT.




$$
