000
CDUS43 KUNR 200831
CLIUNR


CLIMATE REPORT
NATIONAL WEATHER SERVICE RAPID CITY SD
231 AM MDT WED AUG 20 2014


...................................

...THE EAST RAPID CITY SD CLIMATE SUMMARY FOR AUGUST 19 2014...

CLIMATE NORMAL PERIOD 1981 TO 2010
CLIMATE RECORD PERIOD 1888 TO 2014


WEATHER ITEM   OBSERVED RECORD YEAR NORMAL DEPARTURE LAST
                VALUE   VALUE       VALUE  FROM      YEAR
                                           NORMAL
...........................................................
TEMPERATURE (F)
 YESTERDAY
  MAXIMUM         83    100    1948  84     -1       91
  MINIMUM         62     46    1908  60      2       70
  AVERAGE         73                 72      1       81

PRECIPITATION (IN)
  YESTERDAY        T      1.30 1915   0.05  -0.05     0.00
  MONTH TO DATE    3.12               1.36   1.76     1.88
  SINCE JUN 1     10.59               7.02   3.57     5.87
  SINCE JAN 1     15.77              15.07   0.70    14.59

SNOWFALL (IN)
  YESTERDAY        0.0                0.0    0.0      0.0
  MONTH TO DATE    0.0                0.0    0.0      0.0
  SINCE JUN 1      0.0                0.0    0.0      0.0
  SINCE JUL 1      0.0                0.0    0.0      0.0
  SNOW DEPTH       0

DEGREE DAYS
 HEATING
  YESTERDAY        0                  0      0        0
  MONTH TO DATE    0                  0      0        0
  SINCE JUN 1    119                100     19       64
  SINCE JUL 1     11                 12     -1        6

 COOLING
  YESTERDAY        8                  7      1       16
  MONTH TO DATE  136                156    -20      107
  SINCE JUN 1    373                507   -134      480
  SINCE JAN 1    401                525   -124      504
...........................................................


WIND (MPH)
  HIGHEST GUST SPEED    20   HIGHEST GUST DIRECTION    SE (140)



WEATHER CONDITIONS
 THE FOLLOWING WEATHER WAS RECORDED YESTERDAY.
  LIGHT RAIN


..........................................................


THE EAST RAPID CITY SD CLIMATE NORMALS FOR TODAY
                         NORMAL    RECORD    YEAR
 MAXIMUM TEMPERATURE (F)   83       102      1898
 MINIMUM TEMPERATURE (F)   59        43      1964


SUNRISE AND SUNSET
AUGUST 20 2014........SUNRISE   602 AM MDT   SUNSET   749 PM MDT
AUGUST 21 2014........SUNRISE   603 AM MDT   SUNSET   748 PM MDT


-  INDICATES NEGATIVE NUMBERS.
R  INDICATES RECORD WAS SET OR TIED.
MM INDICATES DATA IS MISSING.
T  INDICATES TRACE AMOUNT.




$$
