000
CDUS44 KCRP 272150
CLIVCT

CLIMATE REPORT
NATIONAL WEATHER SERVICE CORPUS CHRISTI TX
348 PM CST FRI FEB 27 2015


...................................

...THE VICTORIA CLIMATE SUMMARY FOR FEBRUARY 27 2015...
VALID TODAY AS OF 0300 PM LOCAL TIME.

CLIMATE NORMAL PERIOD 1981 TO 2010
CLIMATE RECORD PERIOD 1893 TO 2015


WEATHER ITEM   OBSERVED TIME   RECORD YEAR NORMAL DEPARTURE LAST
                VALUE   (LST)  VALUE       VALUE  FROM      YEAR
                                                  NORMAL
..................................................................
TEMPERATURE (F)
 TODAY
  MAXIMUM         49    241 PM  91    1954  70    -21       58
  MINIMUM         36    456 AM  21    2002  49    -13       32
  AVERAGE         43                        60    -17       45

PRECIPITATION (IN)
  TODAY            0.00          0.86 1967   0.08  -0.08     0.00
  MONTH TO DATE    0.78                      1.99  -1.21     0.52
  SINCE DEC 1      6.06                      6.82  -0.76     2.11
  SINCE JAN 1      3.85                      4.51  -0.66     1.66

SNOWFALL (IN)
  TODAY            0.0
  MONTH TO DATE    0.0
  SINCE DEC 1      0.0
  SINCE JUL 1      0.0
  SNOW DEPTH       0

DEGREE DAYS
 HEATING
  TODAY           22                         7     15       20
  MONTH TO DATE  275                       235     40      284
  SINCE DEC 1    874                       924    -50     1052
  SINCE JUL 1   1065                      1087    -22     1249

 COOLING
  TODAY            0                         1     -1        0
  MONTH TO DATE   14                        27    -13       55
  SINCE DEC 1     41                        68    -27       90
  SINCE JAN 1     15                        41    -26       58
..................................................................


WIND (MPH)
  HIGHEST WIND SPEED    23   HIGHEST WIND DIRECTION    NE (50)
  HIGHEST GUST SPEED    27   HIGHEST GUST DIRECTION    NE (60)


SKY COVER
  POSSIBLE SUNSHINE  MM
  AVERAGE SKY COVER 0.7


WEATHER CONDITIONS
 THE FOLLOWING WEATHER WAS RECORDED TODAY.
  NO SIGNIFICANT WEATHER WAS OBSERVED.


RELATIVE HUMIDITY (PERCENT)
 HIGHEST    85           900 AM
 LOWEST     70          1100 AM
 AVERAGE    78

..........................................................


THE VICTORIA CLIMATE NORMALS FOR TOMORROW
                         NORMAL    RECORD    YEAR
 MAXIMUM TEMPERATURE (F)   71        96      1940
 MINIMUM TEMPERATURE (F)   49        31      1962
                                             1937


SUNRISE AND SUNSET
FEBRUARY 27 2015......SUNRISE   655 AM CST   SUNSET   626 PM CST
FEBRUARY 28 2015......SUNRISE   654 AM CST   SUNSET   627 PM CST


-  INDICATES NEGATIVE NUMBERS.
R  INDICATES RECORD WAS SET OR TIED.
MM INDICATES DATA IS MISSING.
T  INDICATES TRACE AMOUNT.




$$
