000
CDUS44 KCRP 272327
CLIVCT

CLIMATE REPORT
NATIONAL WEATHER SERVICE CORPUS CHRISTI TX
626 PM CDT WED MAY 27 2015

...................................

...THE VICTORIA CLIMATE SUMMARY FOR MAY 27 2015...
VALID TODAY AS OF 626 PM LOCAL TIME.

CLIMATE NORMAL PERIOD 1981 TO 2010
CLIMATE RECORD PERIOD 1893 TO 2015


WEATHER ITEM   OBSERVED TIME   RECORD YEAR NORMAL DEPARTURE LAST
                VALUE   (LST)  VALUE       VALUE  FROM      YEAR
                                                  NORMAL
..................................................................
TEMPERATURE (F)
 TODAY
  MAXIMUM         86    143 PM 102    1928  89     -3       83
  MINIMUM         75    613 AM  57    1913  70      5       67
  AVERAGE         81                        79      2       75

PRECIPITATION (IN)
  TODAY            0.00          2.65 1952   0.16  -0.16     0.61
  MONTH TO DATE    7.19                      4.51   2.68     6.81
  SINCE MAR 1     22.37                     10.10  12.27     8.81
  SINCE JAN 1     26.42                     14.70  11.72    10.47

SNOWFALL (IN)
  TODAY            0.0
  MONTH TO DATE    0.0
  SINCE MAR 1      0.0
  SINCE JUL 1      0.0
  SNOW DEPTH       0

DEGREE DAYS
 HEATING
  TODAY            0                         0      0        0
  MONTH TO DATE    0                         0      0        3
  SINCE MAR 1    140                       155    -15      240
  SINCE JUL 1   1220                      1248    -28     1493

 COOLING
  TODAY           16                        14      2       10
  MONTH TO DATE  337                       311     26      269
  SINCE MAR 1    629                       562     67      524
  SINCE JAN 1    644                       600     44      582
..................................................................


WIND (MPH)
  HIGHEST WIND SPEED    23   HIGHEST WIND DIRECTION    SE (140)
  HIGHEST GUST SPEED    29   HIGHEST GUST DIRECTION    SE (150)


SKY COVER
  POSSIBLE SUNSHINE  MM
  AVERAGE SKY COVER 0.8


WEATHER CONDITIONS
 THE FOLLOWING WEATHER WAS RECORDED TODAY.
  FOG
  HAZE


RELATIVE HUMIDITY (PERCENT)
 HIGHEST   100          1200 AM
 LOWEST     74          1000 AM
 AVERAGE    87

..........................................................


THE VICTORIA CLIMATE NORMALS FOR TOMORROW
                         NORMAL    RECORD    YEAR
 MAXIMUM TEMPERATURE (F)   89        97      1939
                                             1922
 MINIMUM TEMPERATURE (F)   70        56      1934


SUNRISE AND SUNSET
MAY 27 2015...........SUNRISE   631 AM CDT   SUNSET   819 PM CDT
MAY 28 2015...........SUNRISE   631 AM CDT   SUNSET   819 PM CDT


-  INDICATES NEGATIVE NUMBERS.
R  INDICATES RECORD WAS SET OR TIED.
MM INDICATES DATA IS MISSING.
T  INDICATES TRACE AMOUNT.




$$
