000
CDUS44 KCRP 270826 RRA
CLIVCT

CLIMATE REPORT
NATIONAL WEATHER SERVICE CORPUS CHRISTI TX
319 AM CDT SAT MAY 27 2017


...................................

...THE VICTORIA CLIMATE SUMMARY FOR MAY 26 2017...

CLIMATE NORMAL PERIOD 1981 TO 2010
CLIMATE RECORD PERIOD 1893 TO 2017


WEATHER ITEM   OBSERVED TIME   RECORD YEAR NORMAL DEPARTURE LAST
                VALUE   (LST)  VALUE       VALUE  FROM      YEAR
                                                  NORMAL
..................................................................
TEMPERATURE (F)
 YESTERDAY
  MAXIMUM         89   1240 PM  97    1928  89      0       88
  MINIMUM         78    143 AM  56    1913  70      8       79
  AVERAGE         84                        79      5       84

PRECIPITATION (IN)
  YESTERDAY        0.00          4.41 2007   0.18  -0.18     0.00
  MONTH TO DATE    2.72                      4.35  -1.63     3.58
  SINCE MAR 1     10.64                      9.94   0.70    12.49
  SINCE JAN 1     19.24                     14.54   4.70    17.43

SNOWFALL (IN)
  YESTERDAY        0.0
  MONTH TO DATE    0.0
  SINCE MAR 1      0.0
  SINCE JUL 1      0.0
  SNOW DEPTH       0

DEGREE DAYS
 HEATING
  YESTERDAY        0                         0      0        0
  MONTH TO DATE    0                         0      0        0
  SINCE MAR 1     36                       155   -119       63
  SINCE JUL 1    567                      1248   -681      913

 COOLING
  YESTERDAY       19                        14      5       19
  MONTH TO DATE  301                       297      4      291
  SINCE MAR 1    720                       548    172      607
  SINCE JAN 1    927                       586    341      642
..................................................................


WIND (MPH)
  HIGHEST WIND SPEED    23   HIGHEST WIND DIRECTION     S (160)
  HIGHEST GUST SPEED    28   HIGHEST GUST DIRECTION     S (180)
  AVERAGE WIND SPEED    14.2


SKY COVER
  POSSIBLE SUNSHINE  MM
  AVERAGE SKY COVER 1.0


WEATHER CONDITIONS
 THE FOLLOWING WEATHER WAS RECORDED YESTERDAY.
  HAZE


RELATIVE HUMIDITY (PERCENT)
 HIGHEST    85           400 AM
 LOWEST     68           100 PM
 AVERAGE    77

..........................................................


THE VICTORIA CLIMATE NORMALS FOR TODAY
                         NORMAL    RECORD    YEAR
 MAXIMUM TEMPERATURE (F)   89       102      1928
 MINIMUM TEMPERATURE (F)   70        57      1913


SUNRISE AND SUNSET
MAY 27 2017...........SUNRISE   631 AM CDT   SUNSET   819 PM CDT
MAY 28 2017...........SUNRISE   631 AM CDT   SUNSET   820 PM CDT


-  INDICATES NEGATIVE NUMBERS.
R  INDICATES RECORD WAS SET OR TIED.
MM INDICATES DATA IS MISSING.
T  INDICATES TRACE AMOUNT.




$$
