000
CDUS44 KCRP 260018
CLIVCT

CLIMATE REPORT
NATIONAL WEATHER SERVICE CORPUS CHRISTI TX
615 PM CST SUN JAN 25 2015


...................................

...THE VICTORIA CLIMATE SUMMARY FOR JANUARY 25 2015...
VALID TODAY AS OF 600 PM LOCAL TIME.

CLIMATE NORMAL PERIOD 1981 TO 2010
CLIMATE RECORD PERIOD 1893 TO 2015


WEATHER ITEM   OBSERVED TIME   RECORD YEAR NORMAL DEPARTURE LAST
                VALUE   (LST)  VALUE       VALUE  FROM      YEAR
                                                  NORMAL
..................................................................
TEMPERATURE (F)
 TODAY
  MAXIMUM         73    213 PM  83    1975  65      8       63
                                      1971
                                      1914
  MINIMUM         44    444 AM  25    1926  43      1       29
  AVERAGE         59                        54      5       46

PRECIPITATION (IN)
  TODAY            0.00          1.09 1974   0.08  -0.08     0.00
  MONTH TO DATE    3.01                      2.07   0.94     1.11
  SINCE DEC 1      5.22                      4.38   0.84     1.56
  SINCE JAN 1      3.01                      2.07   0.94     1.11

SNOWFALL (IN)
  TODAY            0.0
  MONTH TO DATE    0.0
  SINCE DEC 1      0.0
  SINCE JUL 1      0.0
  SNOW DEPTH       0

DEGREE DAYS
 HEATING
  TODAY            6                        11     -5       19
  MONTH TO DATE  383                       294     89      297
  SINCE DEC 1    575                       625    -50      680
  SINCE JUL 1    766                       788    -22      877

 COOLING
  TODAY            0                         0      0        0
  MONTH TO DATE    1                         7     -6        3
  SINCE DEC 1     27                        34     -7       35
  SINCE JAN 1      1                         7     -6        3
..................................................................


WIND (MPH)
  HIGHEST WIND SPEED    21   HIGHEST WIND DIRECTION     W (280)
  HIGHEST GUST SPEED    26   HIGHEST GUST DIRECTION     W (290)


SKY COVER
  POSSIBLE SUNSHINE  MM
  AVERAGE SKY COVER 0.0


WEATHER CONDITIONS
 THE FOLLOWING WEATHER WAS RECORDED TODAY.
  NO SIGNIFICANT WEATHER WAS OBSERVED.


RELATIVE HUMIDITY (PERCENT)
 HIGHEST    76          1200 AM
 LOWEST     29           200 PM
 AVERAGE    53

..........................................................


THE VICTORIA CLIMATE NORMALS FOR TOMORROW
                         NORMAL    RECORD    YEAR
 MAXIMUM TEMPERATURE (F)   65        86      1918
 MINIMUM TEMPERATURE (F)   43        25      1905


SUNRISE AND SUNSET
JANUARY 25 2015.......SUNRISE   719 AM CST   SUNSET   601 PM CST
JANUARY 26 2015.......SUNRISE   719 AM CST   SUNSET   602 PM CST


-  INDICATES NEGATIVE NUMBERS.
R  INDICATES RECORD WAS SET OR TIED.
MM INDICATES DATA IS MISSING.
T  INDICATES TRACE AMOUNT.




$$
