000
CDUS44 KCRP 280658
CLIVCT

CLIMATE REPORT
NATIONAL WEATHER SERVICE CORPUS CHRISTI TX
155 AM CDT FRI JUL 28 2017


...................................

...THE VICTORIA CLIMATE SUMMARY FOR JULY 27 2017...

CLIMATE NORMAL PERIOD 1981 TO 2010
CLIMATE RECORD PERIOD 1893 TO 2017


WEATHER ITEM   OBSERVED TIME   RECORD YEAR NORMAL DEPARTURE LAST
                VALUE   (LST)  VALUE       VALUE  FROM      YEAR
                                                  NORMAL
..................................................................
TEMPERATURE (F)
 YESTERDAY
  MAXIMUM         99    213 PM 103    1954  95      4       97
  MINIMUM         74    614 AM  67    2008  74      0       74
  AVERAGE         87                        84      3       86

PRECIPITATION (IN)
  YESTERDAY        0.00          1.61 1973   0.12  -0.12     0.04
  MONTH TO DATE    0.37                      3.74  -3.37     0.15
  SINCE JUN 1      3.88                      8.20  -4.32     3.33
  SINCE JAN 1     23.46                     23.58  -0.12    23.55

SNOWFALL (IN)
  YESTERDAY        0.0
  MONTH TO DATE    0.0
  SINCE JUN 1      0.0
  SINCE JUL 1      0.0
  SNOW DEPTH       0

DEGREE DAYS
 HEATING
  YESTERDAY        0                         0      0        0
  MONTH TO DATE    0                         0      0        0
  SINCE JUN 1      0                         0      0        0
  SINCE JUL 1      0                         0      0        0

 COOLING
  YESTERDAY       22                        19      3       21
  MONTH TO DATE  563                       508     55      572
  SINCE JUN 1   1123                      1016    107     1102
  SINCE JAN 1   2135                      1675    460     1815
..................................................................


WIND (MPH)
  HIGHEST WIND SPEED    20   HIGHEST WIND DIRECTION    SE (150)
  HIGHEST GUST SPEED    26   HIGHEST GUST DIRECTION     S (170)
  AVERAGE WIND SPEED     8.7


SKY COVER
  POSSIBLE SUNSHINE  MM
  AVERAGE SKY COVER 0.1


WEATHER CONDITIONS
 THE FOLLOWING WEATHER WAS RECORDED YESTERDAY.
  THUNDERSTORM


RELATIVE HUMIDITY (PERCENT)
 HIGHEST    94           400 AM
 LOWEST     33           500 PM
 AVERAGE    64

..........................................................


THE VICTORIA CLIMATE NORMALS FOR TODAY
                         NORMAL    RECORD    YEAR
 MAXIMUM TEMPERATURE (F)   95       103      1912
 MINIMUM TEMPERATURE (F)   74        70      2008
                                             1994
                                             1904


SUNRISE AND SUNSET
JULY 28 2017..........SUNRISE   647 AM CDT   SUNSET   821 PM CDT
JULY 29 2017..........SUNRISE   647 AM CDT   SUNSET   821 PM CDT


-  INDICATES NEGATIVE NUMBERS.
R  INDICATES RECORD WAS SET OR TIED.
MM INDICATES DATA IS MISSING.
T  INDICATES TRACE AMOUNT.

$$

GW
