000
CDUS44 KCRP 290851 RRA
CLIVCT

CLIMATE REPORT
NATIONAL WEATHER SERVICE CORPUS CHRISTI TX
349 AM CDT FRI APR 29 2016

...................................

...THE VICTORIA CLIMATE SUMMARY FOR APRIL 28 2016...

CLIMATE NORMAL PERIOD 1981 TO 2010
CLIMATE RECORD PERIOD 1893 TO 2016

WEATHER ITEM   OBSERVED TIME   RECORD YEAR NORMAL DEPARTURE LAST
                VALUE   (LST)  VALUE       VALUE  FROM      YEAR
                                                  NORMAL
..................................................................
TEMPERATURE (F)
 YESTERDAY
  MAXIMUM         84    330 PM  98    2014  83      1       73
  MINIMUM         69    628 AM  49    1928  63      6       56
                                      1920
  AVERAGE         77                        73      4       65

PRECIPITATION (IN)
  YESTERDAY        0.00          3.27 1957   0.11  -0.11     0.00
  MONTH TO DATE    4.41                      2.57   1.84     6.81
  SINCE MAR 1      8.73                      5.34   3.39    15.18
  SINCE JAN 1     13.67                      9.94   3.73    19.23

SNOWFALL (IN)
  YESTERDAY        0.0
  MONTH TO DATE    0.0
  SINCE MAR 1      0.0
  SINCE JUL 1      0.0
  SNOW DEPTH       0

DEGREE DAYS
 HEATING
  YESTERDAY        0                         0      0        0
  MONTH TO DATE    9                        29    -20        0
  SINCE MAR 1     63                       154    -91      139
  SINCE JUL 1    913                      1247   -334     1219

 COOLING
  YESTERDAY       12                         8      4        0
  MONTH TO DATE  161                       160      1      230
  SINCE MAR 1    283                       234     49      290
  SINCE JAN 1    318                       272     46      305
..................................................................

WIND (MPH)
  HIGHEST WIND SPEED    22   HIGHEST WIND DIRECTION    SE (130)
  HIGHEST GUST SPEED    27   HIGHEST GUST DIRECTION    SE (120)
  AVERAGE WIND SPEED    11.5

SKY COVER
  POSSIBLE SUNSHINE  MM
  AVERAGE SKY COVER 0.9

WEATHER CONDITIONS
 THE FOLLOWING WEATHER WAS RECORDED YESTERDAY.
  FOG
  FOG W/VISIBILITY <= 1/4 MILE
  HAZE

RELATIVE HUMIDITY (PERCENT)
 HIGHEST   100           400 AM
 LOWEST     74          1100 AM
 AVERAGE    87

..........................................................

THE VICTORIA CLIMATE NORMALS FOR TODAY
                         NORMAL    RECORD    YEAR
 MAXIMUM TEMPERATURE (F)   83        93      1927
 MINIMUM TEMPERATURE (F)   63        47      2008

SUNRISE AND SUNSET
APRIL 29 2016.........SUNRISE   648 AM CDT   SUNSET   802 PM CDT
APRIL 30 2016.........SUNRISE   647 AM CDT   SUNSET   803 PM CDT

-  INDICATES NEGATIVE NUMBERS.
R  INDICATES RECORD WAS SET OR TIED.
MM INDICATES DATA IS MISSING.
T  INDICATES TRACE AMOUNT.

$$
