000
CDUS44 KCRP 101034
CLIVCT

CLIMATE REPORT
NATIONAL WEATHER SERVICE CORPUS CHRISTI TX
421 AM CST SAT DEC 10 2016


...................................

...THE VICTORIA CLIMATE SUMMARY FOR DECEMBER 9 2016...

CLIMATE NORMAL PERIOD 1981 TO 2010
CLIMATE RECORD PERIOD 1893 TO 2016


WEATHER ITEM   OBSERVED TIME   RECORD YEAR NORMAL DEPARTURE LAST
                VALUE   (LST)  VALUE       VALUE  FROM      YEAR
                                                  NORMAL
..................................................................
TEMPERATURE (F)
 YESTERDAY
  MAXIMUM         53    346 PM  84    2008  67    -14       78
                                      1939
  MINIMUM         37    752 AM  22    1917  45     -8       48
  AVERAGE         45                        56    -11       63

PRECIPITATION (IN)
  YESTERDAY        0.00          1.15 2002   0.07  -0.07     0.00
  MONTH TO DATE    2.64                      0.72   1.92     0.04
  SINCE DEC 1      2.64                      0.72   1.92     0.04
  SINCE JAN 1     38.88                     39.63  -0.75    52.12

SNOWFALL (IN)
  YESTERDAY        0.0
  MONTH TO DATE    0.0
  SINCE DEC 1      0.0
  SINCE JUL 1      0.0
  SNOW DEPTH       0

DEGREE DAYS
 HEATING
  YESTERDAY       20                        10     10        2
  MONTH TO DATE  102                        82     20       81
  SINCE DEC 1    102                        82     20       81
  SINCE JUL 1    152                       245    -93      179

 COOLING
  YESTERDAY        0                         1     -1        0
  MONTH TO DATE    0                         9     -9        0
  SINCE DEC 1      0                         9     -9        0
  SINCE JAN 1   3427                      3132    295     3280
..................................................................


WIND (MPH)
  HIGHEST WIND SPEED    17   HIGHEST WIND DIRECTION     N (10)
  HIGHEST GUST SPEED    23   HIGHEST GUST DIRECTION     N (10)
  AVERAGE WIND SPEED     8.3


SKY COVER
  POSSIBLE SUNSHINE  MM
  AVERAGE SKY COVER 0.7


WEATHER CONDITIONS
 THE FOLLOWING WEATHER WAS RECORDED YESTERDAY.
  NO SIGNIFICANT WEATHER WAS OBSERVED.


RELATIVE HUMIDITY (PERCENT)
 HIGHEST    76           800 PM
 LOWEST     35           200 PM
 AVERAGE    56

..........................................................


THE VICTORIA CLIMATE NORMALS FOR TODAY
                         NORMAL    RECORD    YEAR
 MAXIMUM TEMPERATURE (F)   67        88      1939
 MINIMUM TEMPERATURE (F)   45        22      1978


SUNRISE AND SUNSET
DECEMBER 10 2016......SUNRISE   710 AM CST   SUNSET   531 PM CST
DECEMBER 11 2016......SUNRISE   711 AM CST   SUNSET   531 PM CST


-  INDICATES NEGATIVE NUMBERS.
R  INDICATES RECORD WAS SET OR TIED.
MM INDICATES DATA IS MISSING.
T  INDICATES TRACE AMOUNT.




$$
