707
CDUS44 KCRP 200905
CLIVCT

CLIMATE REPORT
NATIONAL WEATHER SERVICE CORPUS CHRISTI TX
303 AM CST SAT JAN 20 2018


...................................

...THE VICTORIA CLIMATE SUMMARY FOR JANUARY 19 2018...

CLIMATE NORMAL PERIOD 1981 TO 2010
CLIMATE RECORD PERIOD 1893 TO 2018


WEATHER ITEM   OBSERVED TIME   RECORD YEAR NORMAL DEPARTURE LAST
                VALUE   (LST)  VALUE       VALUE  FROM      YEAR
                                                  NORMAL
..................................................................
TEMPERATURE (F)
 YESTERDAY
  MAXIMUM         59    700 PM  84    2000  65     -6       67
  MINIMUM         38    543 AM  14    1940  43     -5       54
  AVERAGE         49                        54     -5       61

PRECIPITATION (IN)
  YESTERDAY        0.21          1.72 1981   0.08   0.13     0.32
  MONTH TO DATE    0.44                      1.57  -1.13     2.08
  SINCE DEC 1      2.48                      3.88  -1.40     5.09
  SINCE JAN 1      0.44                      1.57  -1.13     2.08

SNOWFALL (IN)
  YESTERDAY       MM
  MONTH TO DATE    T
  SINCE DEC 1      2.0
  SINCE JUL 1      2.0
  SNOW DEPTH       0

DEGREE DAYS
 HEATING
  YESTERDAY       16                        12      4        4
  MONTH TO DATE  342                       228    114      125
  SINCE DEC 1    676                       559    117      360
  SINCE JUL 1    794                       722     72      410

 COOLING
  YESTERDAY        0                         0      0        0
  MONTH TO DATE    0                         7     -7       60
  SINCE DEC 1     21                        34    -13      117
  SINCE JAN 1      0                         7     -7       60
..................................................................


WIND (MPH)
  HIGHEST WIND SPEED    18   HIGHEST WIND DIRECTION     E (110)
  HIGHEST GUST SPEED    22   HIGHEST GUST DIRECTION     E (100)
  AVERAGE WIND SPEED     7.2


SKY COVER
  POSSIBLE SUNSHINE  MM
  AVERAGE SKY COVER 1.0


WEATHER CONDITIONS
 THE FOLLOWING WEATHER WAS RECORDED YESTERDAY.
  THUNDERSTORM
  LIGHT RAIN
  FOG


RELATIVE HUMIDITY (PERCENT)
 HIGHEST   100          1000 PM
 LOWEST     55           200 AM
 AVERAGE    78

..........................................................


THE VICTORIA CLIMATE NORMALS FOR TODAY
                         NORMAL    RECORD    YEAR
 MAXIMUM TEMPERATURE (F)   65        82      1974
                                             1933
                                             1923
 MINIMUM TEMPERATURE (F)   43        16      1940


SUNRISE AND SUNSET
JANUARY 20 2018.......SUNRISE   721 AM CST   SUNSET   557 PM CST
JANUARY 21 2018.......SUNRISE   721 AM CST   SUNSET   558 PM CST


-  INDICATES NEGATIVE NUMBERS.
R  INDICATES RECORD WAS SET OR TIED.
MM INDICATES DATA IS MISSING.
T  INDICATES TRACE AMOUNT.




$$
