000
CDUS44 KCRP 181045
CLIVCT

CLIMATE REPORT
NATIONAL WEATHER SERVICE CORPUS CHRISTI TX
443 AM CST SAT NOV 18 2017

...THE VICTORIA CLIMATE SUMMARY FOR NOVEMBER 17 2017...

CLIMATE NORMAL PERIOD 1981 TO 2010
CLIMATE RECORD PERIOD 1893 TO 2017


WEATHER ITEM   OBSERVED TIME   RECORD YEAR NORMAL DEPARTURE LAST
                VALUE   (LST)  VALUE       VALUE  FROM      YEAR
                                                  NORMAL
..................................................................
TEMPERATURE (F)
 YESTERDAY
  MAXIMUM         85    255 PM  90    1906  74     11       85
  MINIMUM         63    714 AM  31    1920  51     12       57
  AVERAGE         74                        62     12       71

PRECIPITATION (IN)
  YESTERDAY        0.00          3.12 2003   0.10  -0.10     0.00
  MONTH TO DATE    0.48                      1.92  -1.44     1.87
  SINCE SEP 1      4.18                     10.72  -6.54     4.48
  SINCE JAN 1     44.58                     37.59   6.99    34.06

SNOWFALL (IN)
  YESTERDAY        0.0
  MONTH TO DATE    0.0
  SINCE SEP 1      0.0
  SINCE JUL 1      0.0
  SNOW DEPTH       0

DEGREE DAYS
 HEATING
  YESTERDAY        0                         5     -5        0
  MONTH TO DATE   22                        56    -34        0
  SINCE SEP 1     66                        79    -13        6
  SINCE JUL 1     66                        79    -13        6

 COOLING
  YESTERDAY        9                         2      7        6
  MONTH TO DATE  129                        58     71      104
  SINCE SEP 1    836                       748     88      913
  SINCE JAN 1   3669                      3101    568     3400
..................................................................


WIND (MPH)
  HIGHEST WIND SPEED    20   HIGHEST WIND DIRECTION     S (170)
  HIGHEST GUST SPEED    24   HIGHEST GUST DIRECTION     S (190)
  AVERAGE WIND SPEED     9.7


SKY COVER
  POSSIBLE SUNSHINE  MM
  AVERAGE SKY COVER 0.5


WEATHER CONDITIONS
 THE FOLLOWING WEATHER WAS RECORDED YESTERDAY.
  FOG
  FOG W/VISIBILITY <= 1/4 MILE


RELATIVE HUMIDITY (PERCENT)
 HIGHEST   100           400 AM
 LOWEST     55           300 PM
 AVERAGE    78

..........................................................


THE VICTORIA CLIMATE NORMALS FOR TODAY
                         NORMAL    RECORD    YEAR
 MAXIMUM TEMPERATURE (F)   73        88      1973
 MINIMUM TEMPERATURE (F)   51        26      1959


SUNRISE AND SUNSET
NOVEMBER 18 2017......SUNRISE   653 AM CST   SUNSET   532 PM CST
NOVEMBER 19 2017......SUNRISE   654 AM CST   SUNSET   532 PM CST


-  INDICATES NEGATIVE NUMBERS.
R  INDICATES RECORD WAS SET OR TIED.
MM INDICATES DATA IS MISSING.
T  INDICATES TRACE AMOUNT.

$$

87
