000
CDUS45 KGJT 230738
CLIVEL


CLIMATE REPORT
NATIONAL WEATHER SERVICE GRAND JUNCTION CO
136 AM MDT SAT AUG 23 2014


...................................

...THE VERNAL UT CLIMATE SUMMARY FOR AUGUST 22 2014...

CLIMATE NORMAL PERIOD 1981 TO 2010
CLIMATE RECORD PERIOD 9999 TO 9999


WEATHER ITEM   OBSERVED TIME   RECORD YEAR NORMAL DEPARTURE LAST
                VALUE   (LST)  VALUE       VALUE  FROM      YEAR
                                                  NORMAL
..................................................................
TEMPERATURE (F)
 YESTERDAY
  MAXIMUM         78    228 PM  MM      MM  84     -6       77
  MINIMUM         53   1159 PM  MM      MM  54     -1       61
  AVERAGE         66                        69     -3       69

PRECIPITATION (IN)
  YESTERDAY        0.65         MM      MM   0.02   0.63     0.05
  MONTH TO DATE    1.93                      0.51   1.42     0.26
  SINCE JUN 1      2.68                      1.95   0.73     0.85
  SINCE JAN 1      4.66                      5.36  -0.70     4.64

SNOWFALL (IN)
  YESTERDAY       MM            MM      MM   0.0   MM       MM
  MONTH TO DATE   MM                         0.0   MM       MM
  SINCE JUN 1     MM                         0.0   MM       MM
  SINCE JUL 1     MM                         0.0   MM       MM
  SNOW DEPTH      MM

DEGREE DAYS
 HEATING
  YESTERDAY        0                         0      0        0
  MONTH TO DATE    0                         0      0        0
  SINCE JUN 1     33                        78    -45       15
  SINCE JUL 1      0                         6     -6        0

 COOLING
  YESTERDAY        1                         4     -3        4
  MONTH TO DATE  130                       141    -11      155
  SINCE JUN 1    563                       450    113      660
  SINCE JAN 1    586                       459    127      668
..................................................................


WIND (MPH)
  HIGHEST WIND SPEED    20   HIGHEST WIND DIRECTION     W (280)
  HIGHEST GUST SPEED    26   HIGHEST GUST DIRECTION     W (280)
  AVERAGE WIND SPEED     5.4


SKY COVER
  POSSIBLE SUNSHINE  MM
  AVERAGE SKY COVER 0.4


WEATHER CONDITIONS
 THE FOLLOWING WEATHER WAS RECORDED YESTERDAY.
  THUNDERSTORM
  HEAVY RAIN
  RAIN
  LIGHT RAIN
  FOG


RELATIVE HUMIDITY (PERCENT)
 HIGHEST    77           400 AM
 LOWEST     31           300 PM
 AVERAGE    54

..........................................................


THE VERNAL UT CLIMATE NORMALS FOR TODAY
                         NORMAL    RECORD    YEAR
 MAXIMUM TEMPERATURE (F)   84        MM        MM
 MINIMUM TEMPERATURE (F)   54        MM        MM


SUNRISE AND SUNSET
AUGUST 23 2014........SUNRISE   637 AM MDT   SUNSET   804 PM MDT
AUGUST 24 2014........SUNRISE   638 AM MDT   SUNSET   802 PM MDT


-  INDICATES NEGATIVE NUMBERS.
R  INDICATES RECORD WAS SET OR TIED.
MM INDICATES DATA IS MISSING.
T  INDICATES TRACE AMOUNT.




$$
