000
CDUS45 KGJT 190806
CLIVEL


CLIMATE REPORT
NATIONAL WEATHER SERVICE GRAND JUNCTION CO
103 AM MST FRI DEC 19 2014


...................................

...THE VERNAL UT CLIMATE SUMMARY FOR DECEMBER 18 2014...

CLIMATE NORMAL PERIOD 1981 TO 2010
CLIMATE RECORD PERIOD 9999 TO 9999


WEATHER ITEM   OBSERVED TIME   RECORD YEAR NORMAL DEPARTURE LAST
                VALUE   (LST)  VALUE       VALUE  FROM      YEAR
                                                  NORMAL
..................................................................
TEMPERATURE (F)
 YESTERDAY
  MAXIMUM         28   1005 PM  MM      MM  30     -2       20
  MINIMUM         24    904 AM  MM      MM  12     12        2
  AVERAGE         26                        21      5       11

PRECIPITATION (IN)
  YESTERDAY        0.00         MM      MM   0.02  -0.02     0.00
  MONTH TO DATE    0.25                      0.35  -0.10     0.79
  SINCE DEC 1      0.25                      0.35  -0.10     0.79
  SINCE JAN 1     10.12                      9.02   1.10     9.41

SNOWFALL (IN)
  YESTERDAY       MM            MM      MM   0.2   MM       MM
  MONTH TO DATE   MM                         2.9   MM       MM
  SINCE DEC 1     MM                         2.9   MM       MM
  SINCE JUL 1     MM                         4.5   MM       MM
  SNOW DEPTH      MM

DEGREE DAYS
 HEATING
  YESTERDAY       39                        44     -5       54
  MONTH TO DATE  565                       752   -187     1068
  SINCE DEC 1    565                       752   -187     1068
  SINCE JUL 1   2048                      2383   -335     2739

 COOLING
  YESTERDAY        0                         0      0        0
  MONTH TO DATE    0                         0      0        0
  SINCE DEC 1      0                         0      0        0
  SINCE JAN 1    621                       511    110      787
..................................................................


WIND (MPH)
  HIGHEST WIND SPEED     7   HIGHEST WIND DIRECTION     E (90)
  HIGHEST GUST SPEED     8   HIGHEST GUST DIRECTION     E (90)
  AVERAGE WIND SPEED     3.3


SKY COVER
  POSSIBLE SUNSHINE  MM
  AVERAGE SKY COVER 1.0


WEATHER CONDITIONS
 THE FOLLOWING WEATHER WAS RECORDED YESTERDAY.
  FOG


RELATIVE HUMIDITY (PERCENT)
 HIGHEST   100           100 AM
 LOWEST     81           500 PM
 AVERAGE    91

..........................................................


THE VERNAL UT CLIMATE NORMALS FOR TODAY
                         NORMAL    RECORD    YEAR
 MAXIMUM TEMPERATURE (F)   29        MM        MM
 MINIMUM TEMPERATURE (F)   12        MM        MM


SUNRISE AND SUNSET
DECEMBER 19 2014......SUNRISE   737 AM MST   SUNSET   454 PM MST
DECEMBER 20 2014......SUNRISE   737 AM MST   SUNSET   454 PM MST


-  INDICATES NEGATIVE NUMBERS.
R  INDICATES RECORD WAS SET OR TIED.
MM INDICATES DATA IS MISSING.
T  INDICATES TRACE AMOUNT.




$$
