995
CDUS45 KGJT 200856
CLIVEL


CLIMATE REPORT
NATIONAL WEATHER SERVICE GRAND JUNCTION CO
151 AM MST TUE FEB 20 2018


...................................

...THE VERNAL UT CLIMATE SUMMARY FOR FEBRUARY 19 2018...

CLIMATE NORMAL PERIOD 1981 TO 2010
CLIMATE RECORD PERIOD 9999 TO 9999


WEATHER ITEM   OBSERVED TIME   RECORD YEAR NORMAL DEPARTURE LAST
                VALUE   (LST)  VALUE       VALUE  FROM      YEAR
                                                  NORMAL
..................................................................
TEMPERATURE (F)
 YESTERDAY
  MAXIMUM         39    457 AM  MM      MM  38      1       40
  MINIMUM         11   1159 PM  MM      MM  18     -7       30
  AVERAGE         25                        28     -3       35

PRECIPITATION (IN)
  YESTERDAY        0.31         MM      MM   0.02   0.29     0.11
  MONTH TO DATE    0.37                      0.34   0.03     1.02
  SINCE DEC 1      0.85                      1.48  -0.63     3.67
  SINCE JAN 1      0.82                      0.84  -0.02     2.65

SNOWFALL (IN)
  YESTERDAY       MM            MM      MM     MM   MM       MM
  MONTH TO DATE   MM                           MM   MM       MM
  SINCE DEC 1     MM                           MM   MM       MM
  SINCE JUL 1     MM                           MM   MM       MM
  SNOW DEPTH      MM

DEGREE DAYS
 HEATING
  YESTERDAY       40                        37      3       30
  MONTH TO DATE  544                       780   -236      657
  SINCE DEC 1   2830                      3544   -714     3368
  SINCE JUL 1   4308                      5175   -867     4725

 COOLING
  YESTERDAY        0                         0      0        0
  MONTH TO DATE    0                         0      0        0
  SINCE DEC 1      0                         0      0        0
  SINCE JAN 1      0                         0      0        0
..................................................................


WIND (MPH)
  HIGHEST WIND SPEED    25   HIGHEST WIND DIRECTION    NW (320)
  HIGHEST GUST SPEED    32   HIGHEST GUST DIRECTION    NE (60)
  AVERAGE WIND SPEED    10.3


SKY COVER
  POSSIBLE SUNSHINE  MM
  AVERAGE SKY COVER 1.0


WEATHER CONDITIONS
 THE FOLLOWING WEATHER WAS RECORDED YESTERDAY.
  THUNDERSTORM
  HEAVY SNOW
  SNOW
  LIGHT SNOW
  FOG
  FOG W/VISIBILITY <= 1/4 MILE
  HAZE


RELATIVE HUMIDITY (PERCENT)
 HIGHEST    92           800 AM
 LOWEST     44           200 AM
 AVERAGE    68

..........................................................


THE VERNAL UT CLIMATE NORMALS FOR TODAY
                         NORMAL    RECORD    YEAR
 MAXIMUM TEMPERATURE (F)   38        MM        MM
 MINIMUM TEMPERATURE (F)   18        MM        MM


SUNRISE AND SUNSET
FEBRUARY 20 2018......SUNRISE   705 AM MST   SUNSET   559 PM MST
FEBRUARY 21 2018......SUNRISE   703 AM MST   SUNSET   601 PM MST


-  INDICATES NEGATIVE NUMBERS.
R  INDICATES RECORD WAS SET OR TIED.
MM INDICATES DATA IS MISSING.
T  INDICATES TRACE AMOUNT.




$$
