000
CDUS43 KSGF 240640
CLIVIH


CLIMATE REPORT
NATIONAL WEATHER SERVICE SPRINGFIELD MO
140 AM CDT SUN MAY 24 2015


...................................

...THE VICHY-ROLLA MO CLIMATE SUMMARY FOR MAY 23 2015...

CLIMATE NORMAL PERIOD 1981 TO 2010
CLIMATE RECORD PERIOD 1888 TO 2015


WEATHER ITEM   OBSERVED TIME   RECORD YEAR NORMAL DEPARTURE LAST
                VALUE   (LST)  VALUE       VALUE  FROM      YEAR
                                                  NORMAL
..................................................................
TEMPERATURE (F)
 YESTERDAY
  MAXIMUM         72   1248 PM  90    1996  76     -4       79
  MINIMUM         56    344 AM  42    1963  55      1       59
  AVERAGE         64                        66     -2       69

PRECIPITATION (IN)
  YESTERDAY        T             1.76 1971   0.16  -0.16     0.07
  MONTH TO DATE    3.27                      3.74  -0.47     1.51
  SINCE MAR 1      8.41                     11.41  -3.00     5.87
  SINCE JAN 1     10.69                     15.51  -4.82     7.33

DEGREE DAYS
 HEATING
  YESTERDAY        1                         3     -2        0
  MONTH TO DATE   80                       101    -21      124
  SINCE MAR 1    918                      1029   -111     1170
  SINCE JUL 1   5035                      4819    216     5476

 COOLING
  YESTERDAY        0                         3     -3        4
  MONTH TO DATE   57                        49      8       85
  SINCE MAR 1     70                        75     -5       97
  SINCE JAN 1     70                        75     -5       97
..................................................................


WIND (MPH)
  HIGHEST WIND SPEED    17   HIGHEST WIND DIRECTION    SE (150)
  HIGHEST GUST SPEED    20   HIGHEST GUST DIRECTION     E (110)
  AVERAGE WIND SPEED     9.4


SKY COVER
  AVERAGE SKY COVER 0.7


WEATHER CONDITIONS
 THE FOLLOWING WEATHER WAS RECORDED YESTERDAY.
  LIGHT RAIN


RELATIVE HUMIDITY (PERCENT)
 HIGHEST    80           200 AM
 LOWEST     55          1100 AM
 AVERAGE    68

..........................................................


THE VICHY-ROLLA MO CLIMATE NORMALS FOR TODAY
                         NORMAL    RECORD    YEAR
 MAXIMUM TEMPERATURE (F)   76        93      1996
 MINIMUM TEMPERATURE (F)   56        41      2001


SUNRISE AND SUNSET
MAY 24 2015...........SUNRISE   550 AM CDT   SUNSET   818 PM CDT
MAY 25 2015...........SUNRISE   549 AM CDT   SUNSET   819 PM CDT


-  INDICATES NEGATIVE NUMBERS.
R  INDICATES RECORD WAS SET OR TIED.
MM INDICATES DATA IS MISSING.
T  INDICATES TRACE AMOUNT.




$$
