000
CDUS43 KSGF 140642
CLIVIH


CLIMATE REPORT
NATIONAL WEATHER SERVICE SPRINGFIELD MO
142 AM CDT MON JUL 14 2014


...................................

...THE VICHY-ROLLA MO CLIMATE SUMMARY FOR JULY 13 2014...

CLIMATE NORMAL PERIOD 1981 TO 2010
CLIMATE RECORD PERIOD 1888 TO 2014


WEATHER ITEM   OBSERVED TIME   RECORD YEAR NORMAL DEPARTURE LAST
                VALUE   (LST)  VALUE       VALUE  FROM      YEAR
                                                  NORMAL
..................................................................
TEMPERATURE (F)
 YESTERDAY
  MAXIMUM         91    223 PM 112    1901  88      3       82
  MINIMUM         70   1159 PM  49    1898  67      3       57
  AVERAGE         81                        77      4       70

PRECIPITATION (IN)
  YESTERDAY       MM             1.30 1952   0.15  MM        0.00
  MONTH TO DATE    0.11                      1.87  -1.76     1.29
  SINCE JUN 1      3.42                      6.50  -3.08     5.08
  SINCE JAN 1     13.04                     23.31 -10.27    26.38

DEGREE DAYS
 HEATING
  YESTERDAY        0                         0      0        0
  MONTH TO DATE    0                         0      0        0
  SINCE JUN 1      1                        14    -13       17
  SINCE JUL 1      0                         0      0        0

 COOLING
  YESTERDAY       16                        12      4        5
  MONTH TO DATE  106                       152    -46      108
  SINCE JUN 1    364                       387    -23      325
  SINCE JAN 1    511                       494     17      432
..................................................................


WIND (MPH)
  HIGHEST WIND SPEED    20   HIGHEST WIND DIRECTION    NW (300)
  HIGHEST GUST SPEED    23   HIGHEST GUST DIRECTION    NW (300)
  AVERAGE WIND SPEED     7.0


SKY COVER
  AVERAGE SKY COVER 0.4


WEATHER CONDITIONS
 THE FOLLOWING WEATHER WAS RECORDED YESTERDAY.
  THUNDERSTORM
  HEAVY RAIN
  RAIN
  LIGHT RAIN
  FOG
  HAZE


RELATIVE HUMIDITY (PERCENT)
 HIGHEST    87           200 AM
 LOWEST     50           200 PM
 AVERAGE    69

..........................................................


THE VICHY-ROLLA MO CLIMATE NORMALS FOR TODAY
                         NORMAL    RECORD    YEAR
 MAXIMUM TEMPERATURE (F)   88       112      1954
 MINIMUM TEMPERATURE (F)   67        46      1898


SUNRISE AND SUNSET
JULY 14 2014..........SUNRISE   555 AM CDT   SUNSET   830 PM CDT
JULY 15 2014..........SUNRISE   556 AM CDT   SUNSET   830 PM CDT


-  INDICATES NEGATIVE NUMBERS.
R  INDICATES RECORD WAS SET OR TIED.
MM INDICATES DATA IS MISSING.
T  INDICATES TRACE AMOUNT.




$$
