000
CDUS43 KSGF 130628
CLIVIH


CLIMATE REPORT
NATIONAL WEATHER SERVICE SPRINGFIELD MO
1227 AM CST WED DEC 13 2017


...................................

...THE VICHY-ROLLA MO CLIMATE SUMMARY FOR DECEMBER 12 2017...

CLIMATE NORMAL PERIOD 1981 TO 2010
CLIMATE RECORD PERIOD 1888 TO 2017


WEATHER ITEM   OBSERVED TIME   RECORD YEAR NORMAL DEPARTURE LAST
                VALUE   (LST)  VALUE       VALUE  FROM      YEAR
                                                  NORMAL
..................................................................
TEMPERATURE (F)
 YESTERDAY
  MAXIMUM         40   1213 AM  70    1991  44     -4       39
  MINIMUM         21   1026 PM -11    1962  25     -4       25
  AVERAGE         31                        34     -3       32

PRECIPITATION (IN)
  YESTERDAY        0.00          1.25 1902   0.09  -0.09     0.00
  MONTH TO DATE    0.17                      1.19  -1.02     0.25
  SINCE DEC 1      0.17                      1.19  -1.02     0.25
  SINCE JAN 1     42.12                     42.16  -0.04    40.31

DEGREE DAYS
 HEATING
  YESTERDAY       34                        31      3       33
  MONTH TO DATE  313                       347    -34      390
  SINCE DEC 1    313                       347    -34      390
  SINCE JUL 1   1065                      1294   -229     1018

 COOLING
  YESTERDAY        0                         0      0        0
  MONTH TO DATE    0                         0      0        0
  SINCE DEC 1      0                         0      0        0
  SINCE JAN 1   1247                      1246      1     1482
..................................................................


WIND (MPH)
  HIGHEST WIND SPEED    23   HIGHEST WIND DIRECTION    NW (330)
  HIGHEST GUST SPEED    35   HIGHEST GUST DIRECTION     N (340)
  AVERAGE WIND SPEED    11.0


SKY COVER
  AVERAGE SKY COVER 0.3


WEATHER CONDITIONS
 THE FOLLOWING WEATHER WAS RECORDED YESTERDAY.
  NO SIGNIFICANT WEATHER WAS OBSERVED.


RELATIVE HUMIDITY (PERCENT)
 HIGHEST    81           800 AM
 LOWEST     25           400 PM
 AVERAGE    53

..........................................................


THE VICHY-ROLLA MO CLIMATE NORMALS FOR TODAY
                         NORMAL    RECORD    YEAR
 MAXIMUM TEMPERATURE (F)   43        76      1948
 MINIMUM TEMPERATURE (F)   25        -9      1898


SUNRISE AND SUNSET
DECEMBER 13 2017......SUNRISE   715 AM CST   SUNSET   448 PM CST
DECEMBER 14 2017......SUNRISE   716 AM CST   SUNSET   448 PM CST


-  INDICATES NEGATIVE NUMBERS.
R  INDICATES RECORD WAS SET OR TIED.
MM INDICATES DATA IS MISSING.
T  INDICATES TRACE AMOUNT.




$$
