000
CDUS42 KTAE 250635
CLIVLD


CLIMATE REPORT
NATIONAL WEATHER SERVICE TALLAHASSEE FL
234 AM EDT SAT MAR 25 2017


...................................

...THE VALDOSTA CLIMATE SUMMARY FOR MARCH 24 2017...

CLIMATE NORMAL PERIOD 1981 TO 2010
CLIMATE RECORD PERIOD 1948 TO 2017


WEATHER ITEM   OBSERVED TIME   NORMAL DEPARTURE LAST
                VALUE   (LST)  VALUE  FROM      YEAR
                                      NORMAL
......................................................
TEMPERATURE (F)
 YESTERDAY
  MAXIMUM         80    351 PM  74      6       82
  MINIMUM         54    744 AM  49      5       50
  AVERAGE         67            61      6       66

PRECIPITATION (IN)
  YESTERDAY        0.00          0.14  -0.14     0.72
  MONTH TO DATE    1.20          3.79  -2.59     3.37
  SINCE MAR 1      1.20          3.79  -2.59     3.37
  SINCE JAN 1     11.51         12.52  -1.01    12.23

DEGREE DAYS
 HEATING
  YESTERDAY        0             5     -5        0
  MONTH TO DATE  174           155     19       88
  SINCE MAR 1    174           155     19       88
  SINCE JUL 1    960          1535   -575     1030

 COOLING
  YESTERDAY        2             1      1        1
  MONTH TO DATE   22            24     -2       68
  SINCE MAR 1     22            24     -2       68
  SINCE JAN 1     68            34     34       78
......................................................


WIND (MPH)
  HIGHEST WIND SPEED    17   HIGHEST WIND DIRECTION    SE (140)
  HIGHEST GUST SPEED    23   HIGHEST GUST DIRECTION    SE (140)
  AVERAGE WIND SPEED     8.0




RELATIVE HUMIDITY (PERCENT)
 HIGHEST   100
 LOWEST     35
 AVERAGE    68

..........................................................




SUNRISE AND SUNSET
MARCH 25 2017.........SUNRISE   730 AM EDT   SUNSET   748 PM EDT
MARCH 26 2017.........SUNRISE   729 AM EDT   SUNSET   749 PM EDT


-  INDICATES NEGATIVE NUMBERS.
R  INDICATES RECORD WAS SET OR TIED.
MM INDICATES DATA IS MISSING.
T  INDICATES TRACE AMOUNT.




$$
