000
CDUS42 KTAE 240636
CLIVLD


CLIMATE REPORT
NATIONAL WEATHER SERVICE TALLAHASSEE FL
135 AM EST FRI FEB 24 2017


...................................

...THE VALDOSTA CLIMATE SUMMARY FOR FEBRUARY 23 2017...

CLIMATE NORMAL PERIOD 1981 TO 2010
CLIMATE RECORD PERIOD 1948 TO 2017


WEATHER ITEM   OBSERVED TIME   NORMAL DEPARTURE LAST
                VALUE   (LST)  VALUE  FROM      YEAR
                                      NORMAL
......................................................
TEMPERATURE (F)
 YESTERDAY
  MAXIMUM         80    407 PM  69     11       82
  MINIMUM         59   1159 PM  43     16       56
  AVERAGE         70            56     14       69

PRECIPITATION (IN)
  YESTERDAY        0.00          0.21  -0.21     0.00
  MONTH TO DATE    1.20          3.01  -1.81     4.50
  SINCE DEC 1     12.46         10.75   1.71    10.90
  SINCE JAN 1     10.31          7.58   2.73     8.39

DEGREE DAYS
 HEATING
  YESTERDAY        0             9     -9        0
  MONTH TO DATE  112           266   -154      226
  SINCE DEC 1    604          1104   -500      795
  SINCE JUL 1    771          1335   -564      871
......................................................


WIND (MPH)
  HIGHEST WIND SPEED    18   HIGHEST WIND DIRECTION    NE (40)
  HIGHEST GUST SPEED    23   HIGHEST GUST DIRECTION    NE (40)
  AVERAGE WIND SPEED     9.0




RELATIVE HUMIDITY (PERCENT)
 HIGHEST   100
 LOWEST     48
 AVERAGE    74

..........................................................




SUNRISE AND SUNSET
FEBRUARY 24 2017......SUNRISE   705 AM EST   SUNSET   628 PM EST
FEBRUARY 25 2017......SUNRISE   704 AM EST   SUNSET   629 PM EST


-  INDICATES NEGATIVE NUMBERS.
R  INDICATES RECORD WAS SET OR TIED.
MM INDICATES DATA IS MISSING.
T  INDICATES TRACE AMOUNT.




$$
