000
CDUS42 KTAE 230634
CLIVLD


CLIMATE REPORT
NATIONAL WEATHER SERVICE TALLAHASSEE FL
134 AM EST TUE JAN 23 2018


...................................

...THE VALDOSTA CLIMATE SUMMARY FOR JANUARY 22 2018...

CLIMATE NORMAL PERIOD 1981 TO 2010
CLIMATE RECORD PERIOD 1948 TO 2018


WEATHER ITEM   OBSERVED TIME   NORMAL DEPARTURE LAST
                VALUE   (LST)  VALUE  FROM      YEAR
                                      NORMAL
......................................................
TEMPERATURE (F)
 YESTERDAY
  MAXIMUM         76    241 PM  62     14       77
  MINIMUM         43    330 AM  39      4       56
  AVERAGE         60            50     10       67

PRECIPITATION (IN)
  YESTERDAY        0.12          0.12   0.00     3.32
  MONTH TO DATE    1.58          3.27  -1.69     9.06
  SINCE DEC 1      3.16          6.44  -3.28    11.21
  SINCE JAN 1      1.58          3.27  -1.69     9.06

SNOWFALL (IN)
  YESTERDAY       MM
  MONTH TO DATE    0.6
  SINCE DEC 1      0.6
  SINCE JUL 1      0.6

DEGREE DAYS
 HEATING
  YESTERDAY        5            15    -10        0
  MONTH TO DATE  451           330    121      146
  SINCE DEC 1    801           712     89      387
  SINCE JUL 1   1034           943     91      554
......................................................


WIND (MPH)
  HIGHEST WIND SPEED    20   HIGHEST WIND DIRECTION     S (170)
  HIGHEST GUST SPEED    25   HIGHEST GUST DIRECTION     S (190)
  AVERAGE WIND SPEED     7.0




RELATIVE HUMIDITY (PERCENT)
 HIGHEST    93
 LOWEST     57
 AVERAGE    75

..........................................................




SUNRISE AND SUNSET
JANUARY 23 2018.......SUNRISE   729 AM EST   SUNSET   601 PM EST
JANUARY 24 2018.......SUNRISE   729 AM EST   SUNSET   602 PM EST


-  INDICATES NEGATIVE NUMBERS.
R  INDICATES RECORD WAS SET OR TIED.
MM INDICATES DATA IS MISSING.
T  INDICATES TRACE AMOUNT.




$$
