000
CDUS42 KTAE 270642
CLIVLD


CLIMATE REPORT
NATIONAL WEATHER SERVICE TALLAHASSEE FL
142 AM EST THU NOV 27 2014


...................................

...THE VALDOSTA CLIMATE SUMMARY FOR NOVEMBER 26 2014...

CLIMATE NORMAL PERIOD 1981 TO 2010
CLIMATE RECORD PERIOD 1948 TO 2014


WEATHER ITEM   OBSERVED TIME   NORMAL DEPARTURE LAST
                VALUE   (LST)  VALUE  FROM      YEAR
                                      NORMAL
......................................................
TEMPERATURE (F)
 YESTERDAY
  MAXIMUM         61    313 PM  69     -8       75
  MINIMUM         39   1134 PM  45     -6       56
  AVERAGE         50            57     -7       66

PRECIPITATION (IN)
  YESTERDAY        0.19          0.10   0.09     2.49
  MONTH TO DATE    4.48          2.14   2.34     3.85
  SINCE SEP 1     12.70          9.98   2.72     7.13
  SINCE JAN 1     48.13         47.01   1.12    41.29

DEGREE DAYS
 HEATING
  YESTERDAY       15             8      7        0
  MONTH TO DATE  268           151    117       87
  SINCE SEP 1    304           194    110      109
  SINCE JUL 1    304           194    110      109
......................................................


WIND (MPH)
  HIGHEST WIND SPEED    10   HIGHEST WIND DIRECTION    NW (320)
  HIGHEST GUST SPEED    20   HIGHEST GUST DIRECTION     N (350)
  AVERAGE WIND SPEED     3.7




RELATIVE HUMIDITY (PERCENT)
 HIGHEST   100
 LOWEST     33
 AVERAGE    67

..........................................................




SUNRISE AND SUNSET
NOVEMBER 27 2014......SUNRISE   710 AM EST   SUNSET   532 PM EST
NOVEMBER 28 2014......SUNRISE   711 AM EST   SUNSET   531 PM EST


-  INDICATES NEGATIVE NUMBERS.
R  INDICATES RECORD WAS SET OR TIED.
MM INDICATES DATA IS MISSING.
T  INDICATES TRACE AMOUNT.




$$
