000
CDUS42 KTAE 230635
CLIVLD


CLIMATE REPORT
NATIONAL WEATHER SERVICE TALLAHASSEE FL
234 AM EDT MON OCT 23 2017

...................................

...THE VALDOSTA CLIMATE SUMMARY FOR OCTOBER 22 2017...

CLIMATE NORMAL PERIOD 1981 TO 2010
CLIMATE RECORD PERIOD 1948 TO 2017


WEATHER ITEM   OBSERVED TIME   NORMAL DEPARTURE LAST
                VALUE   (LST)  VALUE  FROM      YEAR
                                      NORMAL
......................................................
TEMPERATURE (F)
 YESTERDAY
  MAXIMUM         87    421 PM  79      8       74
  MINIMUM         67    516 AM  55     12       45
  AVERAGE         77            67     10       60

PRECIPITATION (IN)
  YESTERDAY        0.26          0.10   0.16     0.00
  MONTH TO DATE    3.10          2.27   0.83     0.46
  SINCE SEP 1      5.44          6.91  -1.47     6.07
  SINCE JAN 1     37.22         43.94  -6.72    50.40

DEGREE DAYS
 HEATING
  YESTERDAY        0             2     -2        5
  MONTH TO DATE    1            15    -14        5
  SINCE SEP 1      1            16    -15        5
  SINCE JUL 1      1            16    -15        5

 COOLING
  YESTERDAY       12             4      8        0
  MONTH TO DATE  236           127    109      179
  SINCE SEP 1    576           498     78      627
  SINCE JAN 1   2559          2352    207     2757
......................................................


WIND (MPH)
  HIGHEST WIND SPEED    16   HIGHEST WIND DIRECTION    SE (150)
  HIGHEST GUST SPEED    22   HIGHEST GUST DIRECTION    SE (140)
  AVERAGE WIND SPEED     6.3




RELATIVE HUMIDITY (PERCENT)
 HIGHEST   100
 LOWEST     51
 AVERAGE    76

..........................................................




SUNRISE AND SUNSET
OCTOBER 23 2017.......SUNRISE   741 AM EDT   SUNSET   653 PM EDT
OCTOBER 24 2017.......SUNRISE   742 AM EDT   SUNSET   652 PM EDT


-  INDICATES NEGATIVE NUMBERS.
R  INDICATES RECORD WAS SET OR TIED.
MM INDICATES DATA IS MISSING.
T  INDICATES TRACE AMOUNT.




$$
