000
CDUS42 KTAE 310632
CLIVLD


CLIMATE REPORT
NATIONAL WEATHER SERVICE TALLAHASSEE FL
231 AM EDT FRI JUL 31 2015


...................................

...THE VALDOSTA CLIMATE SUMMARY FOR JULY 30 2015...

CLIMATE NORMAL PERIOD 1981 TO 2010
CLIMATE RECORD PERIOD 1948 TO 2015


WEATHER ITEM   OBSERVED TIME   NORMAL DEPARTURE LAST
                VALUE   (LST)  VALUE  FROM      YEAR
                                      NORMAL
......................................................
TEMPERATURE (F)
 YESTERDAY
  MAXIMUM         93    325 PM  92      1       95
  MINIMUM         75    640 AM  71      4       67
  AVERAGE         84            82      2       81

PRECIPITATION (IN)
  YESTERDAY        0.05          0.21  -0.16     0.00
  MONTH TO DATE    9.62          6.42   3.20     3.84
  SINCE JUN 1     12.74         12.48   0.26     6.08
  SINCE JAN 1     31.30         31.48  -0.18    29.35

DEGREE DAYS
 COOLING
  YESTERDAY       19            17      2       16
  MONTH TO DATE  550           493     57      585
  SINCE JUN 1   1029           925    104     1147
  SINCE JAN 1   1676          1337    339     1750
......................................................


WIND (MPH)
  HIGHEST WIND SPEED    21   HIGHEST WIND DIRECTION     S (180)
  HIGHEST GUST SPEED    25   HIGHEST GUST DIRECTION     S (180)
  AVERAGE WIND SPEED     2.4




RELATIVE HUMIDITY (PERCENT)
 HIGHEST   100
 LOWEST     60
 AVERAGE    80

..........................................................




SUNRISE AND SUNSET
JULY 31 2015..........SUNRISE   650 AM EDT   SUNSET   829 PM EDT
AUGUST  1 2015........SUNRISE   651 AM EDT   SUNSET   828 PM EDT


-  INDICATES NEGATIVE NUMBERS.
R  INDICATES RECORD WAS SET OR TIED.
MM INDICATES DATA IS MISSING.
T  INDICATES TRACE AMOUNT.




$$
