000
CDUS42 KTAE 300630
CLIVLD


CLIMATE REPORT
NATIONAL WEATHER SERVICE TALLAHASSEE FL
230 AM EDT SUN APR 30 2017


...................................

...THE VALDOSTA CLIMATE SUMMARY FOR APRIL 29 2017...

CLIMATE NORMAL PERIOD 1981 TO 2010
CLIMATE RECORD PERIOD 1948 TO 2017


WEATHER ITEM   OBSERVED TIME   NORMAL DEPARTURE LAST
                VALUE   (LST)  VALUE  FROM      YEAR
                                      NORMAL
......................................................
TEMPERATURE (F)
 YESTERDAY
  MAXIMUM         91    255 PM  83      8       91
  MINIMUM         69    536 AM  56     13       67
  AVERAGE         80            69     11       79

PRECIPITATION (IN)
  YESTERDAY        0.00          0.06  -0.06     0.00
  MONTH TO DATE    1.94          2.81  -0.87     4.97
  SINCE MAR 1      3.14          7.68  -4.54    11.14
  SINCE JAN 1     13.45         16.41  -2.96    20.00

DEGREE DAYS
 HEATING
  YESTERDAY        0             1     -1        0
  MONTH TO DATE   30            67    -37       30
  SINCE MAR 1    204           253    -49      121
  SINCE JUL 1    990          1633   -643     1063

 COOLING
  YESTERDAY       15             5     10       14
  MONTH TO DATE  145            88     57      110
  SINCE MAR 1    202           121     81      199
  SINCE JAN 1    248           131    117      209
......................................................


WIND (MPH)
  HIGHEST WIND SPEED    18   HIGHEST WIND DIRECTION     S (170)
  HIGHEST GUST SPEED    25   HIGHEST GUST DIRECTION     S (170)
  AVERAGE WIND SPEED     6.4




RELATIVE HUMIDITY (PERCENT)
 HIGHEST    90
 LOWEST     41
 AVERAGE    66

..........................................................




SUNRISE AND SUNSET
APRIL 30 2017.........SUNRISE   650 AM EDT   SUNSET   811 PM EDT
MAY  1 2017...........SUNRISE   649 AM EDT   SUNSET   812 PM EDT


-  INDICATES NEGATIVE NUMBERS.
R  INDICATES RECORD WAS SET OR TIED.
MM INDICATES DATA IS MISSING.
T  INDICATES TRACE AMOUNT.




$$
