000
CDUS42 KTAE 040634
CLIVLD


CLIMATE REPORT
NATIONAL WEATHER SERVICE TALLAHASSEE FL
132 AM EST SUN DEC 4 2016


...................................

...THE VALDOSTA CLIMATE SUMMARY FOR DECEMBER 3 2016...

CLIMATE NORMAL PERIOD 1981 TO 2010
CLIMATE RECORD PERIOD 1948 TO 2016


WEATHER ITEM   OBSERVED TIME   NORMAL DEPARTURE LAST
                VALUE   (LST)  VALUE  FROM      YEAR
                                      NORMAL
......................................................
TEMPERATURE (F)
 YESTERDAY
  MAXIMUM         64    404 PM  67     -3       59
  MINIMUM         40    205 AM  44     -4       49
  AVERAGE         52            56     -4       54

PRECIPITATION (IN)
  YESTERDAY        0.00          0.12  -0.12     0.00
  MONTH TO DATE    0.00          0.33  -0.33     0.24
  SINCE DEC 1      0.00          0.33  -0.33     0.24
  SINCE JAN 1     50.40         47.76   2.64    46.67

DEGREE DAYS
 HEATING
  YESTERDAY       13            10      3       11
  MONTH TO DATE   39            30      9       11
  SINCE DEC 1     39            30      9       11
  SINCE JUL 1    206           261    -55       87
......................................................


WIND (MPH)
  HIGHEST WIND SPEED    13   HIGHEST WIND DIRECTION    NE (50)
  HIGHEST GUST SPEED    17   HIGHEST GUST DIRECTION    NE (40)
  AVERAGE WIND SPEED     5.9




RELATIVE HUMIDITY (PERCENT)
 HIGHEST    79
 LOWEST     34
 AVERAGE    57

..........................................................




SUNRISE AND SUNSET
DECEMBER  4 2016......SUNRISE   716 AM EST   SUNSET   531 PM EST
DECEMBER  5 2016......SUNRISE   717 AM EST   SUNSET   531 PM EST


-  INDICATES NEGATIVE NUMBERS.
R  INDICATES RECORD WAS SET OR TIED.
MM INDICATES DATA IS MISSING.
T  INDICATES TRACE AMOUNT.




$$
