000
CDUS42 KTAE 200633
CLIVLD


CLIMATE REPORT
NATIONAL WEATHER SERVICE TALLAHASSEE FL
222 AM EDT SUN APR 20 2014

...................................

...THE VALDOSTA CLIMATE SUMMARY FOR APRIL 19 2014...

CLIMATE NORMAL PERIOD 1981 TO 2010
CLIMATE RECORD PERIOD 1948 TO 2014


WEATHER ITEM   OBSERVED TIME   NORMAL DEPARTURE LAST
                VALUE   (LST)  VALUE  FROM      YEAR
                                      NORMAL
......................................................
TEMPERATURE (F)
 YESTERDAY
  MAXIMUM         63    403 PM  80    -17       87
  MINIMUM         58    735 AM  53      5       52
  AVERAGE         61            67     -6       70

PRECIPITATION (IN)
  YESTERDAY        0.18          0.09   0.09     0.92
  MONTH TO DATE    8.20          2.05   6.15     4.79
  SINCE MAR 1     12.36          6.92   5.44     7.08
  SINCE JAN 1     18.50         15.65   2.85    13.23

DEGREE DAYS
 HEATING
  YESTERDAY        4             2      2        0
  MONTH TO DATE   23            55    -32       15
  SINCE MAR 1    182           241    -59      289
  SINCE JUL 1   1233          1621   -388     1158

 COOLING
  YESTERDAY        0             3     -3        5
  MONTH TO DATE   81            46     35      107
  SINCE MAR 1    114            79     35      133
  SINCE JAN 1    146            89     57      210
......................................................


WIND (MPH)
  HIGHEST WIND SPEED    18   HIGHEST WIND DIRECTION     N (20)
  HIGHEST GUST SPEED    23   HIGHEST GUST DIRECTION     N (10)
  AVERAGE WIND SPEED     9.1




RELATIVE HUMIDITY (PERCENT)
 HIGHEST    86
 LOWEST     78
 AVERAGE    82

..........................................................




SUNRISE AND SUNSET
APRIL 20 2014.........SUNRISE   700 AM EDT   SUNSET   804 PM EDT
APRIL 21 2014.........SUNRISE   659 AM EDT   SUNSET   805 PM EDT


-  INDICATES NEGATIVE NUMBERS.
R  INDICATES RECORD WAS SET OR TIED.
MM INDICATES DATA IS MISSING.
T  INDICATES TRACE AMOUNT.

$$
