000
CDUS42 KFFC 220831
CLIVPC


CLIMATE REPORT
NATIONAL WEATHER SERVICE PEACHTREE CITY GA
430 AM EDT THU JUN 22 2017


...................................

...THE CARTERSVILLE CLIMATE SUMMARY FOR JUNE 21 2017...

CLIMATE NORMAL PERIOD 1981 TO 2010
CLIMATE RECORD PERIOD 9999 TO 9999


WEATHER ITEM   OBSERVED TIME   RECORD YEAR NORMAL DEPARTURE LAST
                VALUE   (LST)  VALUE       VALUE  FROM      YEAR
                                                  NORMAL
..................................................................
TEMPERATURE (F)
 YESTERDAY
  MAXIMUM         80    303 PM  MM      MM  88     -8       90
  MINIMUM         70   1159 PM  MM      MM  64      6       61
  AVERAGE         75                        76     -1       76

PRECIPITATION (IN)
  YESTERDAY        0.11         MM      MM   0.13  -0.02     0.00
  MONTH TO DATE    3.10                      2.52   0.58     4.43
  SINCE JUN 1      3.10                      2.52   0.58     4.43
  SINCE JAN 1     29.07                     24.68   4.39    20.95

DEGREE DAYS
 COOLING
  YESTERDAY       10                        11     -1       11
  MONTH TO DATE  224                       189     35      245
  SINCE JUN 1    224                       189     35      245
  SINCE JAN 1    469                       338    131      438
..................................................................


WIND (MPH)
  RESULTANT WIND SPEED   1   RESULTANT WIND DIRECTION  SE (130)
  HIGHEST WIND SPEED    10   HIGHEST WIND DIRECTION     S (180)
  HIGHEST GUST SPEED    15   HIGHEST GUST DIRECTION     S (170)
  AVERAGE WIND SPEED     1.6


SKY COVER
  AVERAGE SKY COVER 0.9


WEATHER CONDITIONS
 THE FOLLOWING WEATHER WAS RECORDED YESTERDAY.
  RAIN
  LIGHT RAIN
  FOG


RELATIVE HUMIDITY (PERCENT)
 HIGHEST   100          1200 AM
 LOWEST     79          1200 PM
 AVERAGE    90

..........................................................


THE CARTERSVILLE CLIMATE NORMALS FOR TODAY
                         NORMAL    RECORD    YEAR
 MAXIMUM TEMPERATURE (F)   88        MM        MM
 MINIMUM TEMPERATURE (F)   64        MM        MM


SUNRISE AND SUNSET
JUNE 22 2017..........SUNRISE   629 AM EDT   SUNSET   854 PM EDT
JUNE 23 2017..........SUNRISE   629 AM EDT   SUNSET   855 PM EDT


-  INDICATES NEGATIVE NUMBERS.
R  INDICATES RECORD WAS SET OR TIED.
MM INDICATES DATA IS MISSING.
T  INDICATES TRACE AMOUNT.




$$
