000
CDUS42 KFFC 240819
CLIVPC


CLIMATE REPORT
NATIONAL WEATHER SERVICE PEACHTREE CITY GA
419 AM EDT SUN JUL 24 2016


...................................

...THE CARTERSVILLE CLIMATE SUMMARY FOR JULY 23 2016...

CLIMATE NORMAL PERIOD 1981 TO 2010
CLIMATE RECORD PERIOD 9999 TO 9999


WEATHER ITEM   OBSERVED TIME   RECORD YEAR NORMAL DEPARTURE LAST
                VALUE   (LST)  VALUE       VALUE  FROM      YEAR
                                                  NORMAL
..................................................................
TEMPERATURE (F)
 YESTERDAY
  MAXIMUM         90   1140 AM  MM      MM  89      1       84
  MINIMUM         73   1159 PM  MM      MM  68      5       69
  AVERAGE         82                        79      3       77

PRECIPITATION (IN)
  YESTERDAY        0.15         MM      MM   0.15   0.00     0.02
  MONTH TO DATE    2.19                      3.76  -1.57     3.57
  SINCE JUN 1      7.63                      7.60   0.03     6.04
  SINCE JAN 1     24.15                     29.76  -5.61    24.14

DEGREE DAYS
 COOLING
  YESTERDAY       17                        14      3       12
  MONTH TO DATE  370                       302     68      316
  SINCE JUN 1    754                       597    157      686
  SINCE JAN 1    947                       746    201      904
..................................................................


WIND (MPH)
  RESULTANT WIND SPEED   1   RESULTANT WIND DIRECTION   E (90)
  HIGHEST WIND SPEED    17   HIGHEST WIND DIRECTION     S (170)
  HIGHEST GUST SPEED    22   HIGHEST GUST DIRECTION     S (180)
  AVERAGE WIND SPEED     1.9


SKY COVER
  AVERAGE SKY COVER 0.1


WEATHER CONDITIONS
 THE FOLLOWING WEATHER WAS RECORDED YESTERDAY.
  THUNDERSTORM
  HEAVY RAIN
  LIGHT RAIN
  FOG
  HAZE


RELATIVE HUMIDITY (PERCENT)
 HIGHEST   100          1100 PM
 LOWEST     59          1100 AM
 AVERAGE    80

..........................................................


THE CARTERSVILLE CLIMATE NORMALS FOR TODAY
                         NORMAL    RECORD    YEAR
 MAXIMUM TEMPERATURE (F)   89        MM        MM
 MINIMUM TEMPERATURE (F)   68        MM        MM


SUNRISE AND SUNSET
JULY 24 2016..........SUNRISE   645 AM EDT   SUNSET   846 PM EDT
JULY 25 2016..........SUNRISE   646 AM EDT   SUNSET   845 PM EDT


-  INDICATES NEGATIVE NUMBERS.
R  INDICATES RECORD WAS SET OR TIED.
MM INDICATES DATA IS MISSING.
T  INDICATES TRACE AMOUNT.




$$
