000
CDUS42 KFFC 270820
CLIVPC


CLIMATE REPORT
NATIONAL WEATHER SERVICE PEACHTREE CITY GA
420 AM EDT MON MAR 27 2017


...................................

...THE CARTERSVILLE CLIMATE SUMMARY FOR MARCH 26 2017...

CLIMATE NORMAL PERIOD 1981 TO 2010
CLIMATE RECORD PERIOD 9999 TO 9999


WEATHER ITEM   OBSERVED TIME   RECORD YEAR NORMAL DEPARTURE LAST
                VALUE   (LST)  VALUE       VALUE  FROM      YEAR
                                                  NORMAL
..................................................................
TEMPERATURE (F)
 YESTERDAY
  MAXIMUM         78    434 PM  MM      MM  68     10       66
  MINIMUM         55   1159 PM  MM      MM  41     14       41
  AVERAGE         67                        54     13       54

PRECIPITATION (IN)
  YESTERDAY        0.20         MM      MM   0.16   0.04     0.01
  MONTH TO DATE    2.36                      4.01  -1.65     2.19
  SINCE MAR 1      2.36                      4.01  -1.65     2.19
  SINCE JAN 1     10.90                     13.51  -2.61    10.63

SNOWFALL (IN)
  YESTERDAY        0.0          MM      MM  MM     MM        0.0
  MONTH TO DATE    0.0                      MM     MM        0.0
  SINCE MAR 1      0.0                      MM     MM        0.0
  SINCE JUL 1      T                        MM     MM         T
  SNOW DEPTH       0

DEGREE DAYS
 HEATING
  YESTERDAY        0                        11    -11       11
  MONTH TO DATE  314                       364    -50      250
  SINCE MAR 1    314                       364    -50      250
  SINCE JUL 1   2144                      2976   -832     2372

 COOLING
  YESTERDAY        2                         0      2        0
  MONTH TO DATE   11                         0     11        7
  SINCE MAR 1     11                         0     11        7
  SINCE JAN 1     11                         0     11        7
..................................................................


WIND (MPH)
  RESULTANT WIND SPEED   4   RESULTANT WIND DIRECTION   S (180)
  HIGHEST WIND SPEED    17   HIGHEST WIND DIRECTION     S (170)
  HIGHEST GUST SPEED    25   HIGHEST GUST DIRECTION     S (190)
  AVERAGE WIND SPEED     4.7


SKY COVER
  AVERAGE SKY COVER 0.6


WEATHER CONDITIONS
 THE FOLLOWING WEATHER WAS RECORDED YESTERDAY.
  HEAVY RAIN
  LIGHT RAIN
  FOG


RELATIVE HUMIDITY (PERCENT)
 HIGHEST    93           400 AM
 LOWEST     43           400 PM
 AVERAGE    68

..........................................................


THE CARTERSVILLE CLIMATE NORMALS FOR TODAY
                         NORMAL    RECORD    YEAR
 MAXIMUM TEMPERATURE (F)   68        MM        MM
 MINIMUM TEMPERATURE (F)   41        MM        MM


SUNRISE AND SUNSET
MARCH 27 2017.........SUNRISE   733 AM EDT   SUNSET   757 PM EDT
MARCH 28 2017.........SUNRISE   732 AM EDT   SUNSET   757 PM EDT


-  INDICATES NEGATIVE NUMBERS.
R  INDICATES RECORD WAS SET OR TIED.
MM INDICATES DATA IS MISSING.
T  INDICATES TRACE AMOUNT.




$$
