000
CDUS42 KFFC 050819
CLIVPC


CLIMATE REPORT
NATIONAL WEATHER SERVICE PEACHTREE CITY GA
419 AM EDT SUN JUL 5 2015


...................................

...THE CARTERSVILLE CLIMATE SUMMARY FOR JULY 4 2015...

CLIMATE NORMAL PERIOD 1981 TO 2010
CLIMATE RECORD PERIOD 9999 TO 9999


WEATHER ITEM   OBSERVED TIME   RECORD YEAR NORMAL DEPARTURE LAST
                VALUE   (LST)  VALUE       VALUE  FROM      YEAR
                                                  NORMAL
..................................................................
TEMPERATURE (F)
 YESTERDAY
  MAXIMUM         85    427 PM  MM      MM  89     -4       84
  MINIMUM         68    750 AM  MM      MM  66      2       61
  AVERAGE         77                        78     -1       73

PRECIPITATION (IN)
  YESTERDAY        0.40         MM      MM   0.18   0.22     0.00
  MONTH TO DATE    1.42                      0.73   0.69     0.00
  SINCE JUN 1      3.89                      4.57  -0.68     4.24
  SINCE JAN 1     21.99                     26.73  -4.74    25.01

DEGREE DAYS
 COOLING
  YESTERDAY       12                        13     -1        8
  MONTH TO DATE   39                        50    -11       49
  SINCE JUN 1    409                       345     64      391
  SINCE JAN 1    627                       494    133      573
..................................................................


WIND (MPH)
  RESULTANT WIND SPEED   2   RESULTANT WIND DIRECTION  SE (130)
  HIGHEST WIND SPEED     9   HIGHEST WIND DIRECTION     S (190)
  HIGHEST GUST SPEED    14   HIGHEST GUST DIRECTION     S (180)
  AVERAGE WIND SPEED     3.0


SKY COVER
  AVERAGE SKY COVER 0.5


WEATHER CONDITIONS
 THE FOLLOWING WEATHER WAS RECORDED YESTERDAY.
  THUNDERSTORM
  LIGHT RAIN
  FOG


RELATIVE HUMIDITY (PERCENT)
 HIGHEST    97          1200 AM
 LOWEST     58           400 PM
 AVERAGE    78

..........................................................


THE CARTERSVILLE CLIMATE NORMALS FOR TODAY
                         NORMAL    RECORD    YEAR
 MAXIMUM TEMPERATURE (F)   89        MM        MM
 MINIMUM TEMPERATURE (F)   67        MM        MM


SUNRISE AND SUNSET
JULY  5 2015..........SUNRISE   633 AM EDT   SUNSET   855 PM EDT
JULY  6 2015..........SUNRISE   634 AM EDT   SUNSET   854 PM EDT


-  INDICATES NEGATIVE NUMBERS.
R  INDICATES RECORD WAS SET OR TIED.
MM INDICATES DATA IS MISSING.
T  INDICATES TRACE AMOUNT.




$$
