000
CDUS43 KLOT 280634
CLIVPZ


CLIMATE REPORT
NATIONAL WEATHER SERVICE CHICAGO IL
134 AM CDT TUE JUL 28 2015


...................................

...THE VALPARAISO CLIMATE SUMMARY FOR JULY 27 2015...

CLIMATE NORMAL PERIOD 1981 TO 2010
CLIMATE RECORD PERIOD 1998 TO 2015


WEATHER ITEM   OBSERVED TIME   RECORD YEAR NORMAL DEPARTURE LAST
                VALUE   (LST)  VALUE       VALUE  FROM      YEAR
                                                  NORMAL
..................................................................
TEMPERATURE (F)
 YESTERDAY
  MAXIMUM         88    238 PM  90    2011  82      6       87
  MINIMUM         67   1159 PM  54    2005  62      5       63
  AVERAGE         78                        72      6       75

PRECIPITATION (IN)
  YESTERDAY        0.00          0.91 2003   0.12  -0.12      T
  MONTH TO DATE    4.92                      3.80   1.12     1.73
  SINCE JUN 1     10.53                      7.71   2.82     9.94
  SINCE JAN 1     19.32                     20.69  -1.37    18.87

DEGREE DAYS
 HEATING
  YESTERDAY        0                         0      0        0
  MONTH TO DATE    6                         0      6       19
  SINCE JUN 1     33                        41     -8       39
  SINCE JUL 1      6                         0      6       19

 COOLING
  YESTERDAY       13                         7      6       10
  MONTH TO DATE  160                       212    -52      106
  SINCE JUN 1    292                       376    -84      265
  SINCE JAN 1    368                       423    -55      338
..................................................................


WIND (MPH)
  RESULTANT WIND SPEED   5   RESULTANT WIND DIRECTION   E (80)
  HIGHEST WIND SPEED    15   HIGHEST WIND DIRECTION     E (80)
  HIGHEST GUST SPEED    19   HIGHEST GUST DIRECTION     E (80)
  AVERAGE WIND SPEED     5.8



WEATHER CONDITIONS
 THE FOLLOWING WEATHER WAS RECORDED YESTERDAY.
  FOG
  FOG W/VISIBILITY <= 1/4 MILE


..........................................................


THE VALPARAISO CLIMATE NORMALS FOR TODAY
                         NORMAL    RECORD    YEAR
 MAXIMUM TEMPERATURE (F)   82        91      2010
 MINIMUM TEMPERATURE (F)   62        49      2005


SUNRISE AND SUNSET
JULY 28 2015..........SUNRISE   539 AM CDT   SUNSET   810 PM CDT
JULY 29 2015..........SUNRISE   540 AM CDT   SUNSET   809 PM CDT


-  INDICATES NEGATIVE NUMBERS.
R  INDICATES RECORD WAS SET OR TIED.
MM INDICATES DATA IS MISSING.
T  INDICATES TRACE AMOUNT.




$$
