000
CDUS43 KLOT 080633
CLIVPZ


CLIMATE REPORT
NATIONAL WEATHER SERVICE CHICAGO IL
1232 AM CST MON FEB 8 2016


...................................

...THE VALPARAISO CLIMATE SUMMARY FOR FEBRUARY 7 2016...

CLIMATE NORMAL PERIOD 1981 TO 2010
CLIMATE RECORD PERIOD 1998 TO 2016


WEATHER ITEM   OBSERVED TIME   RECORD YEAR NORMAL DEPARTURE LAST
                VALUE   (LST)  VALUE       VALUE  FROM      YEAR
                                                  NORMAL
..................................................................
TEMPERATURE (F)
 YESTERDAY
  MAXIMUM         48    119 PM  55    2009  33     15       42
  MINIMUM         32    109 AM  -8    2014  18     14       15
  AVERAGE         40                        25     15       29

PRECIPITATION (IN)
  YESTERDAY        0.00          0.33 2005   0.05  -0.05     0.00
  MONTH TO DATE    0.69                      0.32   0.37     0.71
  SINCE DEC 1      3.28                      4.25  -0.97     2.42
  SINCE JAN 1      1.15                      2.07  -0.92     1.61

DEGREE DAYS
 HEATING
  YESTERDAY       25                        40    -15       36
  MONTH TO DATE  214                       282    -68      320
  SINCE DEC 1   2119                      2709   -590     2676
  SINCE JUL 1   3095                      3967   -872     4177

 COOLING
  YESTERDAY        0                         0      0        0
  MONTH TO DATE    0                         0      0        0
  SINCE DEC 1      0                         0      0        0
  SINCE JAN 1      0                         0      0        0
..................................................................


WIND (MPH)
  RESULTANT WIND SPEED  12   RESULTANT WIND DIRECTION  SW (220)
  HIGHEST WIND SPEED    25   HIGHEST WIND DIRECTION    SW (240)
  HIGHEST GUST SPEED    34   HIGHEST GUST DIRECTION    SW (220)
  AVERAGE WIND SPEED    13.3



WEATHER CONDITIONS
 THE FOLLOWING WEATHER WAS RECORDED YESTERDAY.
  NO SIGNIFICANT WEATHER WAS OBSERVED.


..........................................................


THE VALPARAISO CLIMATE NORMALS FOR TODAY
                         NORMAL    RECORD    YEAR
 MAXIMUM TEMPERATURE (F)   33        50      2001
 MINIMUM TEMPERATURE (F)   18        -8      2007


SUNRISE AND SUNSET
FEBRUARY  8 2016......SUNRISE   652 AM CST   SUNSET   512 PM CST
FEBRUARY  9 2016......SUNRISE   651 AM CST   SUNSET   514 PM CST


-  INDICATES NEGATIVE NUMBERS.
R  INDICATES RECORD WAS SET OR TIED.
MM INDICATES DATA IS MISSING.
T  INDICATES TRACE AMOUNT.




$$
