000
CDUS43 KLOT 230647
CLIVPZ


CLIMATE REPORT
NATIONAL WEATHER SERVICE CHICAGO IL
146 AM CDT SAT MAY 23 2015


...................................

...THE VALPARAISO CLIMATE SUMMARY FOR MAY 22 2015...

CLIMATE NORMAL PERIOD 1981 TO 2010
CLIMATE RECORD PERIOD 1998 TO 2015


WEATHER ITEM   OBSERVED TIME   RECORD YEAR NORMAL DEPARTURE LAST
                VALUE   (LST)  VALUE       VALUE  FROM      YEAR
                                                  NORMAL
..................................................................
TEMPERATURE (F)
 YESTERDAY
  MAXIMUM         71    138 PM  87    2007  72     -1       67
  MINIMUM         46    409 AM  36    2006  50     -4       49
  AVERAGE         59                        61     -2       58

PRECIPITATION (IN)
  YESTERDAY       MM             0.23 2011   0.13  MM        0.00
  MONTH TO DATE    2.29                      2.78  -0.49     2.83
  SINCE MAR 1      5.06                      8.79  -3.73     5.82
  SINCE JAN 1      6.67                     11.96  -5.29     8.45

DEGREE DAYS
 HEATING
  YESTERDAY        6                         6      0        7
  MONTH TO DATE  132                       180    -48      208
  SINCE MAR 1   1542                      1507     35     1726
  SINCE JUL 1   6800                      6239    561     7175

 COOLING
  YESTERDAY        0                         2     -2        0
  MONTH TO DATE   41                        22     19       40
  SINCE MAR 1     41                        27     14       40
  SINCE JAN 1     41                        27     14       40
..................................................................


WIND (MPH)
  RESULTANT WIND SPEED   3   RESULTANT WIND DIRECTION   N (20)
  HIGHEST WIND SPEED    13   HIGHEST WIND DIRECTION    SW (240)
  HIGHEST GUST SPEED    20   HIGHEST GUST DIRECTION    SW (220)
  AVERAGE WIND SPEED     6.3



WEATHER CONDITIONS
 THE FOLLOWING WEATHER WAS RECORDED YESTERDAY.
  NO SIGNIFICANT WEATHER WAS OBSERVED.


..........................................................


THE VALPARAISO CLIMATE NORMALS FOR TODAY
                         NORMAL    RECORD    YEAR
 MAXIMUM TEMPERATURE (F)   73        89      2010
                                             2007
 MINIMUM TEMPERATURE (F)   50        36      2006


SUNRISE AND SUNSET
MAY 23 2015...........SUNRISE   522 AM CDT   SUNSET   808 PM CDT
MAY 24 2015...........SUNRISE   522 AM CDT   SUNSET   809 PM CDT


-  INDICATES NEGATIVE NUMBERS.
R  INDICATES RECORD WAS SET OR TIED.
MM INDICATES DATA IS MISSING.
T  INDICATES TRACE AMOUNT.




$$
