000
CDUS43 KLOT 080639
CLIVPZ


CLIMATE REPORT
NATIONAL WEATHER SERVICE CHICAGO IL
136 AM CDT WED JUL 8 2015


...................................

...THE VALPARAISO CLIMATE SUMMARY FOR JULY 7 2015...

CLIMATE NORMAL PERIOD 1981 TO 2010
CLIMATE RECORD PERIOD 1998 TO 2015


WEATHER ITEM   OBSERVED TIME   RECORD YEAR NORMAL DEPARTURE LAST
                VALUE   (LST)  VALUE       VALUE  FROM      YEAR
                                                  NORMAL
..................................................................
TEMPERATURE (F)
 YESTERDAY
  MAXIMUM         76   1244 AM 100    2012  83     -7       86
  MINIMUM         54   1159 PM  52    2006  63     -9       71
  AVERAGE         65                        73     -8       79

PRECIPITATION (IN)
  YESTERDAY        0.14          0.44 2003   0.14   0.00     0.07
  MONTH TO DATE    0.44                      0.81  -0.37     0.30
  SINCE JUN 1      6.05                      4.72   1.33     8.51
  SINCE JAN 1     14.84                     17.70  -2.86    17.44

DEGREE DAYS
 HEATING
  YESTERDAY        0                         0      0        0
  MONTH TO DATE    2                         0      2        1
  SINCE JUN 1     29                        41    -12       21
  SINCE JUL 1      2                         0      2        1

 COOLING
  YESTERDAY        0                         8     -8       14
  MONTH TO DATE   20                        56    -36       32
  SINCE JUN 1    152                       220    -68      191
  SINCE JAN 1    228                       267    -39      264
..................................................................


WIND (MPH)
  RESULTANT WIND SPEED   8   RESULTANT WIND DIRECTION   N (360)
  HIGHEST WIND SPEED    20   HIGHEST WIND DIRECTION     N (20)
  HIGHEST GUST SPEED    29   HIGHEST GUST DIRECTION    NW (330)
  AVERAGE WIND SPEED     9.8



WEATHER CONDITIONS
 THE FOLLOWING WEATHER WAS RECORDED YESTERDAY.
  RAIN
  LIGHT RAIN
  FOG


..........................................................


THE VALPARAISO CLIMATE NORMALS FOR TODAY
                         NORMAL    RECORD    YEAR
 MAXIMUM TEMPERATURE (F)   83        94      2007
 MINIMUM TEMPERATURE (F)   63        55      2006


SUNRISE AND SUNSET
JULY  8 2015..........SUNRISE   522 AM CDT   SUNSET   824 PM CDT
JULY  9 2015..........SUNRISE   523 AM CDT   SUNSET   823 PM CDT


-  INDICATES NEGATIVE NUMBERS.
R  INDICATES RECORD WAS SET OR TIED.
MM INDICATES DATA IS MISSING.
T  INDICATES TRACE AMOUNT.




$$
