000
CDUS43 KLOT 300634
CLIVPZ


CLIMATE REPORT
NATIONAL WEATHER SERVICE CHICAGO IL
133 AM CDT THU MAR 30 2017


...................................

...THE VALPARAISO CLIMATE SUMMARY FOR MARCH 29 2017...

CLIMATE NORMAL PERIOD 1981 TO 2010
CLIMATE RECORD PERIOD 1998 TO 2017


WEATHER ITEM   OBSERVED TIME   RECORD YEAR NORMAL DEPARTURE LAST
                VALUE   (LST)  VALUE       VALUE  FROM      YEAR
                                                  NORMAL
..................................................................
TEMPERATURE (F)
 YESTERDAY
  MAXIMUM         60   1205 PM  82    1986  52      8       57
  MINIMUM         34    520 AM  13    1915  33      1       28
  AVERAGE         47                        43      4       43

PRECIPITATION (IN)
  YESTERDAY        0.02          0.94 1973   0.09  -0.07     0.00
  MONTH TO DATE    1.88                      2.30  -0.42     2.17
  SINCE MAR 1      1.88                      2.30  -0.42     2.17
  SINCE JAN 1      5.32                      5.47  -0.15     3.50

DEGREE DAYS
 HEATING
  YESTERDAY       18                        22     -4       22
  MONTH TO DATE  741                       801    -60      616
  SINCE MAR 1    741                       801    -60      616
  SINCE JUL 1   4455                      5533  -1078     4474

 COOLING
  YESTERDAY        0                         0      0        0
  MONTH TO DATE    0                         0      0        0
  SINCE MAR 1      0                         0      0        0
  SINCE JAN 1      0                         0      0        0
..................................................................


WIND (MPH)
  RESULTANT WIND SPEED  12   RESULTANT WIND DIRECTION   E (80)
  HIGHEST WIND SPEED    26   HIGHEST WIND DIRECTION     E (90)
  HIGHEST GUST SPEED    32   HIGHEST GUST DIRECTION     E (90)
  AVERAGE WIND SPEED    13.5



WEATHER CONDITIONS
 THE FOLLOWING WEATHER WAS RECORDED YESTERDAY.
  LIGHT RAIN
  FOG
  HAZE


..........................................................


THE VALPARAISO CLIMATE NORMALS FOR TODAY
                         NORMAL    RECORD    YEAR
 MAXIMUM TEMPERATURE (F)   53        81      1986
 MINIMUM TEMPERATURE (F)   33        14      1969
                                             1954
                                             1915


SUNRISE AND SUNSET
MARCH 30 2017.........SUNRISE   634 AM CDT   SUNSET   711 PM CDT
MARCH 31 2017.........SUNRISE   632 AM CDT   SUNSET   712 PM CDT


-  INDICATES NEGATIVE NUMBERS.
R  INDICATES RECORD WAS SET OR TIED.
MM INDICATES DATA IS MISSING.
T  INDICATES TRACE AMOUNT.




$$
