000
CDUS43 KLOT 200643
CLIVPZ


CLIMATE REPORT
NATIONAL WEATHER SERVICE CHICAGO IL
142 AM CDT MON OCT 20 2014


...................................

...THE VALPARAISO CLIMATE SUMMARY FOR OCTOBER 19 2014...

CLIMATE NORMAL PERIOD 1981 TO 2010
CLIMATE RECORD PERIOD 1998 TO 2014


WEATHER ITEM   OBSERVED TIME   RECORD YEAR NORMAL DEPARTURE LAST
                VALUE   (LST)  VALUE       VALUE  FROM      YEAR
                                                  NORMAL
..................................................................
TEMPERATURE (F)
 YESTERDAY
  MAXIMUM         55    358 PM  75    2000  62     -7       54
  MINIMUM         32R   626 AM  33    1999  41     -9       40
  AVERAGE         44                        52     -8       47

PRECIPITATION (IN)
  YESTERDAY        T             1.20 2011   0.11  -0.11      T
  MONTH TO DATE    3.56                      2.00   1.56     1.57
  SINCE SEP 1      5.94                      5.21   0.73     4.14
  SINCE JAN 1     35.30                     30.75   4.55    29.82

DEGREE DAYS
 HEATING
  YESTERDAY       21                        14      7       18
  MONTH TO DATE  227                       214     13      169
  SINCE SEP 1    358                       327     31      249
  SINCE JUL 1    398                       344     54      277

 COOLING
  YESTERDAY        0                         0      0        0
  MONTH TO DATE    3                        11     -8       25
  SINCE SEP 1     64                        77    -13      143
  SINCE JAN 1    611                       713   -102      810
..................................................................


WIND (MPH)
  RESULTANT WIND SPEED   7   RESULTANT WIND DIRECTION  SW (220)
  HIGHEST WIND SPEED    17   HIGHEST WIND DIRECTION     S (200)
  HIGHEST GUST SPEED    22   HIGHEST GUST DIRECTION     S (200)
  AVERAGE WIND SPEED     8.0



WEATHER CONDITIONS
 THE FOLLOWING WEATHER WAS RECORDED YESTERDAY.
  LIGHT RAIN
  FOG


..........................................................


THE VALPARAISO CLIMATE NORMALS FOR TODAY
                         NORMAL    RECORD    YEAR
 MAXIMUM TEMPERATURE (F)   61        84      2003
 MINIMUM TEMPERATURE (F)   41        32      2002


SUNRISE AND SUNSET
OCTOBER 20 2014.......SUNRISE   706 AM CDT   SUNSET   559 PM CDT
OCTOBER 21 2014.......SUNRISE   707 AM CDT   SUNSET   558 PM CDT


-  INDICATES NEGATIVE NUMBERS.
R  INDICATES RECORD WAS SET OR TIED.
MM INDICATES DATA IS MISSING.
T  INDICATES TRACE AMOUNT.




$$
