000
CDUS43 KLOT 230639
CLIVPZ


CLIMATE REPORT
NATIONAL WEATHER SERVICE CHICAGO IL
139 AM CDT TUE MAY 23 2017


...................................

...THE VALPARAISO CLIMATE SUMMARY FOR MAY 22 2017...

CLIMATE NORMAL PERIOD 1981 TO 2010
CLIMATE RECORD PERIOD 1998 TO 2017


WEATHER ITEM   OBSERVED TIME   RECORD YEAR NORMAL DEPARTURE LAST
                VALUE   (LST)  VALUE       VALUE  FROM      YEAR
                                                  NORMAL
..................................................................
TEMPERATURE (F)
 YESTERDAY
  MAXIMUM         75    343 PM  87    2007  72      3       77
  MINIMUM         49    504 AM  36    2006  50     -1       49
  AVERAGE         62                        61      1       63

PRECIPITATION (IN)
  YESTERDAY        0.00          0.23 2011   0.13  -0.13     0.00
  MONTH TO DATE    3.13                      2.78   0.35     1.66
  SINCE MAR 1     11.58                      8.79   2.79     7.39
  SINCE JAN 1     15.02                     11.96   3.06     8.72

DEGREE DAYS
 HEATING
  YESTERDAY        3                         6     -3        2
  MONTH TO DATE  200                       180     20      235
  SINCE MAR 1   1305                      1507   -202     1378
  SINCE JUL 1   5019                      6239  -1220     5236

 COOLING
  YESTERDAY        0                         2     -2        0
  MONTH TO DATE   33                        22     11        0
  SINCE MAR 1     46                        27     19        6
  SINCE JAN 1     46                        27     19        6
..................................................................


WIND (MPH)
  RESULTANT WIND SPEED  12   RESULTANT WIND DIRECTION  SW (230)
  HIGHEST WIND SPEED    22   HIGHEST WIND DIRECTION    SW (210)
  HIGHEST GUST SPEED    28   HIGHEST GUST DIRECTION    SW (220)
  AVERAGE WIND SPEED    12.2



WEATHER CONDITIONS
 THE FOLLOWING WEATHER WAS RECORDED YESTERDAY.
  NO SIGNIFICANT WEATHER WAS OBSERVED.


..........................................................


THE VALPARAISO CLIMATE NORMALS FOR TODAY
                         NORMAL    RECORD    YEAR
 MAXIMUM TEMPERATURE (F)   73        89      2010
                                             2007
 MINIMUM TEMPERATURE (F)   50        36      2006


SUNRISE AND SUNSET
MAY 23 2017...........SUNRISE   522 AM CDT   SUNSET   808 PM CDT
MAY 24 2017...........SUNRISE   521 AM CDT   SUNSET   809 PM CDT


-  INDICATES NEGATIVE NUMBERS.
R  INDICATES RECORD WAS SET OR TIED.
MM INDICATES DATA IS MISSING.
T  INDICATES TRACE AMOUNT.




$$
