000
CDUS43 KLOT 210633
CLIVPZ


CLIMATE REPORT
NATIONAL WEATHER SERVICE CHICAGO IL
1233 AM CST SUN JAN 21 2018


...................................

...THE VALPARAISO CLIMATE SUMMARY FOR JANUARY 20 2018...

CLIMATE NORMAL PERIOD 1981 TO 2010
CLIMATE RECORD PERIOD 1998 TO 2018


WEATHER ITEM   OBSERVED TIME   RECORD YEAR NORMAL DEPARTURE LAST
                VALUE   (LST)  VALUE       VALUE  FROM      YEAR
                                                  NORMAL
..................................................................
TEMPERATURE (F)
 YESTERDAY
  MAXIMUM         43    327 PM  59    1999  31     12       48
  MINIMUM         28    716 AM  -4    2008  16     12       38
  AVERAGE         36                        23     13       43

PRECIPITATION (IN)
  YESTERDAY        0.00          0.39 2006   0.05  -0.05     0.26
  MONTH TO DATE    0.33                      1.09  -0.76     2.40
  SINCE DEC 1      0.49                      3.27  -2.78     3.15
  SINCE JAN 1      0.33                      1.09  -0.76     2.40

DEGREE DAYS
 HEATING
  YESTERDAY       29                        42    -13       22
  MONTH TO DATE  925                       831     94      720
  SINCE DEC 1   2065                      1975     90     1918
  SINCE JUL 1   3064                      3233   -169     2731

 COOLING
  YESTERDAY        0                         0      0        0
  MONTH TO DATE    0                         0      0        0
  SINCE DEC 1      0                         0      0        0
  SINCE JAN 1      0                         0      0        0
..................................................................


WIND (MPH)
  RESULTANT WIND SPEED   8   RESULTANT WIND DIRECTION  SW (210)
  HIGHEST WIND SPEED    18   HIGHEST WIND DIRECTION    SW (220)
  HIGHEST GUST SPEED    24   HIGHEST GUST DIRECTION    SW (220)
  AVERAGE WIND SPEED     7.7



WEATHER CONDITIONS
 THE FOLLOWING WEATHER WAS RECORDED YESTERDAY.
  FOG


..........................................................


THE VALPARAISO CLIMATE NORMALS FOR TODAY
                         NORMAL    RECORD    YEAR
 MAXIMUM TEMPERATURE (F)   31        62      2017
                                             1999
 MINIMUM TEMPERATURE (F)   16        -7      2000


SUNRISE AND SUNSET
JANUARY 21 2018.......SUNRISE   709 AM CST   SUNSET   450 PM CST
JANUARY 22 2018.......SUNRISE   708 AM CST   SUNSET   452 PM CST


-  INDICATES NEGATIVE NUMBERS.
R  INDICATES RECORD WAS SET OR TIED.
MM INDICATES DATA IS MISSING.
T  INDICATES TRACE AMOUNT.




$$
