000
CDUS43 KLOT 280639
CLIVPZ


CLIMATE REPORT
NATIONAL WEATHER SERVICE CHICAGO IL
1237 AM CST WED JAN 28 2015


...................................

...THE VALPARAISO CLIMATE SUMMARY FOR JANUARY 27 2015...

CLIMATE NORMAL PERIOD 1981 TO 2010
CLIMATE RECORD PERIOD 1998 TO 2015


WEATHER ITEM   OBSERVED TIME   RECORD YEAR NORMAL DEPARTURE LAST
                VALUE   (LST)  VALUE       VALUE  FROM      YEAR
                                                  NORMAL
..................................................................
TEMPERATURE (F)
 YESTERDAY
  MAXIMUM         31    138 PM  59    2002  31      0        8
  MINIMUM         15   1119 PM -11    2014  16     -1      -11
  AVERAGE         23                        24     -1       -1

PRECIPITATION (IN)
  YESTERDAY        0.00          0.04 2013   0.06  -0.06     0.00
  MONTH TO DATE    0.83                      1.53  -0.70     0.93
  SINCE DEC 1      1.64                      3.71  -2.07     2.04
  SINCE JAN 1      0.83                      1.53  -0.70     0.93

DEGREE DAYS
 HEATING
  YESTERDAY       42                        41      1       66
  MONTH TO DATE 1196                      1122     74     1178
  SINCE DEC 1   2204                      2266    -62     2475
  SINCE JUL 1   3705                      3524    181     3861

 COOLING
  YESTERDAY        0                         0      0        0
  MONTH TO DATE    0                         0      0        0
  SINCE DEC 1      0                         0      0        0
  SINCE JAN 1      0                         0      0        0
..................................................................


WIND (MPH)
  RESULTANT WIND SPEED   4   RESULTANT WIND DIRECTION  NE (50)
  HIGHEST WIND SPEED    10   HIGHEST WIND DIRECTION     N (340)
  HIGHEST GUST SPEED    14   HIGHEST GUST DIRECTION     N (10)
  AVERAGE WIND SPEED     4.5



WEATHER CONDITIONS
 THE FOLLOWING WEATHER WAS RECORDED YESTERDAY.
  FOG


..........................................................


THE VALPARAISO CLIMATE NORMALS FOR TODAY
                         NORMAL    RECORD    YEAR
 MAXIMUM TEMPERATURE (F)   31        60      2002
 MINIMUM TEMPERATURE (F)   16       -16      2014


SUNRISE AND SUNSET
JANUARY 28 2015.......SUNRISE   704 AM CST   SUNSET   459 PM CST
JANUARY 29 2015.......SUNRISE   703 AM CST   SUNSET   500 PM CST


-  INDICATES NEGATIVE NUMBERS.
R  INDICATES RECORD WAS SET OR TIED.
MM INDICATES DATA IS MISSING.
T  INDICATES TRACE AMOUNT.




$$
