000
CDUS43 KLOT 270638
CLIVPZ


CLIMATE REPORT
NATIONAL WEATHER SERVICE CHICAGO IL
137 AM CDT WED AUG 27 2014


...................................

...THE VALPARAISO CLIMATE SUMMARY FOR AUGUST 26 2014...

CLIMATE NORMAL PERIOD 1981 TO 2010
CLIMATE RECORD PERIOD 1998 TO 2014


WEATHER ITEM   OBSERVED TIME   RECORD YEAR NORMAL DEPARTURE LAST
                VALUE   (LST)  VALUE       VALUE  FROM      YEAR
                                                  NORMAL
..................................................................
TEMPERATURE (F)
 YESTERDAY
  MAXIMUM         79    520 PM  89    2003  80     -1       88
  MINIMUM         67   1159 PM  49    2008  60      7       64
  AVERAGE         73                        70      3       76

PRECIPITATION (IN)
  YESTERDAY        1.77R         0.56 2012   0.15   1.62     0.00
  MONTH TO DATE    9.62                      3.64   5.98     3.70
  SINCE JUN 1     19.56                     11.89   7.67    11.70
  SINCE JAN 1     28.49                     24.87   3.62    25.33

DEGREE DAYS
 HEATING
  YESTERDAY        0                         1     -1        0
  MONTH TO DATE   15                         2     13       12
  SINCE JUN 1     60                        47     13       65
  SINCE JUL 1     40                         6     34       28

 COOLING
  YESTERDAY        8                         5      3       11
  MONTH TO DATE  164                       162      2      130
  SINCE JUN 1    435                       566   -131      504
  SINCE JAN 1    508                       613   -105      605
..................................................................


WIND (MPH)
  RESULTANT WIND SPEED   2   RESULTANT WIND DIRECTION   S (190)
  HIGHEST WIND SPEED    38   HIGHEST WIND DIRECTION     S (160)
  HIGHEST GUST SPEED    58   HIGHEST GUST DIRECTION    SE (150)
  AVERAGE WIND SPEED     4.7



WEATHER CONDITIONS
 THE FOLLOWING WEATHER WAS RECORDED YESTERDAY.
  HEAVY RAIN
  RAIN
  LIGHT RAIN
  FOG
  FOG W/VISIBILITY <= 1/4 MILE
  HAZE


..........................................................


THE VALPARAISO CLIMATE NORMALS FOR TODAY
                         NORMAL    RECORD    YEAR
 MAXIMUM TEMPERATURE (F)   80        93      2013
 MINIMUM TEMPERATURE (F)   59        50      2010


SUNRISE AND SUNSET
AUGUST 27 2014........SUNRISE   609 AM CDT   SUNSET   729 PM CDT
AUGUST 28 2014........SUNRISE   610 AM CDT   SUNSET   727 PM CDT


-  INDICATES NEGATIVE NUMBERS.
R  INDICATES RECORD WAS SET OR TIED.
MM INDICATES DATA IS MISSING.
T  INDICATES TRACE AMOUNT.




$$
