000
CDUS42 KMLB 270626
CLIVRB


CLIMATE REPORT
NATIONAL WEATHER SERVICE MELBOURNE FL
126 AM EST MON FEB 27 2017


...................................

...THE VERO BEACH CLIMATE SUMMARY FOR FEBRUARY 26 2017...

CLIMATE NORMAL PERIOD 1981 TO 2010
CLIMATE RECORD PERIOD 1942 TO 2017


WEATHER ITEM   OBSERVED TIME   RECORD YEAR NORMAL DEPARTURE LAST
                VALUE   (LST)  VALUE       VALUE  FROM      YEAR
                                                  NORMAL
..................................................................
TEMPERATURE (F)
 YESTERDAY
  MAXIMUM         77    142 PM  86    2013  76      1       68
                                      2008
  MINIMUM         55    508 AM  29    1967  56     -1       44
  AVERAGE         66                        66      0       56

PRECIPITATION (IN)
  YESTERDAY        0.00          1.83 1952   0.11  -0.11     0.00
  MONTH TO DATE    1.23                      2.44  -1.21     3.96
  SINCE DEC 1      4.10                      7.13  -3.03    17.92
  SINCE JAN 1      1.96                      4.94  -2.98    13.35

SNOWFALL (IN)
  YESTERDAY        0.0
  MONTH TO DATE    0.0
  SINCE JUL 1      0.0

DEGREE DAYS
 HEATING
  YESTERDAY        0                         3     -3        9
  MONTH TO DATE   20                        92    -72      111
  SINCE DEC 1    124                       349   -225      251
  SINCE JUL 1    143                       379   -236      252

 COOLING
  YESTERDAY        1                         3     -2        0
  MONTH TO DATE   79                        70      9       61
  SINCE DEC 1    384                       224    160      390
  SINCE JAN 1    179                       131     48       98
..................................................................


WIND (MPH)
  HIGHEST WIND SPEED    22   HIGHEST WIND DIRECTION     N (360)
  HIGHEST GUST SPEED    27   HIGHEST GUST DIRECTION    NE (30)
  AVERAGE WIND SPEED    10.9


SKY COVER
  AVERAGE SKY COVER 0.1


WEATHER CONDITIONS
 THE FOLLOWING WEATHER WAS RECORDED YESTERDAY.
  FOG
  FOG W/VISIBILITY <= 1/4 MILE


RELATIVE HUMIDITY (PERCENT)
 HIGHEST   100           500 AM
 LOWEST     50          1000 AM
 AVERAGE    75

..........................................................


THE VERO BEACH CLIMATE NORMALS FOR TODAY
                         NORMAL    RECORD    YEAR
 MAXIMUM TEMPERATURE (F)   76        87      2007
 MINIMUM TEMPERATURE (F)   56        33      1974


SUNRISE AND SUNSET
FEBRUARY 27 2017......SUNRISE   648 AM EST   SUNSET   621 PM EST
FEBRUARY 28 2017......SUNRISE   647 AM EST   SUNSET   622 PM EST


-  INDICATES NEGATIVE NUMBERS.
R  INDICATES RECORD WAS SET OR TIED.
MM INDICATES DATA IS MISSING.
T  INDICATES TRACE AMOUNT.




$$
