000
CDUS42 KMLB 160632
CLIVRB


CLIMATE REPORT
NATIONAL WEATHER SERVICE MELBOURNE FL
230 AM EDT TUE SEP 16 2014


...................................

...THE VERO BEACH CLIMATE SUMMARY FOR SEPTEMBER 15 2014...

CLIMATE NORMAL PERIOD 1981 TO 2010
CLIMATE RECORD PERIOD 1942 TO 2014


WEATHER ITEM   OBSERVED TIME   RECORD YEAR NORMAL DEPARTURE LAST
                VALUE   (LST)  VALUE       VALUE  FROM      YEAR
                                                  NORMAL
..................................................................
TEMPERATURE (F)
 YESTERDAY
  MAXIMUM         88   1103 AM  95    1990  88      0       88
  MINIMUM         68    519 AM  63    1968  74     -6       73
  AVERAGE         78                        81     -3       81

PRECIPITATION (IN)
  YESTERDAY        0.03          2.97 1948   0.24  -0.21     0.36
  MONTH TO DATE    2.81                      3.37  -0.56     2.49
  SINCE SEP 1      2.81                      3.37  -0.56     2.49
  SINCE JAN 1     36.12                     38.07  -1.95    30.17

SNOWFALL (IN)
  YESTERDAY        0.0
  MONTH TO DATE    0.0
  SINCE JUL 1      0.0

DEGREE DAYS
 HEATING
  YESTERDAY        0                         0      0        0
  MONTH TO DATE    0                         0      0        0
  SINCE SEP 1      0                         0      0        0
  SINCE JUL 1      0                         0      0        0

 COOLING
  YESTERDAY       13                        16     -3       16
  MONTH TO DATE  217                       240    -23      237
  SINCE SEP 1    217                       240    -23      237
  SINCE JAN 1   2584                      2538     46     2643
..................................................................


WIND (MPH)
  HIGHEST WIND SPEED    13   HIGHEST WIND DIRECTION    NE (50)
  HIGHEST GUST SPEED    16   HIGHEST GUST DIRECTION    NE (40)
  AVERAGE WIND SPEED     4.6


SKY COVER
  AVERAGE SKY COVER 0.1


WEATHER CONDITIONS
 THE FOLLOWING WEATHER WAS RECORDED YESTERDAY.
  FOG


RELATIVE HUMIDITY (PERCENT)
 HIGHEST   100           100 AM
 LOWEST     55           100 PM
 AVERAGE    78

..........................................................


THE VERO BEACH CLIMATE NORMALS FOR TODAY
                         NORMAL    RECORD    YEAR
 MAXIMUM TEMPERATURE (F)   88        94      1990
                                             1973
 MINIMUM TEMPERATURE (F)   74        66      1967


SUNRISE AND SUNSET
SEPTEMBER 16 2014.....SUNRISE   707 AM EDT   SUNSET   725 PM EDT
SEPTEMBER 17 2014.....SUNRISE   708 AM EDT   SUNSET   724 PM EDT


-  INDICATES NEGATIVE NUMBERS.
R  INDICATES RECORD WAS SET OR TIED.
MM INDICATES DATA IS MISSING.
T  INDICATES TRACE AMOUNT.




$$
