000
CDUS42 KMLB 022104
CLIVRB


CLIMATE REPORT
NATIONAL WEATHER SERVICE MELBOURNE FL
503 PM EDT TUE SEP 2 2014


...................................

...THE VERO BEACH CLIMATE SUMMARY FOR SEPTEMBER 2 2014...
VALID TODAY AS OF 0400 PM LOCAL TIME.

CLIMATE NORMAL PERIOD 1981 TO 2010
CLIMATE RECORD PERIOD 1942 TO 2014


WEATHER ITEM   OBSERVED TIME   RECORD YEAR NORMAL DEPARTURE LAST
                VALUE   (LST)  VALUE       VALUE  FROM      YEAR
                                                  NORMAL
..................................................................
TEMPERATURE (F)
 TODAY
  MAXIMUM         89   1142 AM  94    1947  89      0       90
  MINIMUM         72    557 AM  68    1999  74     -2       69
  AVERAGE         81                        81      0       80

PRECIPITATION (IN)
  TODAY            0.00          2.53 1959   0.25  -0.25     1.85
  MONTH TO DATE    0.01                      0.49  -0.48     1.85
  SINCE SEP 1      0.01                      0.49  -0.48     1.85
  SINCE JAN 1     33.32                     35.19  -1.87    29.53

SNOWFALL (IN)
  TODAY            0.0
  MONTH TO DATE    0.0
  SINCE JUL 1      0.0

DEGREE DAYS
 HEATING
  TODAY            0                         0      0        0
  MONTH TO DATE    0                         0      0        0
  SINCE SEP 1      0                         0      0        0
  SINCE JUL 1      0                         0      0        0

 COOLING
  TODAY           16                        16      0       15
  MONTH TO DATE   31                        32     -1       31
  SINCE SEP 1     31                        32     -1       31
  SINCE JAN 1   2398                      2330     68     2437
..................................................................


WIND (MPH)
  HIGHEST WIND SPEED    15   HIGHEST WIND DIRECTION     E (80)
  HIGHEST GUST SPEED    20   HIGHEST GUST DIRECTION     E (90)
  AVERAGE WIND SPEED     5.3


SKY COVER
  AVERAGE SKY COVER 0.3


WEATHER CONDITIONS
 THE FOLLOWING WEATHER WAS RECORDED TODAY.
  NO SIGNIFICANT WEATHER WAS OBSERVED.


RELATIVE HUMIDITY (PERCENT)
 HIGHEST   100           600 AM
 LOWEST     59          1200 PM
 AVERAGE    80

..........................................................


THE VERO BEACH CLIMATE NORMALS FOR TOMORROW
                         NORMAL    RECORD    YEAR
 MAXIMUM TEMPERATURE (F)   89        96      1947
 MINIMUM TEMPERATURE (F)   74        65      1984


SUNRISE AND SUNSET
SEPTEMBER  2 2014.....SUNRISE   701 AM EDT   SUNSET   741 PM EDT
SEPTEMBER  3 2014.....SUNRISE   701 AM EDT   SUNSET   740 PM EDT


-  INDICATES NEGATIVE NUMBERS.
R  INDICATES RECORD WAS SET OR TIED.
MM INDICATES DATA IS MISSING.
T  INDICATES TRACE AMOUNT.




$$
