000
CDUS42 KMLB 310627
CLIVRB


CLIMATE REPORT
NATIONAL WEATHER SERVICE MELBOURNE FL
127 AM EST SAT JAN 31 2015


...................................

...THE VERO BEACH CLIMATE SUMMARY FOR JANUARY 30 2015...

CLIMATE NORMAL PERIOD 1981 TO 2010
CLIMATE RECORD PERIOD 1942 TO 2015


WEATHER ITEM   OBSERVED TIME   RECORD YEAR NORMAL DEPARTURE LAST
                VALUE   (LST)  VALUE       VALUE  FROM      YEAR
                                                  NORMAL
..................................................................
TEMPERATURE (F)
 YESTERDAY
  MAXIMUM         75    255 PM  86    1991  73      2       65
  MINIMUM         44    440 AM  30    1978  52     -8       56
  AVERAGE         60                        63     -3       61

PRECIPITATION (IN)
  YESTERDAY        0.00          0.83 2014   0.08  -0.08     0.83
  MONTH TO DATE    1.15                      2.43  -1.28     4.42
  SINCE DEC 1      4.36                      4.62  -0.26     7.01
  SINCE JAN 1      1.15                      2.43  -1.28     4.42

SNOWFALL (IN)
  YESTERDAY        0.0
  MONTH TO DATE    0.0
  SINCE JUL 1      0.0

DEGREE DAYS
 HEATING
  YESTERDAY        5                         4      1        4
  MONTH TO DATE   91                       149    -58      172
  SINCE DEC 1    166                       254    -88      190
  SINCE JUL 1    245                       284    -39      201

 COOLING
  YESTERDAY        0                         2     -2        0
  MONTH TO DATE   83                        60     23       65
  SINCE DEC 1    204                       153     51      233
  SINCE JAN 1     83                        60     23       65
..................................................................


WIND (MPH)
  HIGHEST WIND SPEED    18   HIGHEST WIND DIRECTION     W (290)
  HIGHEST GUST SPEED    24   HIGHEST GUST DIRECTION     W (290)
  AVERAGE WIND SPEED     7.2


SKY COVER
  AVERAGE SKY COVER 0.1


WEATHER CONDITIONS
 THE FOLLOWING WEATHER WAS RECORDED YESTERDAY.
  NO SIGNIFICANT WEATHER WAS OBSERVED.


RELATIVE HUMIDITY (PERCENT)
 HIGHEST    93           100 AM
 LOWEST     38           200 PM
 AVERAGE    66

..........................................................


THE VERO BEACH CLIMATE NORMALS FOR TODAY
                         NORMAL    RECORD    YEAR
 MAXIMUM TEMPERATURE (F)   73        88      1991
 MINIMUM TEMPERATURE (F)   52        26      1966


SUNRISE AND SUNSET
JANUARY 31 2015.......SUNRISE   709 AM EST   SUNSET   602 PM EST
FEBRUARY  1 2015......SUNRISE   708 AM EST   SUNSET   602 PM EST


-  INDICATES NEGATIVE NUMBERS.
R  INDICATES RECORD WAS SET OR TIED.
MM INDICATES DATA IS MISSING.
T  INDICATES TRACE AMOUNT.




$$
