000
CDUS42 KMLB 302018
CLIVRB


CLIMATE REPORT
NATIONAL WEATHER SERVICE MELBOURNE FL
418 PM EDT SAT JUL 30 2016


...................................

...THE VERO BEACH CLIMATE SUMMARY FOR JULY 30 2016...
VALID TODAY AS OF 0400 PM LOCAL TIME.

CLIMATE NORMAL PERIOD 1981 TO 2010
CLIMATE RECORD PERIOD 1942 TO 2016


WEATHER ITEM   OBSERVED TIME   RECORD YEAR NORMAL DEPARTURE LAST
                VALUE   (LST)  VALUE       VALUE  FROM      YEAR
                                                  NORMAL
..................................................................
TEMPERATURE (F)
 TODAY
  MAXIMUM         94    207 PM  97    2010  90      4       92
  MINIMUM         73    525 AM  69    2000  74     -1       75
                                      1982
                                      1976
  AVERAGE         84                        82      2       84

PRECIPITATION (IN)
  TODAY            0.00          2.00 1993   0.17  -0.17     0.30
  MONTH TO DATE    0.61                      5.45  -4.84     5.85
  SINCE JUN 1      5.46                     12.12  -6.66    10.76
  SINCE JAN 1     41.25                     27.49  13.76    22.48

SNOWFALL (IN)
  TODAY            0.0
  MONTH TO DATE    0.0
  SINCE JUL 1      0.0

DEGREE DAYS
 HEATING
  TODAY            0                         0      0        0
  MONTH TO DATE    0                         0      0        0
  SINCE JUN 1      0                         0      0        0
  SINCE JUL 1      0                         0      0        0

 COOLING
  TODAY           19                        17      2       19
  MONTH TO DATE  557                       501     56      548
  SINCE JUN 1   1074                       957    117     1061
  SINCE JAN 1   2003                      1763    240     2213
..................................................................


WIND (MPH)
  HIGHEST WIND SPEED    14   HIGHEST WIND DIRECTION     E (80)
  HIGHEST GUST SPEED    23   HIGHEST GUST DIRECTION     E (110)
  AVERAGE WIND SPEED     5.0


SKY COVER
  AVERAGE SKY COVER 0.1


WEATHER CONDITIONS
 THE FOLLOWING WEATHER WAS RECORDED TODAY.
  NO SIGNIFICANT WEATHER WAS OBSERVED.


RELATIVE HUMIDITY (PERCENT)
 HIGHEST    94           200 AM
 LOWEST     52          1200 PM
 AVERAGE    73

..........................................................


THE VERO BEACH CLIMATE NORMALS FOR TOMORROW
                         NORMAL    RECORD    YEAR
 MAXIMUM TEMPERATURE (F)   90        95      2010
                                             1999
                                             1997
 MINIMUM TEMPERATURE (F)   74        69      2000
                                             1967


SUNRISE AND SUNSET
JULY 30 2016..........SUNRISE   644 AM EDT   SUNSET   812 PM EDT
JULY 31 2016..........SUNRISE   645 AM EDT   SUNSET   811 PM EDT


-  INDICATES NEGATIVE NUMBERS.
R  INDICATES RECORD WAS SET OR TIED.
MM INDICATES DATA IS MISSING.
T  INDICATES TRACE AMOUNT.




$$
