263
CDUS42 KMLB 222026
CLIVRB


CLIMATE REPORT
NATIONAL WEATHER SERVICE MELBOURNE FL
426 PM EDT SUN OCT 22 2017


...................................

...THE VERO BEACH CLIMATE SUMMARY FOR OCTOBER 22 2017...
VALID TODAY AS OF 0400 PM LOCAL TIME.

CLIMATE NORMAL PERIOD 1981 TO 2010
CLIMATE RECORD PERIOD 1942 TO 2017


WEATHER ITEM   OBSERVED TIME   RECORD YEAR NORMAL DEPARTURE LAST
                VALUE   (LST)  VALUE       VALUE  FROM      YEAR
                                                  NORMAL
..................................................................
TEMPERATURE (F)
 TODAY
  MAXIMUM         87   1251 PM  92    2013  83      4       77
  MINIMUM         77    413 AM  50    1976  67     10       56
  AVERAGE         82                        75      7       67

PRECIPITATION (IN)
  TODAY            0.02          1.22 1956   0.14  -0.12     0.00
  MONTH TO DATE    5.75                      3.85   1.90     4.13
  SINCE SEP 1     18.19                     10.64   7.55     9.03
  SINCE JAN 1     47.61                     45.34   2.27    62.46

SNOWFALL (IN)
  TODAY            0.0
  MONTH TO DATE    0.0
  SINCE JUL 1      0.0

DEGREE DAYS
 HEATING
  TODAY            0                         0      0        0
  MONTH TO DATE    0                         0      0        0
  SINCE SEP 1      0                         0      0        0
  SINCE JUL 1      0                         0      0        0

 COOLING
  TODAY           17                        10      7        2
  MONTH TO DATE  343                       276     67      321
  SINCE SEP 1    838                       745     93      844
  SINCE JAN 1   3550                      3043    507     3434
..................................................................


WIND (MPH)
  HIGHEST WIND SPEED    21   HIGHEST WIND DIRECTION    SE (130)
  HIGHEST GUST SPEED    25   HIGHEST GUST DIRECTION    SE (150)
  AVERAGE WIND SPEED    12.8


SKY COVER
  AVERAGE SKY COVER 0.7


WEATHER CONDITIONS
 THE FOLLOWING WEATHER WAS RECORDED TODAY.
  LIGHT RAIN
  FOG


RELATIVE HUMIDITY (PERCENT)
 HIGHEST    94           300 AM
 LOWEST     70          1100 AM
 AVERAGE    82

..........................................................


THE VERO BEACH CLIMATE NORMALS FOR TOMORROW
                         NORMAL    RECORD    YEAR
 MAXIMUM TEMPERATURE (F)   83        90      1990
 MINIMUM TEMPERATURE (F)   67        50      1976


SUNRISE AND SUNSET
OCTOBER 22 2017.......SUNRISE   726 AM EDT   SUNSET   646 PM EDT
OCTOBER 23 2017.......SUNRISE   727 AM EDT   SUNSET   645 PM EDT


-  INDICATES NEGATIVE NUMBERS.
R  INDICATES RECORD WAS SET OR TIED.
MM INDICATES DATA IS MISSING.
T  INDICATES TRACE AMOUNT.




$$
