000
CDUS42 KMLB 020629
CLIVRB


CLIMATE REPORT
NATIONAL WEATHER SERVICE MELBOURNE FL
227 AM EDT SUN AUG 2 2015


...................................

...THE VERO BEACH CLIMATE SUMMARY FOR AUGUST 1 2015...

CLIMATE NORMAL PERIOD 1981 TO 2010
CLIMATE RECORD PERIOD 1942 TO 2015


WEATHER ITEM   OBSERVED TIME   RECORD YEAR NORMAL DEPARTURE LAST
                VALUE   (LST)  VALUE       VALUE  FROM      YEAR
                                                  NORMAL
..................................................................
TEMPERATURE (F)
 YESTERDAY
  MAXIMUM         87   1256 PM  97    2010  90     -3       90
  MINIMUM         72    445 AM  69    2001  74     -2       72
                                      1973
                                      1967
  AVERAGE         80                        82     -2       81

PRECIPITATION (IN)
  YESTERDAY        0.14          2.08 1991   0.21  -0.07     0.00
  MONTH TO DATE    0.14                      0.21  -0.07     0.00
  SINCE JUN 1     10.95                     12.51  -1.56    13.84
  SINCE JAN 1     22.67                     27.88  -5.21    27.02

SNOWFALL (IN)
  YESTERDAY        0.0
  MONTH TO DATE    0.0
  SINCE JUL 1      0.0

DEGREE DAYS
 HEATING
  YESTERDAY        0                         0      0        0
  MONTH TO DATE    0                         0      0        0
  SINCE JUN 1      0                         0      0        0
  SINCE JUL 1      0                         0      0        0

 COOLING
  YESTERDAY       15                        17     -2       16
  MONTH TO DATE   15                        17     -2       16
  SINCE JUN 1   1095                       991    104      938
  SINCE JAN 1   2247                      1797    450     1864
..................................................................


WIND (MPH)
  HIGHEST WIND SPEED    29   HIGHEST WIND DIRECTION     W (260)
  HIGHEST GUST SPEED    35   HIGHEST GUST DIRECTION     W (260)
  AVERAGE WIND SPEED     7.7


SKY COVER
  AVERAGE SKY COVER 0.8


WEATHER CONDITIONS
 THE FOLLOWING WEATHER WAS RECORDED YESTERDAY.
  THUNDERSTORM
  LIGHT RAIN
  FOG
  HAZE


RELATIVE HUMIDITY (PERCENT)
 HIGHEST    87           400 AM
 LOWEST     63           100 PM
 AVERAGE    75

..........................................................


THE VERO BEACH CLIMATE NORMALS FOR TODAY
                         NORMAL    RECORD    YEAR
 MAXIMUM TEMPERATURE (F)   90        98      1999
 MINIMUM TEMPERATURE (F)   74        68      1972
                                             1967


SUNRISE AND SUNSET
AUGUST  2 2015........SUNRISE   645 AM EDT   SUNSET   810 PM EDT
AUGUST  3 2015........SUNRISE   646 AM EDT   SUNSET   810 PM EDT


-  INDICATES NEGATIVE NUMBERS.
R  INDICATES RECORD WAS SET OR TIED.
MM INDICATES DATA IS MISSING.
T  INDICATES TRACE AMOUNT.




$$
