000
CDUS42 KMLB 040626
CLIVRB


CLIMATE REPORT
NATIONAL WEATHER SERVICE MELBOURNE FL
126 AM EST SUN DEC 4 2016


...................................

...THE VERO BEACH CLIMATE SUMMARY FOR DECEMBER 3 2016...

CLIMATE NORMAL PERIOD 1981 TO 2010
CLIMATE RECORD PERIOD 1942 TO 2016


WEATHER ITEM   OBSERVED TIME   RECORD YEAR NORMAL DEPARTURE LAST
                VALUE   (LST)  VALUE       VALUE  FROM      YEAR
                                                  NORMAL
..................................................................
TEMPERATURE (F)
 YESTERDAY
  MAXIMUM         78   1214 PM  87    1991  76      2       74
                                      1981
  MINIMUM         54    648 AM  40    1974  58     -4       67
  AVERAGE         66                        67     -1       71

PRECIPITATION (IN)
  YESTERDAY        0.00          1.08 2015   0.08  -0.08     1.08
  MONTH TO DATE    0.00                      0.23  -0.23     1.53
  SINCE DEC 1      0.00                      0.23  -0.23     1.53
  SINCE JAN 1     63.16                     49.91  13.25    46.65

SNOWFALL (IN)
  YESTERDAY        0.0
  MONTH TO DATE    0.0
  SINCE JUL 1      0.0

DEGREE DAYS
 HEATING
  YESTERDAY        0                         2     -2        0
  MONTH TO DATE    0                         6     -6        0
  SINCE DEC 1      0                         6     -6        0
  SINCE JUL 1     19                        36    -17        1

 COOLING
  YESTERDAY        1                         4     -3        6
  MONTH TO DATE   15                        12      3       27
  SINCE DEC 1     15                        12      3       27
  SINCE JAN 1   3695                      3323    372     4154
..................................................................


WIND (MPH)
  HIGHEST WIND SPEED    16   HIGHEST WIND DIRECTION    NE (40)
  HIGHEST GUST SPEED    21   HIGHEST GUST DIRECTION    NE (60)
  AVERAGE WIND SPEED     8.8


SKY COVER
  AVERAGE SKY COVER 0.2


WEATHER CONDITIONS
 THE FOLLOWING WEATHER WAS RECORDED YESTERDAY.
  NO SIGNIFICANT WEATHER WAS OBSERVED.


RELATIVE HUMIDITY (PERCENT)
 HIGHEST   100           500 AM
 LOWEST     56          1100 AM
 AVERAGE    78

..........................................................


THE VERO BEACH CLIMATE NORMALS FOR TODAY
                         NORMAL    RECORD    YEAR
 MAXIMUM TEMPERATURE (F)   76        84      1994
 MINIMUM TEMPERATURE (F)   58        37      1989


SUNRISE AND SUNSET
DECEMBER  4 2016......SUNRISE   658 AM EST   SUNSET   527 PM EST
DECEMBER  5 2016......SUNRISE   658 AM EST   SUNSET   527 PM EST


-  INDICATES NEGATIVE NUMBERS.
R  INDICATES RECORD WAS SET OR TIED.
MM INDICATES DATA IS MISSING.
T  INDICATES TRACE AMOUNT.




$$
