000
CDUS42 KMLB 200626
CLIVRB


CLIMATE REPORT
NATIONAL WEATHER SERVICE MELBOURNE FL
126 AM EST SAT JAN 20 2018


...................................

...THE VERO BEACH CLIMATE SUMMARY FOR JANUARY 19 2018...

CLIMATE NORMAL PERIOD 1981 TO 2010
CLIMATE RECORD PERIOD 1942 TO 2018


WEATHER ITEM   OBSERVED TIME   RECORD YEAR NORMAL DEPARTURE LAST
                VALUE   (LST)  VALUE       VALUE  FROM      YEAR
                                                  NORMAL
..................................................................
TEMPERATURE (F)
 YESTERDAY
  MAXIMUM         66    340 PM  88    1943  72     -6       80
  MINIMUM         41    511 AM  29    1981  52    -11       55
                                      1977
  AVERAGE         54                        62     -8       68

PRECIPITATION (IN)
  YESTERDAY        0.00          0.88 1954   0.08  -0.08     0.00
  MONTH TO DATE    2.50                      1.52   0.98     0.46
  SINCE DEC 1      4.73                      3.71   1.02     2.60
  SINCE JAN 1      2.50                      1.52   0.98     0.46

SNOWFALL (IN)
  YESTERDAY        0.0
  MONTH TO DATE    0.0
  SINCE JUL 1      0.0

DEGREE DAYS
 HEATING
  YESTERDAY       11                         5      6        0
  MONTH TO DATE  137                        95     42       30
  SINCE DEC 1    220                       200     20       45
  SINCE JUL 1    240                       230     10       64

 COOLING
  YESTERDAY        0                         2     -2        3
  MONTH TO DATE   28                        38    -10       71
  SINCE DEC 1    146                       131     15      276
  SINCE JAN 1     28                        38    -10       71
..................................................................


WIND (MPH)
  HIGHEST WIND SPEED    15   HIGHEST WIND DIRECTION     N (350)
  HIGHEST GUST SPEED    19   HIGHEST GUST DIRECTION     N (360)
  AVERAGE WIND SPEED     7.0


SKY COVER
  AVERAGE SKY COVER 0.0


WEATHER CONDITIONS
 THE FOLLOWING WEATHER WAS RECORDED YESTERDAY.
  NO SIGNIFICANT WEATHER WAS OBSERVED.


RELATIVE HUMIDITY (PERCENT)
 HIGHEST   100           900 PM
 LOWEST     63           300 PM
 AVERAGE    82

..........................................................


THE VERO BEACH CLIMATE NORMALS FOR TODAY
                         NORMAL    RECORD    YEAR
 MAXIMUM TEMPERATURE (F)   72        86      1963
 MINIMUM TEMPERATURE (F)   52        23      1977


SUNRISE AND SUNSET
JANUARY 20 2018.......SUNRISE   713 AM EST   SUNSET   553 PM EST
JANUARY 21 2018.......SUNRISE   712 AM EST   SUNSET   554 PM EST


-  INDICATES NEGATIVE NUMBERS.
R  INDICATES RECORD WAS SET OR TIED.
MM INDICATES DATA IS MISSING.
T  INDICATES TRACE AMOUNT.




$$
