000
CDUS41 KBTV 270606
CLIVSF


CLIMATE REPORT
NATIONAL WEATHER SERVICE BURLINGTON VT
100 AM EST MON FEB 27 2017


...................................

...THE SPRINGFIELD VT CLIMATE SUMMARY FOR FEBRUARY 26 2017...

CLIMATE NORMAL PERIOD 1981 TO 2010
CLIMATE RECORD PERIOD 9999 TO 9999


WEATHER ITEM   OBSERVED TIME   NORMAL DEPARTURE LAST
                VALUE   (LST)  VALUE  FROM      YEAR
                                      NORMAL
......................................................
TEMPERATURE (F)
 YESTERDAY
  MAXIMUM         39   1245 AM  36      3       33
  MINIMUM         24   1159 PM  16      8       18
  AVERAGE         32            26      6       26

PRECIPITATION (IN)
  YESTERDAY        T             0.09  -0.09      T
  MONTH TO DATE    1.13          2.52  -1.39     3.73
  SINCE DEC 1      5.95          8.71  -2.76     8.54
  SINCE JAN 1      3.55          5.44  -1.89     5.22

DEGREE DAYS
 HEATING
  YESTERDAY       33            39     -6       39
  MONTH TO DATE  962          1097   -135     1018
  SINCE DEC 1   3363          3726   -363     3153
  SINCE JUL 1   4819          5369   -550     4566

 COOLING
  YESTERDAY        0             0      0        0
  MONTH TO DATE    0             0      0        0
  SINCE DEC 1      0             0      0        0
  SINCE JAN 1      0             0      0        0
......................................................


WIND (MPH)
  HIGHEST WIND SPEED    25   HIGHEST WIND DIRECTION     W (280)
  HIGHEST GUST SPEED    36   HIGHEST GUST DIRECTION     W (270)
  AVERAGE WIND SPEED    10.8


SKY COVER
  AVERAGE SKY COVER 0.7


WEATHER CONDITIONS
 THE FOLLOWING WEATHER WAS RECORDED YESTERDAY.
  LIGHT RAIN


RELATIVE HUMIDITY (PERCENT)
 HIGHEST    82          1200 AM
 LOWEST     38          1200 PM
 AVERAGE    60

..........................................................


THE SPRINGFIELD VT CLIMATE NORMALS FOR TODAY
                         NORMAL    RECORD    YEAR
 MAXIMUM TEMPERATURE (F)   36        49      2009
 MINIMUM TEMPERATURE (F)   16       -10      2003


SUNRISE AND SUNSET
FEBRUARY 27 2017......SUNRISE   629 AM EST   SUNSET   537 PM EST
FEBRUARY 28 2017......SUNRISE   628 AM EST   SUNSET   538 PM EST


-  INDICATES NEGATIVE NUMBERS.
R  INDICATES RECORD WAS SET OR TIED.
MM INDICATES DATA IS MISSING.
T  INDICATES TRACE AMOUNT.




$$
