000
CDUS41 KBTV 060608
CLIVSF


CLIMATE REPORT
NATIONAL WEATHER SERVICE BURLINGTON VT
108 AM EST FRI MAR 6 2015


...................................

...THE SPRINGFIELD VT CLIMATE SUMMARY FOR MARCH 5 2015...

CLIMATE NORMAL PERIOD 1981 TO 2010
CLIMATE RECORD PERIOD 9999 TO 9999


WEATHER ITEM   OBSERVED TIME   NORMAL DEPARTURE LAST
                VALUE   (LST)  VALUE  FROM      YEAR
                                      NORMAL
......................................................
TEMPERATURE (F)
 YESTERDAY
  MAXIMUM         33   1236 AM  38     -5       23
  MINIMUM          2   1159 PM  18    -16       10
  AVERAGE         18            28    -10       17

PRECIPITATION (IN)
  YESTERDAY        0.00          0.06  -0.06      T
  MONTH TO DATE    0.17          0.32  -0.15      T
  SINCE MAR 1      0.17          0.32  -0.15      T
  SINCE JAN 1      4.32          5.93  -1.61     3.69

DEGREE DAYS
 HEATING
  YESTERDAY       47            37     10       48
  MONTH TO DATE  230           188     42      256
  SINCE MAR 1    230           188     42      256
  SINCE JUL 1   5782          5633    149     5967

 COOLING
  YESTERDAY        0             0      0        0
  MONTH TO DATE    0             0      0        0
  SINCE MAR 1      0             0      0        0
  SINCE JAN 1      0             0      0        0
......................................................


WIND (MPH)
  HIGHEST WIND SPEED    16   HIGHEST WIND DIRECTION     W (280)
  HIGHEST GUST SPEED    25   HIGHEST GUST DIRECTION     N (350)
  AVERAGE WIND SPEED     7.2


SKY COVER
  AVERAGE SKY COVER 0.2


WEATHER CONDITIONS
 THE FOLLOWING WEATHER WAS RECORDED YESTERDAY.
  NO SIGNIFICANT WEATHER WAS OBSERVED.


RELATIVE HUMIDITY (PERCENT)
 HIGHEST    50          1000 PM
 LOWEST     36           800 AM
 AVERAGE    43

..........................................................


THE SPRINGFIELD VT CLIMATE NORMALS FOR TODAY
                         NORMAL    RECORD    YEAR
 MAXIMUM TEMPERATURE (F)   39        51      2004
 MINIMUM TEMPERATURE (F)   18        -4      2007


SUNRISE AND SUNSET
MARCH  6 2015.........SUNRISE   618 AM EST   SUNSET   545 PM EST
MARCH  7 2015.........SUNRISE   617 AM EST   SUNSET   546 PM EST


-  INDICATES NEGATIVE NUMBERS.
R  INDICATES RECORD WAS SET OR TIED.
MM INDICATES DATA IS MISSING.
T  INDICATES TRACE AMOUNT.




$$
