000
CDUS41 KBTV 210558
CLIVSF


CLIMATE REPORT
NATIONAL WEATHER SERVICE BURLINGTON VT
157 AM EDT THU AUG 21 2014


...................................

...THE SPRINGFIELD VT CLIMATE SUMMARY FOR AUGUST 20 2014...

CLIMATE NORMAL PERIOD 1981 TO 2010
CLIMATE RECORD PERIOD 9999 TO 9999


WEATHER ITEM   OBSERVED TIME   NORMAL DEPARTURE LAST
                VALUE   (LST)  VALUE  FROM      YEAR
                                      NORMAL
......................................................
TEMPERATURE (F)
 YESTERDAY
  MAXIMUM         81    301 PM  79      2       84
  MINIMUM         50    624 AM  55     -5       56
  AVERAGE         66            67     -1       70

PRECIPITATION (IN)
  YESTERDAY        0.00          0.12  -0.12     0.00
  MONTH TO DATE    2.38          2.49  -0.11     1.48
  SINCE JUN 1     12.94         10.81   2.13    12.98
  SINCE JAN 1     26.47         27.08  -0.61    24.69

DEGREE DAYS
 HEATING
  YESTERDAY        0             1     -1        0
  MONTH TO DATE   30            20     10       32
  SINCE JUN 1     95           133    -38      139
  SINCE JUL 1     37            37      0       38

 COOLING
  YESTERDAY        1             3     -2        5
  MONTH TO DATE   37            76    -39       33
  SINCE JUN 1    209           279    -70      375
  SINCE JAN 1    214           291    -77      399
......................................................


WIND (MPH)
  HIGHEST WIND SPEED     9   HIGHEST WIND DIRECTION    SE (150)
  HIGHEST GUST SPEED    14   HIGHEST GUST DIRECTION    SE (150)
  AVERAGE WIND SPEED     1.5


SKY COVER
  AVERAGE SKY COVER 0.5


WEATHER CONDITIONS
 THE FOLLOWING WEATHER WAS RECORDED YESTERDAY.
  FOG
  FOG W/VISIBILITY <= 1/4 MILE


RELATIVE HUMIDITY (PERCENT)
 HIGHEST   100          1200 AM
 LOWEST     45           100 PM
 AVERAGE    73

..........................................................


THE SPRINGFIELD VT CLIMATE NORMALS FOR TODAY
                         NORMAL    RECORD    YEAR
 MAXIMUM TEMPERATURE (F)   79        MM        MM
 MINIMUM TEMPERATURE (F)   55        MM        MM


SUNRISE AND SUNSET
AUGUST 21 2014........SUNRISE   602 AM EDT   SUNSET   744 PM EDT
AUGUST 22 2014........SUNRISE   603 AM EDT   SUNSET   742 PM EDT


-  INDICATES NEGATIVE NUMBERS.
R  INDICATES RECORD WAS SET OR TIED.
MM INDICATES DATA IS MISSING.
T  INDICATES TRACE AMOUNT.




$$
