000
CDUS43 KLBF 240929
CLIVTN


CLIMATE REPORT
NATIONAL WEATHER SERVICE NORTH PLATTE
428 AM CDT WED AUG 24 2016


...................................

...THE VALENTINE NE CLIMATE SUMMARY FOR AUGUST 23 2016...

CLIMATE NORMAL PERIOD 1981 TO 2010
CLIMATE RECORD PERIOD 1885 TO 2016


WEATHER ITEM   OBSERVED TIME   RECORD YEAR NORMAL DEPARTURE LAST
                VALUE   (LST)  VALUE       VALUE  FROM      YEAR
                                                  NORMAL
..................................................................
TEMPERATURE (F)
 YESTERDAY
  MAXIMUM         87    335 PM 103    2006  86      1       74
                                      2003
  MINIMUM         54   1121 PM  39    1891  57     -3       42
  AVERAGE         71                        72     -1       58

PRECIPITATION (IN)
  YESTERDAY        0.00          0.76 1906   0.06  -0.06     0.00
  MONTH TO DATE    0.72                      1.77  -1.05     1.89
  SINCE JUN 1      7.99                      8.54  -0.55     8.56
  SINCE JAN 1     21.31                     15.70   5.61    17.95

SNOWFALL (IN)
  YESTERDAY        0.0           0.0    MM   0.0    0.0      0.0
  MONTH TO DATE    0.0                       0.0    0.0      0.0
  SINCE JUN 1      0.0                       0.0    0.0      0.0
  SINCE JUL 1      0.0                       0.0    0.0      0.0
  SNOW DEPTH       0

DEGREE DAYS
 HEATING
  YESTERDAY        0                         1     -1        7
  MONTH TO DATE    6                         4      2       24
  SINCE JUN 1     22                        73    -51       34
  SINCE JUL 1     11                        12     -1       26

 COOLING
  YESTERDAY        6                         7     -1        0
  MONTH TO DATE  204                       207     -3      180
  SINCE JUN 1    735                       648     87      592
  SINCE JAN 1    753                       682     71      598
..................................................................


WIND (MPH)
  HIGHEST WIND SPEED    24   HIGHEST WIND DIRECTION    NW (330)
  HIGHEST GUST SPEED    31   HIGHEST GUST DIRECTION     N (340)
  AVERAGE WIND SPEED    12.7


SKY COVER
  POSSIBLE SUNSHINE  MM
  AVERAGE SKY COVER 0.0


WEATHER CONDITIONS
 THE FOLLOWING WEATHER WAS RECORDED YESTERDAY.
  NO SIGNIFICANT WEATHER WAS OBSERVED.


RELATIVE HUMIDITY (PERCENT)
 HIGHEST    78           700 AM
 LOWEST     21           400 PM
 AVERAGE    50

..........................................................


THE VALENTINE NE CLIMATE NORMALS FOR TODAY
                         NORMAL    RECORD    YEAR
 MAXIMUM TEMPERATURE (F)   86       107      1936
 MINIMUM TEMPERATURE (F)   57        38      2015


SUNRISE AND SUNSET
AUGUST 24 2016........SUNRISE   659 AM CDT   SUNSET   829 PM CDT
AUGUST 25 2016........SUNRISE   700 AM CDT   SUNSET   828 PM CDT


-  INDICATES NEGATIVE NUMBERS.
R  INDICATES RECORD WAS SET OR TIED.
MM INDICATES DATA IS MISSING.
T  INDICATES TRACE AMOUNT.




$$
