000
CDUS43 KLBF 290816
CLIVTN


CLIMATE REPORT
NATIONAL WEATHER SERVICE NORTH PLATTE
315 AM CDT SAT APR 29 2017


...................................

...THE VALENTINE NE CLIMATE SUMMARY FOR APRIL 28 2017...

CLIMATE NORMAL PERIOD 1981 TO 2010
CLIMATE RECORD PERIOD 1885 TO 2017


WEATHER ITEM   OBSERVED TIME   RECORD YEAR NORMAL DEPARTURE LAST
                VALUE   (LST)  VALUE       VALUE  FROM      YEAR
                                                  NORMAL
..................................................................
TEMPERATURE (F)
 YESTERDAY
  MAXIMUM         50    338 PM  94    1910  65    -15       44
  MINIMUM         39    752 AM  20    2008  38      1       33
                                      1961
  AVERAGE         45                        51     -6       39

PRECIPITATION (IN)
  YESTERDAY        0.00          0.86 1954   0.09  -0.09     0.02
  MONTH TO DATE    1.36                      2.03  -0.67     3.16
  SINCE MAR 1      2.12                      3.10  -0.98     4.09
  SINCE JAN 1      4.19                      3.84   0.35     4.77

SNOWFALL (IN)
  YESTERDAY        0.0           5.0  1950   0.0    0.0      0.0
  MONTH TO DATE    0.7                       4.4   -3.7      1.5
  SINCE MAR 1      2.7                      10.9   -8.2      7.0
  SINCE JUL 1     44.5                      33.0   11.5     38.2
  SNOW DEPTH       0

DEGREE DAYS
 HEATING
  YESTERDAY       20                        14      6       26
  MONTH TO DATE  422                       528   -106      452
  SINCE MAR 1   1183                      1421   -238     1164
  SINCE JUL 1   5942                      6657   -715     5850

 COOLING
  YESTERDAY        0                         0      0        0
  MONTH TO DATE    2                         0      2        3
  SINCE MAR 1      2                         0      2        3
  SINCE JAN 1      2                         0      2        3
..................................................................


WIND (MPH)
  HIGHEST WIND SPEED    24   HIGHEST WIND DIRECTION     E (70)
  HIGHEST GUST SPEED    29   HIGHEST GUST DIRECTION     E (70)
  AVERAGE WIND SPEED    14.2


SKY COVER
  POSSIBLE SUNSHINE  MM
  AVERAGE SKY COVER 0.9


WEATHER CONDITIONS
 THE FOLLOWING WEATHER WAS RECORDED YESTERDAY.
  NO SIGNIFICANT WEATHER WAS OBSERVED.


RELATIVE HUMIDITY (PERCENT)
 HIGHEST    67           100 AM
 LOWEST     34           400 PM
 AVERAGE    51

..........................................................


THE VALENTINE NE CLIMATE NORMALS FOR TODAY
                         NORMAL    RECORD    YEAR
 MAXIMUM TEMPERATURE (F)   66        87      1934
                                             1926
 MINIMUM TEMPERATURE (F)   38        15      1994


SUNRISE AND SUNSET
APRIL 29 2017.........SUNRISE   639 AM CDT   SUNSET   841 PM CDT
APRIL 30 2017.........SUNRISE   637 AM CDT   SUNSET   842 PM CDT


-  INDICATES NEGATIVE NUMBERS.
R  INDICATES RECORD WAS SET OR TIED.
MM INDICATES DATA IS MISSING.
T  INDICATES TRACE AMOUNT.




$$
