000
CDUS43 KLBF 301036
CLIVTN

CLIMATE REPORT
NATIONAL WEATHER SERVICE NORTH PLATTE
434 AM CST FRI JAN 30 2015


...................................

...THE VALENTINE NE CLIMATE SUMMARY FOR JANUARY 29 2015...

CLIMATE NORMAL PERIOD 1981 TO 2010
CLIMATE RECORD PERIOD 1885 TO 2015


WEATHER ITEM   OBSERVED TIME   RECORD YEAR NORMAL DEPARTURE LAST
                VALUE   (LST)  VALUE       VALUE  FROM      YEAR
                                                  NORMAL
..................................................................
TEMPERATURE (F)
 YESTERDAY
  MAXIMUM         45    408 PM  63    1931  37      8       53
  MINIMUM         20   1159 PM -23    1966  12      8        1
  AVERAGE         33                        24      9       27

PRECIPITATION (IN)
  YESTERDAY        0.00          0.30 1922   0.01  -0.01      T
  MONTH TO DATE    0.08                      0.24  -0.16     0.04
  SINCE DEC 1      0.98                      0.61   0.37     0.75
  SINCE JAN 1      0.08                      0.24  -0.16     0.04

SNOWFALL (IN)
  YESTERDAY        0.0           5.0  1922   0.1   -0.1      0.0
  MONTH TO DATE    1.5                       3.5   -2.0      0.5
  SINCE DEC 1     10.2                       8.6    1.6     12.7
  SINCE JUL 1     16.6                      16.2    0.4     19.5
  SNOW DEPTH       0

DEGREE DAYS
 HEATING
  YESTERDAY       32                        41     -9       38
  MONTH TO DATE 1158                      1202    -44     1132
  SINCE DEC 1   2360                      2479   -119     2565
  SINCE JUL 1   3964                      4097   -133     4124

 COOLING
  YESTERDAY        0                         0      0        0
  MONTH TO DATE    0                         0      0        0
  SINCE DEC 1      0                         0      0        0
  SINCE JAN 1      0                         0      0        0
..................................................................


WIND (MPH)
  HIGHEST WIND SPEED    29   HIGHEST WIND DIRECTION    NW (330)
  HIGHEST GUST SPEED    41   HIGHEST GUST DIRECTION    NW (330)
  AVERAGE WIND SPEED    12.2


SKY COVER
  POSSIBLE SUNSHINE  MM
  AVERAGE SKY COVER 0.5


WEATHER CONDITIONS
 THE FOLLOWING WEATHER WAS RECORDED YESTERDAY.
  NO SIGNIFICANT WEATHER WAS OBSERVED.


RELATIVE HUMIDITY (PERCENT)
 HIGHEST    74           900 PM
 LOWEST     33           300 PM
 AVERAGE    54

..........................................................


THE VALENTINE NE CLIMATE NORMALS FOR TODAY
                         NORMAL    RECORD    YEAR
 MAXIMUM TEMPERATURE (F)   37        68      1892
 MINIMUM TEMPERATURE (F)   12       -28      1918


SUNRISE AND SUNSET
JANUARY 30 2015.......SUNRISE   759 AM CST   SUNSET   552 PM CST
JANUARY 31 2015.......SUNRISE   758 AM CST   SUNSET   554 PM CST


-  INDICATES NEGATIVE NUMBERS.
R  INDICATES RECORD WAS SET OR TIED.
MM INDICATES DATA IS MISSING.
T  INDICATES TRACE AMOUNT.




$$
