000
CDUS43 KLBF 220848
CLIVTN


CLIMATE REPORT
NATIONAL WEATHER SERVICE NORTH PLATTE
346 AM CDT THU JUN 22 2017


...................................

...THE VALENTINE NE CLIMATE SUMMARY FOR JUNE 21 2017...

CLIMATE NORMAL PERIOD 1981 TO 2010
CLIMATE RECORD PERIOD 1885 TO 2017


WEATHER ITEM   OBSERVED TIME   RECORD YEAR NORMAL DEPARTURE LAST
                VALUE   (LST)  VALUE       VALUE  FROM      YEAR
                                                  NORMAL
..................................................................
TEMPERATURE (F)
 YESTERDAY
  MAXIMUM        100    342 PM 105    1988  83     17       92
  MINIMUM         67    631 AM  32    1902  56     11       58
  AVERAGE         84                        70     14       75

PRECIPITATION (IN)
  YESTERDAY        0.00          1.87 2007   0.12  -0.12     0.00
  MONTH TO DATE    0.24                      2.54  -2.30     3.56
  SINCE JUN 1      0.24                      2.54  -2.30     3.56
  SINCE JAN 1      9.84                      9.70   0.14    16.88

SNOWFALL (IN)
  YESTERDAY        0.0           0.0    MM   0.0    0.0      0.0
  MONTH TO DATE    0.0                       0.0    0.0      0.0
  SINCE JUN 1      0.0                       0.0    0.0      0.0
  SINCE JUL 1     44.5                      33.3   11.2     38.2
  SNOW DEPTH       0

DEGREE DAYS
 HEATING
  YESTERDAY        0                         1     -1        0
  MONTH TO DATE    4                        52    -48       11
  SINCE JUN 1      4                        52    -48       11
  SINCE JUL 1   6238                      6994   -756     6161

 COOLING
  YESTERDAY       19                         6     13       10
  MONTH TO DATE  166                        74     92      166
  SINCE JUN 1    166                        74     92      166
  SINCE JAN 1    189                       108     81      184
..................................................................


WIND (MPH)
  HIGHEST WIND SPEED    20   HIGHEST WIND DIRECTION     N (10)
  HIGHEST GUST SPEED    24   HIGHEST GUST DIRECTION     N (360)
  AVERAGE WIND SPEED     8.0


SKY COVER
  POSSIBLE SUNSHINE  MM
  AVERAGE SKY COVER 0.0


WEATHER CONDITIONS
 THE FOLLOWING WEATHER WAS RECORDED YESTERDAY.
  NO SIGNIFICANT WEATHER WAS OBSERVED.


RELATIVE HUMIDITY (PERCENT)
 HIGHEST    58           600 AM
 LOWEST     20           600 PM
 AVERAGE    39

..........................................................


THE VALENTINE NE CLIMATE NORMALS FOR TODAY
                         NORMAL    RECORD    YEAR
 MAXIMUM TEMPERATURE (F)   84       107      1937
 MINIMUM TEMPERATURE (F)   56        42      1986


SUNRISE AND SUNSET
JUNE 22 2017..........SUNRISE   604 AM CDT   SUNSET   925 PM CDT
JUNE 23 2017..........SUNRISE   604 AM CDT   SUNSET   925 PM CDT


-  INDICATES NEGATIVE NUMBERS.
R  INDICATES RECORD WAS SET OR TIED.
MM INDICATES DATA IS MISSING.
T  INDICATES TRACE AMOUNT.




$$
