000
CDUS43 KLBF 201041
CLIVTN


CLIMATE REPORT
NATIONAL WEATHER SERVICE NORTH PLATTE
438 AM CST TUE FEB 20 2018


...................................

...THE VALENTINE NE CLIMATE SUMMARY FOR FEBRUARY 19 2018...

CLIMATE NORMAL PERIOD 1981 TO 2010
CLIMATE RECORD PERIOD 1885 TO 2018


WEATHER ITEM   OBSERVED TIME   RECORD YEAR NORMAL DEPARTURE LAST
                VALUE   (LST)  VALUE       VALUE  FROM      YEAR
                                                  NORMAL
..................................................................
TEMPERATURE (F)
 YESTERDAY
  MAXIMUM         13   1239 AM  69    1930  41    -28       67
  MINIMUM          5   1159 PM -24    1936  15    -10       41
  AVERAGE          9                        28    -19       54

PRECIPITATION (IN)
  YESTERDAY        0.09          0.71 1953   0.02   0.07     0.00
  MONTH TO DATE    0.41                      0.28   0.13     0.52
  SINCE DEC 1      1.29                      0.91   0.38     2.37
  SINCE JAN 1      0.95                      0.54   0.41     1.43

SNOWFALL (IN)
  YESTERDAY        1.5           7.2  1953   0.3    1.2      0.0
  MONTH TO DATE    5.3                       3.6    1.7      6.4
  SINCE DEC 1     15.4                      12.5    2.9     23.3
  SINCE JUL 1     16.7                      20.1   -3.4     29.6
  SNOW DEPTH       T

DEGREE DAYS
 HEATING
  YESTERDAY       56                        37     19       11
  MONTH TO DATE  889                       738    151      623
  SINCE DEC 1   3386                      3298     88     3341
  SINCE JUL 1   4685                      4916   -231     4447

 COOLING
  YESTERDAY        0                         0      0        0
  MONTH TO DATE    0                         0      0        0
  SINCE DEC 1      0                         0      0        0
  SINCE JAN 1      0                         0      0        0
..................................................................


WIND (MPH)
  HIGHEST WIND SPEED    25   HIGHEST WIND DIRECTION     N (350)
  HIGHEST GUST SPEED    31   HIGHEST GUST DIRECTION     N (360)
  AVERAGE WIND SPEED    15.9


SKY COVER
  POSSIBLE SUNSHINE  MM
  AVERAGE SKY COVER 1.0


WEATHER CONDITIONS
 THE FOLLOWING WEATHER WAS RECORDED YESTERDAY.
  SNOW
  LIGHT SNOW
  HAZE


RELATIVE HUMIDITY (PERCENT)
 HIGHEST    83          1100 PM
 LOWEST     69           100 PM
 AVERAGE    76

..........................................................


THE VALENTINE NE CLIMATE NORMALS FOR TODAY
                         NORMAL    RECORD    YEAR
 MAXIMUM TEMPERATURE (F)   41        74      1930
 MINIMUM TEMPERATURE (F)   16       -22      1918


SUNRISE AND SUNSET
FEBRUARY 20 2018......SUNRISE   732 AM CST   SUNSET   620 PM CST
FEBRUARY 21 2018......SUNRISE   731 AM CST   SUNSET   622 PM CST


-  INDICATES NEGATIVE NUMBERS.
R  INDICATES RECORD WAS SET OR TIED.
MM INDICATES DATA IS MISSING.
T  INDICATES TRACE AMOUNT.




$$
