030
CDUS43 KLBF 182238
CLIVTN


CLIMATE REPORT
NATIONAL WEATHER SERVICE NORTH PLATTE
437 PM CST WED JAN 18 2017


...................................

...THE VALENTINE NE CLIMATE SUMMARY FOR JANUARY 18 2017...
VALID TODAY AS OF 0400 PM LOCAL TIME.

CLIMATE NORMAL PERIOD 1981 TO 2010
CLIMATE RECORD PERIOD 1885 TO 2017


WEATHER ITEM   OBSERVED TIME   RECORD YEAR NORMAL DEPARTURE LAST
                VALUE   (LST)  VALUE       VALUE  FROM      YEAR
                                                  NORMAL
..................................................................
TEMPERATURE (F)
 TODAY
  MAXIMUM         61    349 PM  63    1914  37     24       29
  MINIMUM         19    706 AM -24    1892  11      8      -16
  AVERAGE         40                        24     16        7

PRECIPITATION (IN)
  TODAY            0.00          0.35 1988   0.01  -0.01     0.05
  MONTH TO DATE    0.12                      0.15  -0.03     0.13
  SINCE DEC 1      1.06                      0.52   0.54     1.17
  SINCE JAN 1      0.12                      0.15  -0.03     0.13

SNOWFALL (IN)
  TODAY            0.0           3.5  1988   0.1   -0.1      0.5
  MONTH TO DATE    1.2                       2.3   -1.1      2.1
  SINCE DEC 1      6.6                       7.4   -0.8     15.2
  SINCE JUL 1     12.9                      15.0   -2.1     25.3
  SNOW DEPTH       T

DEGREE DAYS
 HEATING
  TODAY           25                        41    -16       58
  MONTH TO DATE  857                       751    106      824
  SINCE DEC 1   2272                      2028    244     2056
  SINCE JUL 1   3378                      3646   -268     3349

 COOLING
  TODAY            0                         0      0        0
  MONTH TO DATE    0                         0      0        0
  SINCE DEC 1      0                         0      0        0
  SINCE JAN 1      0                         0      0        0
..................................................................


WIND (MPH)
  HIGHEST WIND SPEED    14   HIGHEST WIND DIRECTION    SW (240)
  HIGHEST GUST SPEED    16   HIGHEST GUST DIRECTION     W (270)
  AVERAGE WIND SPEED     7.8


SKY COVER
  POSSIBLE SUNSHINE  MM
  AVERAGE SKY COVER 0.0


WEATHER CONDITIONS
 THE FOLLOWING WEATHER WAS RECORDED TODAY.
  NO SIGNIFICANT WEATHER WAS OBSERVED.


RELATIVE HUMIDITY (PERCENT)
 HIGHEST    84           500 AM
 LOWEST     19           300 PM
 AVERAGE    52

..........................................................


THE VALENTINE NE CLIMATE NORMALS FOR TOMORROW
                         NORMAL    RECORD    YEAR
 MAXIMUM TEMPERATURE (F)   37        65      1906
                                             1900
 MINIMUM TEMPERATURE (F)   11       -29      1963


SUNRISE AND SUNSET
JANUARY 18 2017.......SUNRISE   808 AM CST   SUNSET   537 PM CST
JANUARY 19 2017.......SUNRISE   808 AM CST   SUNSET   539 PM CST


-  INDICATES NEGATIVE NUMBERS.
R  INDICATES RECORD WAS SET OR TIED.
MM INDICATES DATA IS MISSING.
T  INDICATES TRACE AMOUNT.




$$
