000
CDUS43 KLBF 252238
CLIVTN


CLIMATE REPORT
NATIONAL WEATHER SERVICE NORTH PLATTE
537 PM CDT WED MAY 25 2016


...................................

...THE VALENTINE NE CLIMATE SUMMARY FOR MAY 25 2016...
VALID TODAY AS OF 0500 PM LOCAL TIME.

CLIMATE NORMAL PERIOD 1981 TO 2010
CLIMATE RECORD PERIOD 1885 TO 2016


WEATHER ITEM   OBSERVED TIME   RECORD YEAR NORMAL DEPARTURE LAST
                VALUE   (LST)  VALUE       VALUE  FROM      YEAR
                                                  NORMAL
..................................................................
TEMPERATURE (F)
 TODAY
  MAXIMUM         79    359 PM  97    1985  74      5       62
  MINIMUM         56    517 AM  32    1910  47      9       54
  AVERAGE         68                        60      8       58

PRECIPITATION (IN)
  TODAY            T             4.00 1920   0.10  -0.10     1.45
  MONTH TO DATE    5.81                      2.45   3.36     7.07
  SINCE MAR 1     11.36                      5.74   5.62     8.72
  SINCE JAN 1     12.04                      6.48   5.56     9.34

SNOWFALL (IN)
  TODAY            0.0           0.0    MM   0.0    0.0      0.0
  MONTH TO DATE    0.0                       0.1   -0.1      0.0
  SINCE MAR 1      7.0                      11.2   -4.2      0.8
  SINCE JUL 1     38.2                      33.3    4.9     22.5
  SNOW DEPTH       0

DEGREE DAYS
 HEATING
  TODAY            0                         6     -6        7
  MONTH TO DATE  239                       231      8      272
  SINCE MAR 1   1451                      1678   -227     1407
  SINCE JUL 1   6137                      6914   -777     6533

 COOLING
  TODAY            3                         1      2        0
  MONTH TO DATE   14                        22     -8        3
  SINCE MAR 1     17                        26     -9        5
  SINCE JAN 1     17                        26     -9        5
..................................................................


WIND (MPH)
  HIGHEST WIND SPEED    38   HIGHEST WIND DIRECTION     W (280)
  HIGHEST GUST SPEED    49   HIGHEST GUST DIRECTION     W (280)
  AVERAGE WIND SPEED     9.7


SKY COVER
  POSSIBLE SUNSHINE  MM
  AVERAGE SKY COVER 0.4


WEATHER CONDITIONS
 THE FOLLOWING WEATHER WAS RECORDED TODAY.
  THUNDERSTORM


RELATIVE HUMIDITY (PERCENT)
 HIGHEST    93           300 AM
 LOWEST     32           300 PM
 AVERAGE    63

..........................................................


THE VALENTINE NE CLIMATE NORMALS FOR TOMORROW
                         NORMAL    RECORD    YEAR
 MAXIMUM TEMPERATURE (F)   74        98      1969
 MINIMUM TEMPERATURE (F)   48        28      1992


SUNRISE AND SUNSET
MAY 25 2016...........SUNRISE   610 AM CDT   SUNSET   909 PM CDT
MAY 26 2016...........SUNRISE   609 AM CDT   SUNSET   910 PM CDT


-  INDICATES NEGATIVE NUMBERS.
R  INDICATES RECORD WAS SET OR TIED.
MM INDICATES DATA IS MISSING.
T  INDICATES TRACE AMOUNT.




$$
