000
CDUS43 KLBF 112233
CLIVTN


CLIMATE REPORT
NATIONAL WEATHER SERVICE NORTH PLATTE
432 PM CST THU FEB 11 2016


...................................

...THE VALENTINE NE CLIMATE SUMMARY FOR FEBRUARY 11 2016...
VALID TODAY AS OF 0400 PM LOCAL TIME.

CLIMATE NORMAL PERIOD 1981 TO 2010
CLIMATE RECORD PERIOD 1885 TO 2016


WEATHER ITEM   OBSERVED TIME   RECORD YEAR NORMAL DEPARTURE LAST
                VALUE   (LST)  VALUE       VALUE  FROM      YEAR
                                                  NORMAL
..................................................................
TEMPERATURE (F)
 TODAY
  MAXIMUM         54    345 PM  69    1938  39     15       39
  MINIMUM         26   1255 AM -37    1899  13     13       14
  AVERAGE         40                        26     14       27

PRECIPITATION (IN)
  TODAY            0.00          0.25 2008   0.01  -0.01      T
  MONTH TO DATE    0.05                      0.14  -0.09     0.16
  SINCE DEC 1      1.61                      0.77   0.84     1.37
  SINCE JAN 1      0.57                      0.40   0.17     0.47

SNOWFALL (IN)
  TODAY            0.0           3.3  2008   0.2   -0.2       T
  MONTH TO DATE    1.0                       1.9   -0.9      1.5
  SINCE DEC 1     21.1                      10.8   10.3     13.7
  SINCE JUL 1     31.2                      18.4   12.8     20.1
  SNOW DEPTH       T

DEGREE DAYS
 HEATING
  TODAY           25                        39    -14       38
  MONTH TO DATE  378                       436    -58      371
  SINCE DEC 1   2915                      2996    -81     2804
  SINCE JUL 1   4208                      4614   -406     4408

 COOLING
  TODAY            0                         0      0        0
  MONTH TO DATE    0                         0      0        0
  SINCE DEC 1      0                         0      0        0
  SINCE JAN 1      0                         0      0        0
..................................................................


WIND (MPH)
  HIGHEST WIND SPEED    21   HIGHEST WIND DIRECTION     N (340)
  HIGHEST GUST SPEED    28   HIGHEST GUST DIRECTION    NW (320)
  AVERAGE WIND SPEED     9.5


SKY COVER
  POSSIBLE SUNSHINE  MM
  AVERAGE SKY COVER 0.8


WEATHER CONDITIONS
 THE FOLLOWING WEATHER WAS RECORDED TODAY.
  FOG


RELATIVE HUMIDITY (PERCENT)
 HIGHEST   100           300 AM
 LOWEST     45           300 PM
 AVERAGE    73

..........................................................


THE VALENTINE NE CLIMATE NORMALS FOR TOMORROW
                         NORMAL    RECORD    YEAR
 MAXIMUM TEMPERATURE (F)   39        75      1962
 MINIMUM TEMPERATURE (F)   14       -35      1905


SUNRISE AND SUNSET
FEBRUARY 11 2016......SUNRISE   745 AM CST   SUNSET   608 PM CST
FEBRUARY 12 2016......SUNRISE   744 AM CST   SUNSET   609 PM CST


-  INDICATES NEGATIVE NUMBERS.
R  INDICATES RECORD WAS SET OR TIED.
MM INDICATES DATA IS MISSING.
T  INDICATES TRACE AMOUNT.




$$
