000
CDUS43 KLBF 061043
CLIVTN

CLIMATE REPORT
NATIONAL WEATHER SERVICE NORTH PLATTE
442 AM CST FRI MAR 6 2015


...................................

...THE VALENTINE NE CLIMATE SUMMARY FOR MARCH 5 2015...

CLIMATE NORMAL PERIOD 1981 TO 2010
CLIMATE RECORD PERIOD 1885 TO 2015


WEATHER ITEM   OBSERVED TIME   RECORD YEAR NORMAL DEPARTURE LAST
                VALUE   (LST)  VALUE       VALUE  FROM      YEAR
                                                  NORMAL
..................................................................
TEMPERATURE (F)
 YESTERDAY
  MAXIMUM         47    423 PM  76    1937  46      1       40
  MINIMUM         -3    640 AM -18    1989  20    -23       14
  AVERAGE         22                        33    -11       27

PRECIPITATION (IN)
  YESTERDAY        0.00          0.48 1931   0.03  -0.03     0.00
  MONTH TO DATE    0.03                      0.13  -0.10     0.31
  SINCE MAR 1      0.03                      0.13  -0.10     0.31
  SINCE JAN 1      0.65                      0.87  -0.22     0.97

SNOWFALL (IN)
  YESTERDAY        0.0           6.6  1931   0.2   -0.2      0.0
  MONTH TO DATE    0.5                       1.1   -0.6      3.5
  SINCE MAR 1      0.5                       1.1   -0.6      3.5
  SINCE JUL 1     22.2                      23.2   -1.0     30.0
  SNOW DEPTH       T

DEGREE DAYS
 HEATING
  YESTERDAY       43                        32     11       38
  MONTH TO DATE  219                       165     54      273
  SINCE MAR 1    219                       165     54      273
  SINCE JUL 1   5345                      5401    -56     5751

 COOLING
  YESTERDAY        0                         0      0        0
  MONTH TO DATE    0                         0      0        0
  SINCE MAR 1      0                         0      0        0
  SINCE JAN 1      0                         0      0        0
..................................................................


WIND (MPH)
  HIGHEST WIND SPEED    16   HIGHEST WIND DIRECTION     W (290)
  HIGHEST GUST SPEED    23   HIGHEST GUST DIRECTION     W (290)
  AVERAGE WIND SPEED     6.7


SKY COVER
  POSSIBLE SUNSHINE  MM
  AVERAGE SKY COVER 0.1


WEATHER CONDITIONS
 THE FOLLOWING WEATHER WAS RECORDED YESTERDAY.
  NO SIGNIFICANT WEATHER WAS OBSERVED.


RELATIVE HUMIDITY (PERCENT)
 HIGHEST    83           100 AM
 LOWEST     20           300 PM
 AVERAGE    52

..........................................................


THE VALENTINE NE CLIMATE NORMALS FOR TODAY
                         NORMAL    RECORD    YEAR
 MAXIMUM TEMPERATURE (F)   46        76      1987
                                             1972
 MINIMUM TEMPERATURE (F)   20       -17      1943


SUNRISE AND SUNSET
MARCH  6 2015.........SUNRISE   710 AM CST   SUNSET   638 PM CST
MARCH  7 2015.........SUNRISE   708 AM CST   SUNSET   639 PM CST


-  INDICATES NEGATIVE NUMBERS.
R  INDICATES RECORD WAS SET OR TIED.
MM INDICATES DATA IS MISSING.
T  INDICATES TRACE AMOUNT.




$$
