000
CDUS43 KLBF 302236
CLIVTN

CLIMATE REPORT
NATIONAL WEATHER SERVICE NORTH PLATTE
535 PM CDT SAT AUG 30 2014


...................................

...THE VALENTINE NE CLIMATE SUMMARY FOR AUGUST 30 2014...
VALID TODAY AS OF 0500 PM LOCAL TIME.

CLIMATE NORMAL PERIOD 1981 TO 2010
CLIMATE RECORD PERIOD 1885 TO 2014


WEATHER ITEM   OBSERVED TIME   RECORD YEAR NORMAL DEPARTURE LAST
                VALUE   (LST)  VALUE       VALUE  FROM      YEAR
                                                  NORMAL
..................................................................
TEMPERATURE (F)
 TODAY
  MAXIMUM         86    430 PM 102    2000  84      2       94
                                      1981
                                      1948
  MINIMUM         51    534 AM  34    1935  55     -4       65
  AVERAGE         69                        70     -1       80

PRECIPITATION (IN)
  TODAY            0.00          1.12 1951   0.04  -0.04     0.01
  MONTH TO DATE    2.41                      2.13   0.28     2.01
  SINCE JUN 1     11.62                      8.90   2.72     8.24
  SINCE JAN 1     18.83                     16.06   2.77    17.64

SNOWFALL (IN)
  TODAY            0.0           0.0    MM   0.0    0.0      0.0
  MONTH TO DATE    0.0                       0.0    0.0      0.0
  SINCE JUN 1      0.0                       0.0    0.0      0.0
  SINCE JUL 1      0.0                       0.0    0.0      0.0
  SNOW DEPTH       0

DEGREE DAYS
 HEATING
  TODAY            0                         2     -2        0
  MONTH TO DATE    2                        12    -10        0
  SINCE JUN 1     75                        81     -6       57
  SINCE JUL 1     21                        20      1        3

 COOLING
  TODAY            4                         6     -2       15
  MONTH TO DATE  232                       254    -22      301
  SINCE JUN 1    573                       695   -122      739
  SINCE JAN 1    634                       729    -95      778
..................................................................


WIND (MPH)
  HIGHEST WIND SPEED    23   HIGHEST WIND DIRECTION     S (170)
  HIGHEST GUST SPEED    28   HIGHEST GUST DIRECTION     S (170)
  AVERAGE WIND SPEED     8.1


SKY COVER
  POSSIBLE SUNSHINE  MM
  AVERAGE SKY COVER 0.2


WEATHER CONDITIONS
 THE FOLLOWING WEATHER WAS RECORDED TODAY.
  FOG
  FOG W/VISIBILITY <= 1/4 MILE


RELATIVE HUMIDITY (PERCENT)
 HIGHEST   100           300 AM
 LOWEST     44           300 PM
 AVERAGE    72

..........................................................


THE VALENTINE NE CLIMATE NORMALS FOR TOMORROW
                         NORMAL    RECORD    YEAR
 MAXIMUM TEMPERATURE (F)   84       103      1960
 MINIMUM TEMPERATURE (F)   55        37      1993
                                             1965


SUNRISE AND SUNSET
AUGUST 30 2014........SUNRISE   705 AM CDT   SUNSET   820 PM CDT
AUGUST 31 2014........SUNRISE   706 AM CDT   SUNSET   818 PM CDT


-  INDICATES NEGATIVE NUMBERS.
R  INDICATES RECORD WAS SET OR TIED.
MM INDICATES DATA IS MISSING.
T  INDICATES TRACE AMOUNT.

$$
