000
CDUS43 KLBF 292248
CLIVTN


CLIMATE REPORT
NATIONAL WEATHER SERVICE NORTH PLATTE
545 PM CDT FRI JUL 29 2016


...................................

...THE VALENTINE NE CLIMATE SUMMARY FOR JULY 29 2016...
VALID TODAY AS OF 0500 PM LOCAL TIME.

CLIMATE NORMAL PERIOD 1981 TO 2010
CLIMATE RECORD PERIOD 1885 TO 2016


WEATHER ITEM   OBSERVED TIME   RECORD YEAR NORMAL DEPARTURE LAST
                VALUE   (LST)  VALUE       VALUE  FROM      YEAR
                                                  NORMAL
..................................................................
TEMPERATURE (F)
 TODAY
  MAXIMUM         80    414 PM 110    1980  89     -9       88
  MINIMUM         59    128 AM  42    1971  61     -2       46
  AVERAGE         70                        75     -5       67

PRECIPITATION (IN)
  TODAY            0.00          1.96 1964   0.09  -0.09     0.00
  MONTH TO DATE    2.79                      3.02  -0.23     3.25
  SINCE JUN 1      6.95                      6.58   0.37     6.67
  SINCE JAN 1     20.27                     13.74   6.53    16.06

SNOWFALL (IN)
  TODAY            0.0           0.0    MM   0.0    0.0      0.0
  MONTH TO DATE    0.0                       0.0    0.0      0.0
  SINCE JUN 1      0.0                       0.0    0.0      0.0
  SINCE JUL 1      0.0                       0.0    0.0      0.0
  SNOW DEPTH       0

DEGREE DAYS
 HEATING
  TODAY            0                         0      0        0
  MONTH TO DATE    5                         2      3        2
  SINCE JUN 1     16                        63    -47       10
  SINCE JUL 1      5                         2      3        2

 COOLING
  TODAY            5                        10     -5        2
  MONTH TO DATE  273                       282     -9      252
  SINCE JUN 1    510                       419     91      392
  SINCE JAN 1    528                       453     75      398
..................................................................


WIND (MPH)
  HIGHEST WIND SPEED    12   HIGHEST WIND DIRECTION     S (180)
  HIGHEST GUST SPEED    16   HIGHEST GUST DIRECTION    SE (140)
  AVERAGE WIND SPEED     4.6


SKY COVER
  POSSIBLE SUNSHINE  MM
  AVERAGE SKY COVER 0.6


WEATHER CONDITIONS
 THE FOLLOWING WEATHER WAS RECORDED TODAY.
  NO SIGNIFICANT WEATHER WAS OBSERVED.


RELATIVE HUMIDITY (PERCENT)
 HIGHEST    93          1200 AM
 LOWEST     42           400 PM
 AVERAGE    68

..........................................................


THE VALENTINE NE CLIMATE NORMALS FOR TOMORROW
                         NORMAL    RECORD    YEAR
 MAXIMUM TEMPERATURE (F)   89       105      1955
 MINIMUM TEMPERATURE (F)   61        38      1971


SUNRISE AND SUNSET
JULY 29 2016..........SUNRISE   631 AM CDT   SUNSET   906 PM CDT
JULY 30 2016..........SUNRISE   632 AM CDT   SUNSET   905 PM CDT


-  INDICATES NEGATIVE NUMBERS.
R  INDICATES RECORD WAS SET OR TIED.
MM INDICATES DATA IS MISSING.
T  INDICATES TRACE AMOUNT.




$$
