000
CDUS46 KPQR 250025
CLIVUO


CLIMATE REPORT
NATIONAL WEATHER SERVICE PORTLAND OREGON
425 PM PST FRI NOV 24 2017


...................................

...THE VANCOUVER WA CLIMATE SUMMARY FOR NOVEMBER 24 2017...
VALID TODAY AS OF 0400 PM LOCAL TIME.

CLIMATE NORMAL PERIOD 1981 TO 2010
CLIMATE RECORD PERIOD 1891 TO 2017


WEATHER ITEM   OBSERVED TIME   RECORD YEAR NORMAL DEPARTURE LAST
                VALUE   (LST)  VALUE       VALUE  FROM      YEAR
                                                  NORMAL
..................................................................
TEMPERATURE (F)
 TODAY
  MAXIMUM         56    152 PM  66    1936  51      5       54
  MINIMUM         43    325 AM   8    1985  38      5       47
  AVERAGE         50                        44      6       51

PRECIPITATION (IN)
  TODAY            T                         0.21  -0.21     2.05
  MONTH TO DATE    5.30                      4.56   0.74     5.51
  SINCE OCT 1      9.85                      7.63   2.22    13.73
  SINCE JAN 1     41.53                     31.02  10.51    36.46

DEGREE DAYS
 HEATING
  TODAY           15                                        14
  MONTH TO DATE  407                                       286
  SINCE SEP 1    839                                       661
  SINCE JUL 1    842                                       683

 COOLING
  TODAY            0                                         0
  MONTH TO DATE    0                                         0
  SINCE SEP 1    120                                        18
  SINCE JAN 1    639                                       407
..................................................................


WIND (MPH)
  HIGHEST WIND SPEED     9   HIGHEST WIND DIRECTION     S (180)
  HIGHEST GUST SPEED    14   HIGHEST GUST DIRECTION    SW (220)
  AVERAGE WIND SPEED     3.1


SKY COVER
  POSSIBLE SUNSHINE  MM
  AVERAGE SKY COVER 0.8


WEATHER CONDITIONS
 THE FOLLOWING WEATHER WAS RECORDED TODAY.
  FOG


RELATIVE HUMIDITY (PERCENT)
 HIGHEST   100           300 AM
 LOWEST     61           200 PM
 AVERAGE    81

..........................................................


THE VANCOUVER WA CLIMATE NORMALS FOR TOMORROW
                         NORMAL    RECORD    YEAR
 MAXIMUM TEMPERATURE (F)   50        63      2014
 MINIMUM TEMPERATURE (F)   38        13      1985
                                             2007


SUNRISE AND SUNSET
NOVEMBER 24 2017......SUNRISE   723 AM PST   SUNSET   432 PM PST
NOVEMBER 25 2017......SUNRISE   724 AM PST   SUNSET   431 PM PST


-  INDICATES NEGATIVE NUMBERS.
R  INDICATES RECORD WAS SET OR TIED.
MM INDICATES DATA IS MISSING.
T  INDICATES TRACE AMOUNT.




$$
