000
CDUS46 KPQR 302320
CLIVUO


CLIMATE REPORT
NATIONAL WEATHER SERVICE PORTLAND OREGON
420 PM PDT SAT JUL 30 2016


...................................

...THE VANCOUVER WA CLIMATE SUMMARY FOR JULY 30 2016...
VALID TODAY AS OF 0400 PM LOCAL TIME.

CLIMATE NORMAL PERIOD 1981 TO 2010
CLIMATE RECORD PERIOD 1891 TO 2016


WEATHER ITEM   OBSERVED TIME   RECORD YEAR NORMAL DEPARTURE LAST
                VALUE   (LST)  VALUE       VALUE  FROM      YEAR
                                                  NORMAL
..................................................................
TEMPERATURE (F)
 TODAY
  MAXIMUM         79    259 PM 105    1907  82     -3      103
  MINIMUM         57    531 AM  44    1986  58     -1       59
  AVERAGE         68                        70     -2       81

PRECIPITATION (IN)
  TODAY            0.00                      0.01  -0.01     0.00
  MONTH TO DATE    0.43                      0.68  -0.25     0.27
  SINCE OCT 1     45.23                     36.80   8.43    30.22
  SINCE JAN 1     21.38                     21.05   0.33    15.33

DEGREE DAYS
 HEATING
  TODAY            0                                         0
  MONTH TO DATE   11                                         4
  SINCE JUN 1     97                                        28
  SINCE JUL 1     11                                         4

 COOLING
  TODAY            3                                        16
  MONTH TO DATE  103                                       234
  SINCE JUN 1    184                                       396
  SINCE JAN 1    208                                       412
..................................................................


WIND (MPH)
  HIGHEST WIND SPEED    13   HIGHEST WIND DIRECTION     W (290)
  HIGHEST GUST SPEED    18   HIGHEST GUST DIRECTION     W (280)
  AVERAGE WIND SPEED     4.3


SKY COVER
  POSSIBLE SUNSHINE  MM
  AVERAGE SKY COVER 0.1


WEATHER CONDITIONS
 THE FOLLOWING WEATHER WAS RECORDED TODAY.
  NO SIGNIFICANT WEATHER WAS OBSERVED.


RELATIVE HUMIDITY (PERCENT)
 HIGHEST    80           300 AM
 LOWEST     35           300 PM
 AVERAGE    58

..........................................................


THE VANCOUVER WA CLIMATE NORMALS FOR TOMORROW
                         NORMAL    RECORD    YEAR
 MAXIMUM TEMPERATURE (F)   82       102      1965
 MINIMUM TEMPERATURE (F)   58        45      1975


SUNRISE AND SUNSET
JULY 30 2016..........SUNRISE   553 AM PDT   SUNSET   841 PM PDT
JULY 31 2016..........SUNRISE   554 AM PDT   SUNSET   839 PM PDT


-  INDICATES NEGATIVE NUMBERS.
R  INDICATES RECORD WAS SET OR TIED.
MM INDICATES DATA IS MISSING.
T  INDICATES TRACE AMOUNT.




$$
