000
CDUS46 KPQR 310231
CLIVUO


CLIMATE REPORT
NATIONAL WEATHER SERVICE PORTLAND OREGON
731 PM PDT WED JUL 30 2014


...................................

...THE VANCOUVER WA CLIMATE SUMMARY FOR JULY 30 2014...
VALID TODAY AS OF 0700 PM LOCAL TIME.

CLIMATE NORMAL PERIOD 1981 TO 2010
CLIMATE RECORD PERIOD 1891 TO 2014


WEATHER ITEM   OBSERVED TIME   RECORD YEAR NORMAL DEPARTURE LAST
                VALUE   (LST)  VALUE       VALUE  FROM      YEAR
                                                  NORMAL
..................................................................
TEMPERATURE (F)
 TODAY
  MAXIMUM         89    348 PM 105    1907  82      7       81
  MINIMUM         60    612 AM  46    1901  58      2       57
  AVERAGE         75                        70      5       69

PRECIPITATION (IN)
  TODAY            0.00                      0.01  -0.01     0.00
  MONTH TO DATE    0.82                      0.68   0.14     0.00
  SINCE OCT 1     27.72                     36.80  -9.08    34.24
  SINCE JAN 1     22.25                     21.05   1.20    14.98

DEGREE DAYS
 HEATING
  TODAY            0                                         0
  MONTH TO DATE    3                                         9
  SINCE JUN 1     81                                        65
  SINCE JUL 1      3                                         9

 COOLING
  TODAY           10                                         4
  MONTH TO DATE  190                                       134
  SINCE JUN 1    206                                       189
  SINCE JAN 1    221                                       201
..................................................................


WIND (MPH)
  HIGHEST WIND SPEED    16   HIGHEST WIND DIRECTION    NW (320)
  HIGHEST GUST SPEED    24   HIGHEST GUST DIRECTION    NW (330)
  AVERAGE WIND SPEED     7.1


SKY COVER
  POSSIBLE SUNSHINE  MM
  AVERAGE SKY COVER 0.1


WEATHER CONDITIONS
 THE FOLLOWING WEATHER WAS RECORDED TODAY.
  NO SIGNIFICANT WEATHER WAS OBSERVED.


RELATIVE HUMIDITY (PERCENT)
 HIGHEST    84           400 AM
 LOWEST     31           500 PM
 AVERAGE    58

..........................................................


THE VANCOUVER WA CLIMATE NORMALS FOR TOMORROW
                         NORMAL    RECORD    YEAR
 MAXIMUM TEMPERATURE (F)   82       102      1965
 MINIMUM TEMPERATURE (F)   58        46      2002


SUNRISE AND SUNSET
JULY 30 2014..........SUNRISE   552 AM PDT   SUNSET   841 PM PDT
JULY 31 2014..........SUNRISE   553 AM PDT   SUNSET   840 PM PDT


-  INDICATES NEGATIVE NUMBERS.
R  INDICATES RECORD WAS SET OR TIED.
MM INDICATES DATA IS MISSING.
T  INDICATES TRACE AMOUNT.




$$
