000
CDUS46 KPQR 291145
CLIVUO


CLIMATE REPORT
NATIONAL WEATHER SERVICE PORTLAND OREGON
445 AM PDT SUN MAR 29 2015


...................................

...THE VANCOUVER WA CLIMATE SUMMARY FOR MARCH 28 2015...

CLIMATE NORMAL PERIOD 1981 TO 2010
CLIMATE RECORD PERIOD 1891 TO 2015


WEATHER ITEM   OBSERVED TIME   RECORD YEAR NORMAL DEPARTURE LAST
                VALUE   (LST)  VALUE       VALUE  FROM      YEAR
                                                  NORMAL
..................................................................
TEMPERATURE (F)
 YESTERDAY
  MAXIMUM         61    332 PM  83    1930  59      2       54
  MINIMUM         48    948 PM  25    1975  41      7       47
  AVERAGE         55                        50      5       51

PRECIPITATION (IN)
  YESTERDAY        0.00                      0.10  -0.10     0.92
  MONTH TO DATE    4.67                      3.26   1.41     5.76
  SINCE OCT 1     26.98                     28.54  -1.56    18.12
  SINCE JAN 1     12.09                     12.79  -0.70    12.65

DEGREE DAYS
 HEATING
  YESTERDAY       10                                        14
  MONTH TO DATE  397                                       470
  SINCE JUL 1   3049                                      3933

 COOLING
  YESTERDAY        0                                         0
  MONTH TO DATE    0                                         0
  SINCE JAN 1      0                                         0
..................................................................


WIND (MPH)
  HIGHEST WIND SPEED    10   HIGHEST WIND DIRECTION    SW (210)
  HIGHEST GUST SPEED    15   HIGHEST GUST DIRECTION     S (180)
  AVERAGE WIND SPEED     3.8


SKY COVER
  POSSIBLE SUNSHINE  MM
  AVERAGE SKY COVER 0.6


WEATHER CONDITIONS
 THE FOLLOWING WEATHER WAS RECORDED YESTERDAY.
  NO SIGNIFICANT WEATHER WAS OBSERVED.


RELATIVE HUMIDITY (PERCENT)
 HIGHEST    80           400 AM
 LOWEST     46           400 PM
 AVERAGE    63

..........................................................




SUNRISE AND SUNSET
MARCH 29 2015.........SUNRISE   657 AM PDT   SUNSET   735 PM PDT
MARCH 30 2015.........SUNRISE   655 AM PDT   SUNSET   736 PM PDT


-  INDICATES NEGATIVE NUMBERS.
R  INDICATES RECORD WAS SET OR TIED.
MM INDICATES DATA IS MISSING.
T  INDICATES TRACE AMOUNT.




$$
