295
CDUS46 KPQR 261142
CLIVUO


CLIMATE REPORT
NATIONAL WEATHER SERVICE PORTLAND OREGON
441 AM PDT THU MAY 26 2016


...................................

...THE VANCOUVER WA CLIMATE SUMMARY FOR MAY 25 2016...

CLIMATE NORMAL PERIOD 1981 TO 2010
CLIMATE RECORD PERIOD 1891 TO 2016


WEATHER ITEM   OBSERVED TIME   RECORD YEAR NORMAL DEPARTURE LAST
                VALUE   (LST)  VALUE       VALUE  FROM      YEAR
                                                  NORMAL
..................................................................
TEMPERATURE (F)
 YESTERDAY
  MAXIMUM         68    237 PM  89    1947  70     -2       67
  MINIMUM         54    523 AM  32    1975  50      4       52
  AVERAGE         61                        60      1       60

PRECIPITATION (IN)
  YESTERDAY        0.00                      0.07  -0.07     0.00
  MONTH TO DATE    1.57                      2.08  -0.51     0.68
  SINCE OCT 1     43.29                     33.94   9.35    29.56
  SINCE JAN 1     19.44                     18.19   1.25    14.67

DEGREE DAYS
 HEATING
  YESTERDAY        4                                         5
  MONTH TO DATE  114                                       155
  SINCE JUL 1   3705                                      3645

 COOLING
  YESTERDAY        0                                         0
  MONTH TO DATE   15                                         1
  SINCE JAN 1     21                                         1
..................................................................


WIND (MPH)
  HIGHEST WIND SPEED    14   HIGHEST WIND DIRECTION    NW (310)
  HIGHEST GUST SPEED    19   HIGHEST GUST DIRECTION    NW (320)
  AVERAGE WIND SPEED     4.4


SKY COVER
  POSSIBLE SUNSHINE  MM
  AVERAGE SKY COVER 1.0


WEATHER CONDITIONS
 THE FOLLOWING WEATHER WAS RECORDED YESTERDAY.
  NO SIGNIFICANT WEATHER WAS OBSERVED.


RELATIVE HUMIDITY (PERCENT)
 HIGHEST    77           300 AM
 LOWEST     52           300 PM
 AVERAGE    65

..........................................................




SUNRISE AND SUNSET
MAY 26 2016...........SUNRISE   528 AM PDT   SUNSET   848 PM PDT
MAY 27 2016...........SUNRISE   528 AM PDT   SUNSET   849 PM PDT


-  INDICATES NEGATIVE NUMBERS.
R  INDICATES RECORD WAS SET OR TIED.
MM INDICATES DATA IS MISSING.
T  INDICATES TRACE AMOUNT.




$$
