000
CDUS46 KPQR 221144
CLIVUO


CLIMATE REPORT
NATIONAL WEATHER SERVICE PORTLAND OREGON
444 AM PDT WED OCT 22 2014


...................................

...THE VANCOUVER WA CLIMATE SUMMARY FOR OCTOBER 21 2014...

CLIMATE NORMAL PERIOD 1981 TO 2010
CLIMATE RECORD PERIOD 1891 TO 2014


WEATHER ITEM   OBSERVED TIME   RECORD YEAR NORMAL DEPARTURE LAST
                VALUE   (LST)  VALUE       VALUE  FROM      YEAR
                                                  NORMAL
..................................................................
TEMPERATURE (F)
 YESTERDAY
  MAXIMUM         61    306 PM  81    2003  61      0       71
  MINIMUM         54    716 AM  29    1905  43     11       46
  AVERAGE         58                        52      6       59

PRECIPITATION (IN)
  YESTERDAY        0.05                      0.11  -0.06     0.00
  MONTH TO DATE    1.37                      1.95  -0.58     0.79
  SINCE OCT 1      1.37                      1.95  -0.58     0.79
  SINCE JAN 1     24.81                     25.34  -0.53    21.86

DEGREE DAYS
 HEATING
  YESTERDAY        7                                         6
  MONTH TO DATE   88                                       257
  SINCE JUL 1    117                                       360

 COOLING
  YESTERDAY        0                                         0
  MONTH TO DATE   10                                         0
  SINCE JAN 1    531                                       450
..................................................................


WIND (MPH)
  HIGHEST WIND SPEED    15   HIGHEST WIND DIRECTION    SE (120)
  HIGHEST GUST SPEED    22   HIGHEST GUST DIRECTION     S (170)
  AVERAGE WIND SPEED     7.8


SKY COVER
  POSSIBLE SUNSHINE  MM
  AVERAGE SKY COVER 0.9


WEATHER CONDITIONS
 THE FOLLOWING WEATHER WAS RECORDED YESTERDAY.
  LIGHT RAIN


RELATIVE HUMIDITY (PERCENT)
 HIGHEST    83          1200 AM
 LOWEST     64           100 PM
 AVERAGE    74

..........................................................




SUNRISE AND SUNSET
OCTOBER 22 2014.......SUNRISE   737 AM PDT   SUNSET   613 PM PDT
OCTOBER 23 2014.......SUNRISE   738 AM PDT   SUNSET   611 PM PDT


-  INDICATES NEGATIVE NUMBERS.
R  INDICATES RECORD WAS SET OR TIED.
MM INDICATES DATA IS MISSING.
T  INDICATES TRACE AMOUNT.




$$
