482
CDUS46 KPQR 221141
CLIVUO


CLIMATE REPORT
NATIONAL WEATHER SERVICE PORTLAND OREGON
441 AM PDT FRI MAY 22 2015


...................................

...THE VANCOUVER WA CLIMATE SUMMARY FOR MAY 21 2015...

CLIMATE NORMAL PERIOD 1981 TO 2010
CLIMATE RECORD PERIOD 1891 TO 2015


WEATHER ITEM   OBSERVED TIME   RECORD YEAR NORMAL DEPARTURE LAST
                VALUE   (LST)  VALUE       VALUE  FROM      YEAR
                                                  NORMAL
..................................................................
TEMPERATURE (F)
 YESTERDAY
  MAXIMUM         74    519 PM  89    1963  69      5       74
  MINIMUM         57   1159 PM  33    1992  50      7       50
  AVERAGE         66                        59      7       62

PRECIPITATION (IN)
  YESTERDAY        T                         0.07  -0.07     0.00
  MONTH TO DATE    0.68                      1.80  -1.12     2.25
  SINCE OCT 1     29.56                     33.66  -4.10    24.27
  SINCE JAN 1     14.67                     17.91  -3.24    18.80

DEGREE DAYS
 HEATING
  YESTERDAY        0                                         3
  MONTH TO DATE  132                                       122
  SINCE JUL 1   3622                                      4468

 COOLING
  YESTERDAY        1                                         0
  MONTH TO DATE    1                                        13
  SINCE JAN 1      1                                        13
..................................................................


WIND (MPH)
  HIGHEST WIND SPEED    10   HIGHEST WIND DIRECTION     N (340)
  HIGHEST GUST SPEED    15   HIGHEST GUST DIRECTION    NW (330)
  AVERAGE WIND SPEED     2.6


SKY COVER
  POSSIBLE SUNSHINE  MM
  AVERAGE SKY COVER 0.6


WEATHER CONDITIONS
 THE FOLLOWING WEATHER WAS RECORDED YESTERDAY.
  LIGHT RAIN


RELATIVE HUMIDITY (PERCENT)
 HIGHEST    86           400 AM
 LOWEST     57           500 PM
 AVERAGE    72

..........................................................




SUNRISE AND SUNSET
MAY 22 2015...........SUNRISE   532 AM PDT   SUNSET   843 PM PDT
MAY 23 2015...........SUNRISE   532 AM PDT   SUNSET   844 PM PDT


-  INDICATES NEGATIVE NUMBERS.
R  INDICATES RECORD WAS SET OR TIED.
MM INDICATES DATA IS MISSING.
T  INDICATES TRACE AMOUNT.




$$
