000
CDUS46 KPQR 051141
CLIVUO


CLIMATE REPORT
NATIONAL WEATHER SERVICE PORTLAND OREGON
440 AM PDT SAT SEP 5 2015


...................................

...THE VANCOUVER WA CLIMATE SUMMARY FOR SEPTEMBER 4 2015...

CLIMATE NORMAL PERIOD 1981 TO 2010
CLIMATE RECORD PERIOD 1891 TO 2015


WEATHER ITEM   OBSERVED TIME   RECORD YEAR NORMAL DEPARTURE LAST
                VALUE   (LST)  VALUE       VALUE  FROM      YEAR
                                                  NORMAL
..................................................................
TEMPERATURE (F)
 YESTERDAY
  MAXIMUM         69    303 PM  95    2003  79    -10       85
  MINIMUM         48    657 AM  41    1898  54     -6       50
  AVERAGE         59                        67     -8       68

PRECIPITATION (IN)
  YESTERDAY        0.00                      0.04  -0.04     0.00
  MONTH TO DATE    0.19                      0.13   0.06     0.00
  SINCE OCT 1     30.96                     37.71  -6.75    27.76
  SINCE JAN 1     16.07                     21.96  -5.89    22.29

DEGREE DAYS
 HEATING
  YESTERDAY        6                                         0
  MONTH TO DATE   14                                         1
  SINCE JUL 1     18                                         4

 COOLING
  YESTERDAY        0                                         3
  MONTH TO DATE    2                                         7
  SINCE JAN 1    629                                       459
..................................................................


WIND (MPH)
  HIGHEST WIND SPEED    14   HIGHEST WIND DIRECTION     W (290)
  HIGHEST GUST SPEED    19   HIGHEST GUST DIRECTION    NW (300)
  AVERAGE WIND SPEED     4.6


SKY COVER
  POSSIBLE SUNSHINE  MM
  AVERAGE SKY COVER 0.4


WEATHER CONDITIONS
 THE FOLLOWING WEATHER WAS RECORDED YESTERDAY.
  THUNDERSTORM
  FOG


RELATIVE HUMIDITY (PERCENT)
 HIGHEST    96           200 AM
 LOWEST     42           200 PM
 AVERAGE    69

..........................................................




SUNRISE AND SUNSET
SEPTEMBER  5 2015.....SUNRISE   637 AM PDT   SUNSET   741 PM PDT
SEPTEMBER  6 2015.....SUNRISE   638 AM PDT   SUNSET   739 PM PDT


-  INDICATES NEGATIVE NUMBERS.
R  INDICATES RECORD WAS SET OR TIED.
MM INDICATES DATA IS MISSING.
T  INDICATES TRACE AMOUNT.




$$
