000
CDUS41 KAKQ 230545
CLIWAL


CLIMATE REPORT
NATIONAL WEATHER SERVICE WAKEFIELD, VA
145 AM EDT THU MAR 23 2017


...................................

...THE WALLOPS ISLAND VA CLIMATE SUMMARY FOR MARCH 22 2017...

CLIMATE NORMAL PERIOD 1981 TO 2010
CLIMATE RECORD PERIOD 1963 TO 2017


WEATHER ITEM   OBSERVED TIME   RECORD YEAR NORMAL DEPARTURE
                VALUE   (LST)  VALUE       VALUE  FROM
                                                  NORMAL
...............................................................
TEMPERATURE (F)
 YESTERDAY
  MAXIMUM         51    657 AM  74    2014  56     -5
                                      2012
  MINIMUM         31   1159 PM  21    1988  38     -7
  AVERAGE         41                        47     -6

PRECIPITATION (IN)
  YESTERDAY        T             0.82        0.13  -0.13
  MONTH TO DATE    1.79                      2.82  -1.03
  SINCE MAR 1      1.79                      2.82  -1.03
  SINCE JAN 1      7.99                      8.62  -0.63

SNOWFALL (IN)
  YESTERDAY       MM             0.0    MM   0.0   MM
  MONTH TO DATE    T                         0.4   -0.4
  SINCE NOV 1     10.1                       7.8    2.3
  SINCE JUL 1     10.1                       7.8    2.3

DEGREE DAYS
 HEATING
  YESTERDAY       24                                6
  MONTH TO DATE  492                               25
  SINCE MAR 1    492                               25
  SINCE JUL 1   3068                             -479

 COOLING
  YESTERDAY        0                                0
  MONTH TO DATE    2                                2
  SINCE MAR 1      2                                2
  SINCE JAN 1      2                                2
...............................................................


WIND (MPH)
  HIGHEST WIND SPEED    26   HIGHEST WIND DIRECTION    NW (320)
  HIGHEST GUST SPEED    39   HIGHEST GUST DIRECTION    NW (300)
  AVERAGE WIND SPEED    11.5




RELATIVE HUMIDITY (PERCENT)
 HIGHEST    92
 LOWEST     22
 AVERAGE    57

..........................................................


THE WALLOPS ISLAND VA CLIMATE NORMALS FOR TODAY
                         NORMAL    RECORD    YEAR
 MAXIMUM TEMPERATURE (F)   56        78      2012
                                             1994
 MINIMUM TEMPERATURE (F)   38        20      2002
                                             1986


SUNRISE AND SUNSET
MARCH 23 2017.........SUNRISE   700 AM EDT   SUNSET   717 PM EDT
MARCH 24 2017.........SUNRISE   659 AM EDT   SUNSET   718 PM EDT


-  INDICATES NEGATIVE NUMBERS.
R  INDICATES RECORD WAS SET OR TIED.
MM INDICATES DATA IS MISSING.
T  INDICATES TRACE AMOUNT.




$$
