000
CDUS41 KAKQ 010631
CLIWAL


CLIMATE REPORT
NATIONAL WEATHER SERVICE WAKEFIELD, VA
130 AM EST SUN MAR 1 2015


...................................

...THE WALLOPS ISLAND VA CLIMATE SUMMARY FOR FEBRUARY 28 2015...

CLIMATE NORMAL PERIOD 1981 TO 2010
CLIMATE RECORD PERIOD 1963 TO 2015


WEATHER ITEM   OBSERVED TIME   RECORD YEAR NORMAL DEPARTURE
                VALUE   (LST)  VALUE       VALUE  FROM
                                                  NORMAL
...............................................................
TEMPERATURE (F)
 YESTERDAY
  MAXIMUM         28    317 PM  75    1976  50    -22
  MINIMUM         17   1159 PM  15    1993  33    -16
  AVERAGE         23                        41    -18

PRECIPITATION (IN)
  YESTERDAY        0.00          0.72        0.11  -0.11
  MONTH TO DATE    3.06                      2.76   0.30
  SINCE DEC 1     11.01                      9.23   1.78
  SINCE JAN 1      7.79                      5.80   1.99

SNOWFALL (IN)
  YESTERDAY        0.0           4.0  1964   0.1   -0.1
  MONTH TO DATE   11.0                       3.4    7.6
  SINCE NOV 1     11.0                       7.4    3.6
  SINCE JUL 1     11.0                       7.4    3.6

DEGREE DAYS
 HEATING
  YESTERDAY       42                               18
  MONTH TO DATE 1044                              307
  SINCE DEC 1   2636                              260
  SINCE JUL 1   3330                              250

 COOLING
  YESTERDAY        0                                0
  MONTH TO DATE    0                                0
  SINCE DEC 1      0                                0
  SINCE JAN 1      0                                0
...............................................................


WIND (MPH)
  HIGHEST WIND SPEED    16   HIGHEST WIND DIRECTION     E (80)
  HIGHEST GUST SPEED    18   HIGHEST GUST DIRECTION     E (80)
  AVERAGE WIND SPEED     6.5




RELATIVE HUMIDITY (PERCENT)
 HIGHEST    84
 LOWEST     55
 AVERAGE    70

..........................................................


THE WALLOPS ISLAND VA CLIMATE NORMALS FOR TODAY
                         NORMAL    RECORD    YEAR
 MAXIMUM TEMPERATURE (F)   50        77      1976
 MINIMUM TEMPERATURE (F)   33        14      1980


SUNRISE AND SUNSET
MARCH  1 2015.........SUNRISE   634 AM EST   SUNSET   555 PM EST
MARCH  2 2015.........SUNRISE   632 AM EST   SUNSET   556 PM EST


-  INDICATES NEGATIVE NUMBERS.
R  INDICATES RECORD WAS SET OR TIED.
MM INDICATES DATA IS MISSING.
T  INDICATES TRACE AMOUNT.




$$
