000
CDUS46 KLOX 290857
CLIWJF


CLIMATE REPORT
NATIONAL WEATHER SERVICE LOS ANGELES/OXNARD CA
157 AM PDT FRI MAY 29 2015


...................................

...THE LANCASTER FOX FIELD CA CLIMATE SUMMARY FOR MAY 28 2015...

CLIMATE NORMAL PERIOD 1981 TO 2010
CLIMATE RECORD PERIOD 1948 TO 2015


WEATHER ITEM   OBSERVED TIME   RECORD YEAR NORMAL DEPARTURE
                VALUE   (LST)  VALUE       VALUE  FROM
                                                  NORMAL
...............................................................
TEMPERATURE (F)
 YESTERDAY
  MAXIMUM         92    239 PM 106    2003  86      6
  MINIMUM         57    451 AM  42    1953  57      0
  AVERAGE         75                        71      4

PRECIPITATION (IN)
  YESTERDAY        0.00          0.25 1971   0.00   0.00
  MONTH TO DATE    0.28                      0.08   0.20
  SINCE OCT 1      4.61                      6.98  -2.37
  SINCE JAN 1      1.69                      4.85  -3.16

SNOWFALL (IN)
  YESTERDAY        0.0           0.0    MM
  MONTH TO DATE    0.0
  SINCE MAR 1      0.0
  SINCE JUL 1      0.0
  SNOW DEPTH       0

DEGREE DAYS
 HEATING
  YESTERDAY        0                               -1
  MONTH TO DATE  105                               48
  SINCE MAR 1    507                             -125
  SINCE JUL 1   2376                             -549

 COOLING
  YESTERDAY       10                                3
  MONTH TO DATE   40                              -95
  SINCE MAR 1     68                              -97
  SINCE JAN 1     68                              -97
...............................................................


WIND (MPH)
  HIGHEST WIND SPEED    26   HIGHEST WIND DIRECTION     W (250)
  HIGHEST GUST SPEED    31   HIGHEST GUST DIRECTION    SW (240)
  AVERAGE WIND SPEED     9.8




RELATIVE HUMIDITY (PERCENT)
 HIGHEST    44
 LOWEST     10
 AVERAGE    27

..........................................................


THE LANCASTER FOX FIELD CA CLIMATE NORMALS FOR TODAY
                         NORMAL    RECORD    YEAR
 MAXIMUM TEMPERATURE (F)   86       101      1984
 MINIMUM TEMPERATURE (F)   57        39      2010


SUNRISE AND SUNSET
MAY 29 2015...........SUNRISE   542 AM PDT   SUNSET   759 PM PDT
MAY 30 2015...........SUNRISE   542 AM PDT   SUNSET   800 PM PDT


-  INDICATES NEGATIVE NUMBERS.
R  INDICATES RECORD WAS SET OR TIED.
MM INDICATES DATA IS MISSING.
T  INDICATES TRACE AMOUNT.




$$
