822
CDUS46 KLOX 140926
CLIWJF


CLIMATE REPORT
NATIONAL WEATHER SERVICE LOS ANGELES/OXNARD CA
126 AM PST SUN FEB 14 2016


...................................

...THE LANCASTER FOX FIELD CA CLIMATE SUMMARY FOR FEBRUARY 13 2016...

CLIMATE NORMAL PERIOD 1981 TO 2010
CLIMATE RECORD PERIOD 1948 TO 2016


WEATHER ITEM   OBSERVED TIME   RECORD YEAR NORMAL DEPARTURE
                VALUE   (LST)  VALUE       VALUE  FROM
                                                  NORMAL
...............................................................
TEMPERATURE (F)
 YESTERDAY
  MAXIMUM         75    222 PM  84    2014  61     14
  MINIMUM         30    645 AM  18    1965  35     -5
  AVERAGE         53                        48      5

PRECIPITATION (IN)
  YESTERDAY        0.00          1.18 1980   0.07  -0.07
  MONTH TO DATE    T                         0.81  -0.81
  SINCE OCT 1      3.02                      4.44  -1.42
  SINCE JAN 1      1.73                      2.31  -0.58

SNOWFALL (IN)
  YESTERDAY        0.0           0.0    MM
  MONTH TO DATE    0.0
  SINCE DEC 1      0.0
  SINCE JUL 1      0.0
  SNOW DEPTH       0

DEGREE DAYS
 HEATING
  YESTERDAY       12                               -5
  MONTH TO DATE  232                               -1
  SINCE DEC 1   1512                               -1
  SINCE JUL 1   2092                               34

 COOLING
  YESTERDAY        0                                0
  MONTH TO DATE    0                                0
  SINCE DEC 1      0                                0
  SINCE JAN 1      0                                0
...............................................................


WIND (MPH)
  HIGHEST WIND SPEED    18   HIGHEST WIND DIRECTION     W (280)
  HIGHEST GUST SPEED    22   HIGHEST GUST DIRECTION     W (280)
  AVERAGE WIND SPEED     3.7




RELATIVE HUMIDITY (PERCENT)
 HIGHEST    78
 LOWEST     17
 AVERAGE    48

..........................................................


THE LANCASTER FOX FIELD CA CLIMATE NORMALS FOR TODAY
                         NORMAL    RECORD    YEAR
 MAXIMUM TEMPERATURE (F)   61        84      2014
 MINIMUM TEMPERATURE (F)   35        13      1949


SUNRISE AND SUNSET
FEBRUARY 14 2016......SUNRISE   640 AM PST   SUNSET   535 PM PST
FEBRUARY 15 2016......SUNRISE   639 AM PST   SUNSET   536 PM PST


-  INDICATES NEGATIVE NUMBERS.
R  INDICATES RECORD WAS SET OR TIED.
MM INDICATES DATA IS MISSING.
T  INDICATES TRACE AMOUNT.




$$
