877
CDUS46 KLOX 210924
CLIWJF


CLIMATE REPORT
NATIONAL WEATHER SERVICE LOS ANGELES/OXNARD CA
224 AM PDT SAT OCT 21 2017


...................................

...THE LANCASTER FOX FIELD CA CLIMATE SUMMARY FOR OCTOBER 20 2017...

CLIMATE NORMAL PERIOD 1981 TO 2010
CLIMATE RECORD PERIOD 1948 TO 2017


WEATHER ITEM   OBSERVED TIME   RECORD YEAR NORMAL DEPARTURE
                VALUE   (LST)  VALUE       VALUE  FROM
                                                  NORMAL
...............................................................
TEMPERATURE (F)
 YESTERDAY
  MAXIMUM         63   1259 PM  95    2003  78    -15
  MINIMUM         51   1145 PM  31    1949  45      6
  AVERAGE         57                        61     -4

PRECIPITATION (IN)
  YESTERDAY        T             0.23 2004   0.02  -0.02
  MONTH TO DATE    T                         0.23  -0.23
  SINCE OCT 1      T                         0.23  -0.23
  SINCE JAN 1      4.62                      5.48  -0.86

SNOWFALL (IN)
  YESTERDAY        0.0           0.0    MM
  MONTH TO DATE    0.0
  SINCE SEP 1      0.0
  SINCE JUL 1      0.0
  SNOW DEPTH       0

DEGREE DAYS
 HEATING
  YESTERDAY        8                                3
  MONTH TO DATE   68                               13
  SINCE SEP 1     88                               21
  SINCE JUL 1     88                               21

 COOLING
  YESTERDAY        0                               -1
  MONTH TO DATE   35                              -11
  SINCE SEP 1    302                              -15
  SINCE JAN 1   2206                              330
...............................................................


WIND (MPH)
  HIGHEST WIND SPEED    47   HIGHEST WIND DIRECTION     W (270)
  HIGHEST GUST SPEED    55   HIGHEST GUST DIRECTION     W (280)
  AVERAGE WIND SPEED    28.7




RELATIVE HUMIDITY (PERCENT)
 HIGHEST    72
 LOWEST     46
 AVERAGE    59

..........................................................


THE LANCASTER FOX FIELD CA CLIMATE NORMALS FOR TODAY
                         NORMAL    RECORD    YEAR
 MAXIMUM TEMPERATURE (F)   78        93      2003
 MINIMUM TEMPERATURE (F)   44        24      1949


SUNRISE AND SUNSET
OCTOBER 21 2017.......SUNRISE   704 AM PDT   SUNSET   610 PM PDT
OCTOBER 22 2017.......SUNRISE   705 AM PDT   SUNSET   609 PM PDT


-  INDICATES NEGATIVE NUMBERS.
R  INDICATES RECORD WAS SET OR TIED.
MM INDICATES DATA IS MISSING.
T  INDICATES TRACE AMOUNT.




$$
