000
CDUS46 KLOX 020120
CLIWJF


CLIMATE REPORT
NATIONAL WEATHER SERVICE LOS ANGELES/OXNARD CA
620 PM PDT WED OCT 1 2014


...................................

...THE LANCASTER CLIMATE SUMMARY FOR OCTOBER 1 2014...
VALID TODAY AS OF 0600 PM LOCAL TIME.

CLIMATE NORMAL PERIOD 1981 TO 2010
CLIMATE RECORD PERIOD 1948 TO 2014


WEATHER ITEM   OBSERVED TIME   RECORD YEAR NORMAL DEPARTURE LAST
                VALUE   (LST)  VALUE       VALUE  FROM      YEAR
                                                  NORMAL
..................................................................
TEMPERATURE (F)
 TODAY
  MAXIMUM         87    301 PM  99    2012  85      2       87
  MINIMUM         57    557 AM  36    2009  51      6       60
  AVERAGE         72                        68      4       74

PRECIPITATION (IN)
  TODAY            0.00          0.38 1981   0.01  -0.01     0.00
  MONTH TO DATE    0.00                      0.01  -0.01     0.00
  SINCE JUL 1      0.03                      0.35  -0.32     0.02
  SINCE JAN 1      2.35                      5.26  -2.91     1.12

SNOWFALL (IN)
  TODAY            0.0           0.0    MM   0.0             0.0
  MONTH TO DATE    0.0                       0.0             0.0
  SINCE SEP 1      0.0                       0.0             0.0
  SINCE JUL 1      0.0                       0.0             0.0
  SNOW DEPTH       0

DEGREE DAYS
 HEATING
  TODAY            0                         1     -1        0
  MONTH TO DATE    0                         1     -1        0
  SINCE SEP 1      2                        13    -11       21
  SINCE JUL 1      2                        13    -11       21

 COOLING
  TODAY            7                         4      3        9
  MONTH TO DATE    7                         4      3        9
  SINCE SEP 1    337                       275     62      326
  SINCE JAN 1   1988                      1834    154     2197
..................................................................


WIND (MPH)
  HIGHEST WIND SPEED    23   HIGHEST WIND DIRECTION    NE (60)
  HIGHEST GUST SPEED    32   HIGHEST GUST DIRECTION    NE (60)
  AVERAGE WIND SPEED    11.2


SKY COVER
  POSSIBLE SUNSHINE  MM
  AVERAGE SKY COVER 0.0


WEATHER CONDITIONS
 THE FOLLOWING WEATHER WAS RECORDED TODAY.
  NO SIGNIFICANT WEATHER WAS OBSERVED.


RELATIVE HUMIDITY (PERCENT)
 HIGHEST    62           600 AM
 LOWEST     14           300 PM
 AVERAGE    38

..........................................................


THE LANCASTER CLIMATE NORMALS FOR TOMORROW
                         NORMAL    RECORD    YEAR
 MAXIMUM TEMPERATURE (F)   85       101      2012
 MINIMUM TEMPERATURE (F)   51        34      1971


SUNRISE AND SUNSET
OCTOBER  1 2014.......SUNRISE   648 AM PDT   SUNSET   637 PM PDT
OCTOBER  2 2014.......SUNRISE   648 AM PDT   SUNSET   635 PM PDT


-  INDICATES NEGATIVE NUMBERS.
R  INDICATES RECORD WAS SET OR TIED.
MM INDICATES DATA IS MISSING.
T  INDICATES TRACE AMOUNT.




$$
