000
CDUS46 KLOX 270112
CLIWJF


CLIMATE REPORT
NATIONAL WEATHER SERVICE LOS ANGELES/OXNARD CA
612 PM PDT THU MAR 26 2015


...................................

...THE LANCASTER CLIMATE SUMMARY FOR MARCH 26 2015...
VALID TODAY AS OF 0600 PM LOCAL TIME.

CLIMATE NORMAL PERIOD 1981 TO 2010
CLIMATE RECORD PERIOD 1948 TO 2015


WEATHER ITEM   OBSERVED TIME   RECORD YEAR NORMAL DEPARTURE LAST
                VALUE   (LST)  VALUE       VALUE  FROM      YEAR
                                                  NORMAL
..................................................................
TEMPERATURE (F)
 TODAY
  MAXIMUM         83    347 PM  86    1988  69     14       58
  MINIMUM         38    600 AM  28    1976  40     -2       45
  AVERAGE         61                        55      6       52

PRECIPITATION (IN)
  TODAY            0.00          0.79 1991   0.02  -0.02      T
  MONTH TO DATE    0.04                      1.01  -0.97     0.22
  SINCE OCT 1      4.32                      6.42  -2.10     3.68
  SINCE JAN 1      1.40                      4.29  -2.89     2.09

SNOWFALL (IN)
  TODAY            0.0           0.0    MM   0.0            MM
  MONTH TO DATE    0.0                       0.0             0.0
  SINCE MAR 1      0.0                       0.0             0.0
  SINCE JUL 1      0.0                       2.3             0.0
  SNOW DEPTH       0

DEGREE DAYS
 HEATING
  TODAY            4                        10     -6       13
  MONTH TO DATE  215                       317   -102      240
  SINCE MAR 1    215                       317   -102      240
  SINCE JUL 1   2084                      2610   -526     2477

 COOLING
  TODAY            0                         0      0        0
  MONTH TO DATE    0                         0      0        0
  SINCE MAR 1      0                         0      0        0
  SINCE JAN 1      0                         0      0        6
..................................................................


WIND (MPH)
  HIGHEST WIND SPEED    21   HIGHEST WIND DIRECTION    NE (50)
  HIGHEST GUST SPEED    28   HIGHEST GUST DIRECTION    NE (50)
  AVERAGE WIND SPEED     7.1


SKY COVER
  POSSIBLE SUNSHINE  MM
  AVERAGE SKY COVER 0.0


WEATHER CONDITIONS
 THE FOLLOWING WEATHER WAS RECORDED TODAY.
  NO SIGNIFICANT WEATHER WAS OBSERVED.


RELATIVE HUMIDITY (PERCENT)
 HIGHEST    54           600 AM
 LOWEST     13           300 PM
 AVERAGE    34

..........................................................


THE LANCASTER CLIMATE NORMALS FOR TOMORROW
                         NORMAL    RECORD    YEAR
 MAXIMUM TEMPERATURE (F)   69        84      1986
 MINIMUM TEMPERATURE (F)   41        30      1995


SUNRISE AND SUNSET
MARCH 26 2015.........SUNRISE   648 AM PDT   SUNSET   709 PM PDT
MARCH 27 2015.........SUNRISE   647 AM PDT   SUNSET   710 PM PDT


-  INDICATES NEGATIVE NUMBERS.
R  INDICATES RECORD WAS SET OR TIED.
MM INDICATES DATA IS MISSING.
T  INDICATES TRACE AMOUNT.




$$
