000
CDUS46 KLOX 300904
CLIWJF


CLIMATE REPORT
NATIONAL WEATHER SERVICE LOS ANGELES/OXNARD CA
204 AM PDT TUE JUN 30 2015


...................................

...THE LANCASTER FOX FIELD CA CLIMATE SUMMARY FOR JUNE 29 2015...

CLIMATE NORMAL PERIOD 1981 TO 2010
CLIMATE RECORD PERIOD 1948 TO 2015


WEATHER ITEM   OBSERVED TIME   RECORD YEAR NORMAL DEPARTURE
                VALUE   (LST)  VALUE       VALUE  FROM
                                                  NORMAL
...............................................................
TEMPERATURE (F)
 YESTERDAY
  MAXIMUM        100    220 PM 111    2013  95      5
  MINIMUM         75    435 AM  50    1996  65     10
  AVERAGE         88                        80      8

PRECIPITATION (IN)
  YESTERDAY        0.00          T    1982   0.00   0.00
  MONTH TO DATE    0.04                      0.05  -0.01
  SINCE OCT 1      4.65                      7.04  -2.39
  SINCE JAN 1      1.73                      4.91  -3.18

SNOWFALL (IN)
  YESTERDAY        0.0           0.0    MM
  MONTH TO DATE    0.0
  SINCE JUN 1      0.0
  SINCE JUL 1      0.0
  SNOW DEPTH       0

DEGREE DAYS
 HEATING
  YESTERDAY        0                                0
  MONTH TO DATE    2                               -4
  SINCE JUN 1      2                               -4
  SINCE JUL 1   2378                             -557

 COOLING
  YESTERDAY       23                                8
  MONTH TO DATE  452                              126
  SINCE JUN 1    452                              126
  SINCE JAN 1    550                               35
...............................................................


WIND (MPH)
  HIGHEST WIND SPEED    23   HIGHEST WIND DIRECTION     W (250)
  HIGHEST GUST SPEED    26   HIGHEST GUST DIRECTION     W (250)
  AVERAGE WIND SPEED     7.9




RELATIVE HUMIDITY (PERCENT)
 HIGHEST    41
 LOWEST     17
 AVERAGE    29

..........................................................


THE LANCASTER FOX FIELD CA CLIMATE NORMALS FOR TODAY
                         NORMAL    RECORD    YEAR
 MAXIMUM TEMPERATURE (F)   95       115      2013
 MINIMUM TEMPERATURE (F)   65        45      1970


SUNRISE AND SUNSET
JUNE 30 2015..........SUNRISE   543 AM PDT   SUNSET   810 PM PDT
JULY  1 2015..........SUNRISE   543 AM PDT   SUNSET   810 PM PDT


-  INDICATES NEGATIVE NUMBERS.
R  INDICATES RECORD WAS SET OR TIED.
MM INDICATES DATA IS MISSING.
T  INDICATES TRACE AMOUNT.




$$
