000
CDUS46 KLOX 230919
CLIWJF


CLIMATE REPORT
NATIONAL WEATHER SERVICE LOS ANGELES/OXNARD CA
219 AM PDT THU OCT 23 2014


...................................

...THE LANCASTER FOX FIELD CA CLIMATE SUMMARY FOR OCTOBER 22 2014...

CLIMATE NORMAL PERIOD 1981 TO 2010
CLIMATE RECORD PERIOD 1948 TO 2014


WEATHER ITEM   OBSERVED TIME   RECORD YEAR NORMAL DEPARTURE
                VALUE   (LST)  VALUE       VALUE  FROM
                                                  NORMAL
...............................................................
TEMPERATURE (F)
 YESTERDAY
  MAXIMUM         81    324 PM  95    2003  77      4
  MINIMUM         44    538 AM  25    1996  44      0
  AVERAGE         63                        60      3

PRECIPITATION (IN)
  YESTERDAY        0.00          0.80 1987   0.02  -0.02
  MONTH TO DATE    0.00                      0.27  -0.27
  SINCE JUL 1      0.03                      0.61  -0.58
  SINCE JAN 1      2.35                      5.52  -3.17

SNOWFALL (IN)
  YESTERDAY        0.0           0.0    MM
  MONTH TO DATE    0.0
  SINCE SEP 1      0.0
  SINCE JUL 1      0.0
  SNOW DEPTH       0

DEGREE DAYS
 HEATING
  YESTERDAY        2                               -3
  MONTH TO DATE   11                              -54
  SINCE SEP 1     13                              -64
  SINCE JUL 1     13                              -64

 COOLING
  YESTERDAY        0                               -1
  MONTH TO DATE   71                               23
  SINCE SEP 1    401                               82
  SINCE JAN 1   2052                              174
...............................................................


WIND (MPH)
  HIGHEST WIND SPEED    21   HIGHEST WIND DIRECTION     W (290)
  HIGHEST GUST SPEED    26   HIGHEST GUST DIRECTION    NW (300)
  AVERAGE WIND SPEED     3.6




RELATIVE HUMIDITY (PERCENT)
 HIGHEST    65
 LOWEST     16
 AVERAGE    41

..........................................................


THE LANCASTER FOX FIELD CA CLIMATE NORMALS FOR TODAY
                         NORMAL    RECORD    YEAR
 MAXIMUM TEMPERATURE (F)   77        93      1959
 MINIMUM TEMPERATURE (F)   44        30      1984


SUNRISE AND SUNSET
OCTOBER 23 2014.......SUNRISE   705 AM PDT   SUNSET   608 PM PDT
OCTOBER 24 2014.......SUNRISE   706 AM PDT   SUNSET   607 PM PDT


-  INDICATES NEGATIVE NUMBERS.
R  INDICATES RECORD WAS SET OR TIED.
MM INDICATES DATA IS MISSING.
T  INDICATES TRACE AMOUNT.




$$
