000
CDUS46 KLOX 270906
CLIWJF


CLIMATE REPORT
NATIONAL WEATHER SERVICE LOS ANGELES/OXNARD CA
106 AM PST TUE JAN 27 2015


...................................

...THE LANCASTER FOX FIELD CA CLIMATE SUMMARY FOR JANUARY 26 2015...

CLIMATE NORMAL PERIOD 1981 TO 2010
CLIMATE RECORD PERIOD 1948 TO 2015


WEATHER ITEM   OBSERVED TIME   RECORD YEAR NORMAL DEPARTURE
                VALUE   (LST)  VALUE       VALUE  FROM
                                                  NORMAL
...............................................................
TEMPERATURE (F)
 YESTERDAY
  MAXIMUM         63    131 PM  78    1951  59      4
  MINIMUM         35    615 AM  10    1949  32      3
  AVERAGE         49                        46      3

PRECIPITATION (IN)
  YESTERDAY        0.06          1.08 1956   0.05   0.01
  MONTH TO DATE    0.91                      1.24  -0.33
  SINCE OCT 1      3.83                      3.37   0.46
  SINCE JAN 1      0.91                      1.24  -0.33

SNOWFALL (IN)
  YESTERDAY       MM             0.0  1999
  MONTH TO DATE    0.0
  SINCE DEC 1      0.0
  SINCE JUL 1      0.0
  SNOW DEPTH       0

DEGREE DAYS
 HEATING
  YESTERDAY       16                               -3
  MONTH TO DATE  516                              -12
  SINCE DEC 1   1082                             -103
  SINCE JUL 1   1479                             -251

 COOLING
  YESTERDAY        0                                0
  MONTH TO DATE    0                                0
  SINCE DEC 1      0                                0
  SINCE JAN 1      0                                0
...............................................................


WIND (MPH)
  HIGHEST WIND SPEED    22   HIGHEST WIND DIRECTION    NE (30)
  HIGHEST GUST SPEED    28   HIGHEST GUST DIRECTION    NE (30)
  AVERAGE WIND SPEED     6.9




RELATIVE HUMIDITY (PERCENT)
 HIGHEST    93
 LOWEST     36
 AVERAGE    65

..........................................................


THE LANCASTER FOX FIELD CA CLIMATE NORMALS FOR TODAY
                         NORMAL    RECORD    YEAR
 MAXIMUM TEMPERATURE (F)   60        74      2003
 MINIMUM TEMPERATURE (F)   32        13      1950


SUNRISE AND SUNSET
JANUARY 27 2015.......SUNRISE   655 AM PST   SUNSET   517 PM PST
JANUARY 28 2015.......SUNRISE   654 AM PST   SUNSET   518 PM PST


-  INDICATES NEGATIVE NUMBERS.
R  INDICATES RECORD WAS SET OR TIED.
MM INDICATES DATA IS MISSING.
T  INDICATES TRACE AMOUNT.




$$
