000
CDUS46 KLOX 250906
CLIWJF


CLIMATE REPORT
NATIONAL WEATHER SERVICE LOS ANGELES/OXNARD CA
206 AM PDT SUN SEP 25 2016


...................................

...THE LANCASTER FOX FIELD CA CLIMATE SUMMARY FOR SEPTEMBER 24 2016...

CLIMATE NORMAL PERIOD 1981 TO 2010
CLIMATE RECORD PERIOD 1948 TO 2016


WEATHER ITEM   OBSERVED TIME   RECORD YEAR NORMAL DEPARTURE
                VALUE   (LST)  VALUE       VALUE  FROM
                                                  NORMAL
...............................................................
TEMPERATURE (F)
 YESTERDAY
  MAXIMUM         88    252 PM 100    2002  88      0
  MINIMUM         47    515 AM  39    1993  54     -7
  AVERAGE         68                        71     -3

PRECIPITATION (IN)
  YESTERDAY        0.00          0.05 1982   0.01  -0.01
  MONTH TO DATE    0.00                      0.11  -0.11
  SINCE OCT 1      3.82                      7.34  -3.52
  SINCE JAN 1      2.53                      5.21  -2.68

SNOWFALL (IN)
  YESTERDAY        0.0           0.0    MM
  MONTH TO DATE    0.0
  SINCE SEP 1      0.0
  SINCE JUL 1      0.0
  SNOW DEPTH       0

DEGREE DAYS
 HEATING
  YESTERDAY        0                               -1
  MONTH TO DATE    2                               -1
  SINCE SEP 1      2                               -1
  SINCE JUL 1      2                               -1

 COOLING
  YESTERDAY        3                               -3
  MONTH TO DATE  190                              -48
  SINCE SEP 1    190                              -48
  SINCE JAN 1   2052                              255
...............................................................


WIND (MPH)
  HIGHEST WIND SPEED    16   HIGHEST WIND DIRECTION    NE (60)
  HIGHEST GUST SPEED    21   HIGHEST GUST DIRECTION    NE (60)
  AVERAGE WIND SPEED     4.7




RELATIVE HUMIDITY (PERCENT)
 HIGHEST    42
 LOWEST     12
 AVERAGE    27

..........................................................


THE LANCASTER FOX FIELD CA CLIMATE NORMALS FOR TODAY
                         NORMAL    RECORD    YEAR
 MAXIMUM TEMPERATURE (F)   87       101      1960
 MINIMUM TEMPERATURE (F)   53        35      1958


SUNRISE AND SUNSET
SEPTEMBER 25 2016.....SUNRISE   643 AM PDT   SUNSET   645 PM PDT
SEPTEMBER 26 2016.....SUNRISE   644 AM PDT   SUNSET   643 PM PDT


-  INDICATES NEGATIVE NUMBERS.
R  INDICATES RECORD WAS SET OR TIED.
MM INDICATES DATA IS MISSING.
T  INDICATES TRACE AMOUNT.




$$
