000
CDUS46 KLOX 200119
CLIWJF


CLIMATE REPORT
NATIONAL WEATHER SERVICE LOS ANGELES/OXNARD CA
619 PM PDT SAT APR 19 2014


...................................

...THE LANCASTER CLIMATE SUMMARY FOR APRIL 19 2014...
VALID TODAY AS OF 0600 PM LOCAL TIME.

CLIMATE NORMAL PERIOD 1981 TO 2010
CLIMATE RECORD PERIOD 1948 TO 2014


WEATHER ITEM   OBSERVED TIME   RECORD YEAR NORMAL DEPARTURE LAST
                VALUE   (LST)  VALUE       VALUE  FROM      YEAR
                                                  NORMAL
..................................................................
TEMPERATURE (F)
 TODAY
  MAXIMUM         82    204 PM  94    1950  74      8       82
  MINIMUM         48    540 AM  29    2007  46      2       34
  AVERAGE         65                        60      5       58

PRECIPITATION (IN)
  TODAY            0.00          0.08 2001   0.01  -0.01     0.00
  MONTH TO DATE    0.09                      0.26  -0.17     0.00
  SINCE JUL 1      3.79                      7.15  -3.36     1.11
  SINCE JAN 1      2.18                      4.68  -2.50     0.95

SNOWFALL (IN)
  TODAY            0.0           0.0    MM   0.0             0.0
  MONTH TO DATE    0.0                       0.0             0.0
  SINCE MAR 1      0.0                       0.0             0.0
  SINCE JUL 1      0.0                       2.3             0.0
  SNOW DEPTH       0

DEGREE DAYS
 HEATING
  TODAY            0                         6     -6        7
  MONTH TO DATE  100                       154    -54      107
  SINCE MAR 1    387                       522   -135      313
  SINCE JUL 1   2624                      2815   -191     2685

 COOLING
  TODAY            0                         1     -1        0
  MONTH TO DATE   16                        10      6       11
  SINCE MAR 1     16                        12      4       23
  SINCE JAN 1     22                        12     10       23
..................................................................


WIND (MPH)
  HIGHEST WIND SPEED    26   HIGHEST WIND DIRECTION     W (270)
  HIGHEST GUST SPEED    31   HIGHEST GUST DIRECTION     W (270)
  AVERAGE WIND SPEED     8.8


SKY COVER
  POSSIBLE SUNSHINE  MM
  AVERAGE SKY COVER 0.0


WEATHER CONDITIONS
 THE FOLLOWING WEATHER WAS RECORDED TODAY.
  NO SIGNIFICANT WEATHER WAS OBSERVED.


RELATIVE HUMIDITY (PERCENT)
 HIGHEST    54           300 AM
 LOWEST     23           100 PM
 AVERAGE    39

..........................................................


THE LANCASTER CLIMATE NORMALS FOR TOMORROW
                         NORMAL    RECORD    YEAR
 MAXIMUM TEMPERATURE (F)   74        97      1950
 MINIMUM TEMPERATURE (F)   46        31      1966


SUNRISE AND SUNSET
APRIL 19 2014.........SUNRISE   616 AM PDT   SUNSET   728 PM PDT
APRIL 20 2014.........SUNRISE   615 AM PDT   SUNSET   729 PM PDT


-  INDICATES NEGATIVE NUMBERS.
R  INDICATES RECORD WAS SET OR TIED.
MM INDICATES DATA IS MISSING.
T  INDICATES TRACE AMOUNT.




$$
