000
CDUS45 KLKN 110029
CLIWMC


CLIMATE REPORT
NATIONAL WEATHER SERVICE ELKO NV
427 PM PST SUN DEC 10 2017


...................................

...THE WINNEMUCCA AIRPORT NV CLIMATE SUMMARY FOR DECEMBER 10 2017...
VALID TODAY AS OF 0400 PM LOCAL TIME.

CLIMATE NORMAL PERIOD 1981 TO 2010
CLIMATE RECORD PERIOD 1877 TO 2017


WEATHER ITEM   OBSERVED TIME   RECORD YEAR NORMAL DEPARTURE LAST
                VALUE   (LST)  VALUE       VALUE  FROM      YEAR
                                                  NORMAL
..................................................................
TEMPERATURE (F)
 TODAY
  MAXIMUM         46    337 PM  70    1939  42      4       49
  MINIMUM          6    739 AM -30    1972  18    -12       32
  AVERAGE         26                        30     -4       41

PRECIPITATION (IN)
  TODAY            0.00          0.69 2016   0.02  -0.02     0.69
  MONTH TO DATE    0.12                      0.29  -0.17     0.96
  SINCE OCT 1      1.15                      1.84  -0.69     3.30
  SINCE JAN 1      8.23                      7.64   0.59     8.12

SNOWFALL (IN)
  TODAY            0.0           2.2  1961   0.2   -0.2      0.0
  MONTH TO DATE    0.8                       1.6   -0.8      2.8
  SINCE DEC 1      0.8                       1.6   -0.8      2.8
  SINCE JUL 1      0.8                       5.1   -4.3      3.4
  SNOW DEPTH       0

DEGREE DAYS
 HEATING
  TODAY           39                        35      4       24
  MONTH TO DATE  362                       344     18      357
  SINCE DEC 1    362                       344     18      357
  SINCE JUL 1   1798                      1912   -114     1692

 COOLING
  TODAY            0                         0      0        0
  MONTH TO DATE    0                         0      0        0
  SINCE DEC 1      0                         0      0        0
  SINCE JAN 1    927                       541    386      577
..................................................................


WIND (MPH)
  HIGHEST WIND SPEED     9   HIGHEST WIND DIRECTION     N (20)
  HIGHEST GUST SPEED    11   HIGHEST GUST DIRECTION     N (20)



WEATHER CONDITIONS
 THE FOLLOWING WEATHER WAS RECORDED TODAY.
  NO SIGNIFICANT WEATHER WAS OBSERVED.


RELATIVE HUMIDITY (PERCENT)
 HIGHEST    84          1200 AM
 LOWEST     37           200 PM
 AVERAGE    61

..........................................................


THE WINNEMUCCA AIRPORT NV CLIMATE NORMALS FOR TOMORROW
                         NORMAL    RECORD    YEAR
 MAXIMUM TEMPERATURE (F)   42        64      2014
                                             1958
 MINIMUM TEMPERATURE (F)   18       -33      1972


SUNRISE AND SUNSET
DECEMBER 10 2017......SUNRISE   705 AM PST   SUNSET   423 PM PST
DECEMBER 11 2017......SUNRISE   706 AM PST   SUNSET   423 PM PST


-  INDICATES NEGATIVE NUMBERS.
R  INDICATES RECORD WAS SET OR TIED.
MM INDICATES DATA IS MISSING.
T  INDICATES TRACE AMOUNT.




$$
