000
CDUS45 KLKN 020930
CLIWMC


CLIMATE REPORT
NATIONAL WEATHER SERVICE ELKO NV
230 AM PDT MON MAY 2 2016


...................................

...THE WINNEMUCCA AIRPORT NV CLIMATE SUMMARY FOR MAY 1 2016...

CLIMATE NORMAL PERIOD 1981 TO 2010
CLIMATE RECORD PERIOD 1877 TO 2016


WEATHER ITEM   OBSERVED TIME   RECORD YEAR NORMAL DEPARTURE LAST
                VALUE   (LST)  VALUE       VALUE  FROM      YEAR
                                                  NORMAL
..................................................................
TEMPERATURE (F)
 YESTERDAY
  MAXIMUM         64    336 PM  89    1947  67     -3       79
  MINIMUM         35    342 AM  13    2008  34      1       33
  AVERAGE         50                        51     -1       56

PRECIPITATION (IN)
  YESTERDAY        T             0.51 1901   0.04  -0.04     0.00
  MONTH TO DATE    T                         0.04  -0.04     0.00
  SINCE OCT 1      8.20                      5.77   2.43     5.74
  SINCE JAN 1      3.92                      3.29   0.63     3.17

SNOWFALL (IN)
  YESTERDAY        0.0           5.2  1915   0.0    0.0      0.0
  MONTH TO DATE    0.0                       0.0    0.0      0.0
  SINCE MAR 1      1.7                       4.8   -3.1      2.4
  SINCE JUL 1     21.1                      20.8    0.3      5.3
  SNOW DEPTH       0

DEGREE DAYS
 HEATING
  YESTERDAY       15                        14      1        9
  MONTH TO DATE   15                        14      1        9
  SINCE MAR 1   1137                      1305   -168     1184
  SINCE JUL 1   5314                      5894   -580     4966

 COOLING
  YESTERDAY        0                         0      0        0
  MONTH TO DATE    0                         0      0        0
  SINCE MAR 1      0                         0      0        0
  SINCE JAN 1      0                         0      0        0
..................................................................


WIND (MPH)
  HIGHEST WIND SPEED    18   HIGHEST WIND DIRECTION    NE (40)
  HIGHEST GUST SPEED    27   HIGHEST GUST DIRECTION     N (10)
  AVERAGE WIND SPEED     8.3



WEATHER CONDITIONS
 THE FOLLOWING WEATHER WAS RECORDED YESTERDAY.
  NO SIGNIFICANT WEATHER WAS OBSERVED.


RELATIVE HUMIDITY (PERCENT)
 HIGHEST    82           300 AM
 LOWEST     29           600 PM
 AVERAGE    56

..........................................................


THE WINNEMUCCA AIRPORT NV CLIMATE NORMALS FOR TODAY
                         NORMAL    RECORD    YEAR
 MAXIMUM TEMPERATURE (F)   68        92      1947
 MINIMUM TEMPERATURE (F)   35        15      1953


SUNRISE AND SUNSET
MAY  2 2016...........SUNRISE   547 AM PDT   SUNSET   749 PM PDT
MAY  3 2016...........SUNRISE   546 AM PDT   SUNSET   750 PM PDT


-  INDICATES NEGATIVE NUMBERS.
R  INDICATES RECORD WAS SET OR TIED.
MM INDICATES DATA IS MISSING.
T  INDICATES TRACE AMOUNT.




$$
