064
CDUS45 KLKN 120929
CLIWMC


CLIMATE REPORT
NATIONAL WEATHER SERVICE ELKO NV
129 AM PST FRI FEB 12 2016


...................................

...THE WINNEMUCCA AIRPORT NV CLIMATE SUMMARY FOR FEBRUARY 11 2016...

CLIMATE NORMAL PERIOD 1981 TO 2010
CLIMATE RECORD PERIOD 1877 TO 2016


WEATHER ITEM   OBSERVED TIME   RECORD YEAR NORMAL DEPARTURE LAST
                VALUE   (LST)  VALUE       VALUE  FROM      YEAR
                                                  NORMAL
..................................................................
TEMPERATURE (F)
 YESTERDAY
  MAXIMUM         56    318 PM  66    1886  46     10       56
  MINIMUM         31    547 AM  -8    1894  22      9       30
  AVERAGE         44                        34     10       43

PRECIPITATION (IN)
  YESTERDAY        0.00          0.49 1959   0.03  -0.03     0.00
  MONTH TO DATE    0.09                      0.26  -0.17     0.49
  SINCE OCT 1      6.27                      3.61   2.66     3.46
  SINCE JAN 1      1.99                      1.13   0.86     0.89

SNOWFALL (IN)
  YESTERDAY        0.0           8.7  1959   0.1   -0.1      0.0
  MONTH TO DATE    1.2                       1.5   -0.3      0.0
  SINCE DEC 1     19.1                      10.6    8.5       T
  SINCE JUL 1     19.4                      14.1    5.3      2.3
  SNOW DEPTH       0

DEGREE DAYS
 HEATING
  YESTERDAY       21                        31    -10       22
  MONTH TO DATE  347                       350     -3      218
  SINCE DEC 1   2434                      2535   -101     2029
  SINCE JUL 1   3783                      4103   -320     3323

 COOLING
  YESTERDAY        0                         0      0        0
  MONTH TO DATE    0                         0      0        0
  SINCE DEC 1      0                         0      0        0
  SINCE JAN 1      0                         0      0        0
..................................................................


WIND (MPH)
  HIGHEST WIND SPEED    15   HIGHEST WIND DIRECTION    NE (50)
  HIGHEST GUST SPEED    19   HIGHEST GUST DIRECTION    NE (50)
  AVERAGE WIND SPEED     9.2



WEATHER CONDITIONS
 THE FOLLOWING WEATHER WAS RECORDED YESTERDAY.
  NO SIGNIFICANT WEATHER WAS OBSERVED.


RELATIVE HUMIDITY (PERCENT)
 HIGHEST    89          1100 PM
 LOWEST     41           400 PM
 AVERAGE    65

..........................................................


THE WINNEMUCCA AIRPORT NV CLIMATE NORMALS FOR TODAY
                         NORMAL    RECORD    YEAR
 MAXIMUM TEMPERATURE (F)   47        69      1971
 MINIMUM TEMPERATURE (F)   22        -7      1949


SUNRISE AND SUNSET
FEBRUARY 12 2016......SUNRISE   650 AM PST   SUNSET   522 PM PST
FEBRUARY 13 2016......SUNRISE   648 AM PST   SUNSET   523 PM PST


-  INDICATES NEGATIVE NUMBERS.
R  INDICATES RECORD WAS SET OR TIED.
MM INDICATES DATA IS MISSING.
T  INDICATES TRACE AMOUNT.




$$
