000
CDUS45 KLKN 280929
CLIWMC


CLIMATE REPORT
NATIONAL WEATHER SERVICE ELKO NV
227 AM PDT SAT MAR 28 2015


...................................

...THE WINNEMUCCA AIRPORT NV CLIMATE SUMMARY FOR MARCH 27 2015...

CLIMATE NORMAL PERIOD 1981 TO 2010
CLIMATE RECORD PERIOD 1877 TO 2015


WEATHER ITEM   OBSERVED TIME   RECORD YEAR NORMAL DEPARTURE LAST
                VALUE   (LST)  VALUE       VALUE  FROM      YEAR
                                                  NORMAL
..................................................................
TEMPERATURE (F)
 YESTERDAY
  MAXIMUM         78R   310 PM  77    1986  58     20       53
  MINIMUM         29    453 AM   9    1972  28      1       34
  AVERAGE         54                        43     11       44

PRECIPITATION (IN)
  YESTERDAY        0.00          0.50 1883   0.03  -0.03      T
  MONTH TO DATE    0.17                      0.72  -0.55     0.52
  SINCE OCT 1      3.91                      4.73  -0.82     4.79
  SINCE JAN 1      1.34                      2.25  -0.91     2.13

SNOWFALL (IN)
  YESTERDAY        0.0           3.7  1945   0.0    0.0       T
  MONTH TO DATE    T                         2.8   -2.8       T
  SINCE MAR 1      T                         2.8   -2.8       T
  SINCE JUL 1      2.9                      18.8  -15.9     21.5
  SNOW DEPTH       0

DEGREE DAYS
 HEATING
  YESTERDAY       11                        22    -11       21
  MONTH TO DATE  467                       652   -185      612
  SINCE MAR 1    467                       652   -185      612
  SINCE JUL 1   4249                      5241   -992     5271

 COOLING
  YESTERDAY        0                         0      0        0
  MONTH TO DATE    0                         0      0        0
  SINCE MAR 1      0                         0      0        0
  SINCE JAN 1      0                         0      0        0
..................................................................


WIND (MPH)
  HIGHEST WIND SPEED    20   HIGHEST WIND DIRECTION    SW (220)
  HIGHEST GUST SPEED    27   HIGHEST GUST DIRECTION     W (270)
  AVERAGE WIND SPEED     6.9



WEATHER CONDITIONS
 THE FOLLOWING WEATHER WAS RECORDED YESTERDAY.
  NO SIGNIFICANT WEATHER WAS OBSERVED.


RELATIVE HUMIDITY (PERCENT)
 HIGHEST    72           500 AM
 LOWEST     15           400 PM
 AVERAGE    44

..........................................................


THE WINNEMUCCA AIRPORT NV CLIMATE NORMALS FOR TODAY
                         NORMAL    RECORD    YEAR
 MAXIMUM TEMPERATURE (F)   58        76      1986
                                             1978
 MINIMUM TEMPERATURE (F)   28         8      1999


SUNRISE AND SUNSET
MARCH 28 2015.........SUNRISE   642 AM PDT   SUNSET   712 PM PDT
MARCH 29 2015.........SUNRISE   640 AM PDT   SUNSET   713 PM PDT


-  INDICATES NEGATIVE NUMBERS.
R  INDICATES RECORD WAS SET OR TIED.
MM INDICATES DATA IS MISSING.
T  INDICATES TRACE AMOUNT.




$$
