000
CDUS45 KLKN 250933
CLIWMC


CLIMATE REPORT
NATIONAL WEATHER SERVICE ELKO NV
127 AM PST SUN FEB 25 2018


...................................

...THE WINNEMUCCA AIRPORT NV CLIMATE SUMMARY FOR FEBRUARY 24 2018...

CLIMATE NORMAL PERIOD 1981 TO 2010
CLIMATE RECORD PERIOD 1877 TO 2018


WEATHER ITEM   OBSERVED TIME   RECORD YEAR NORMAL DEPARTURE LAST
                VALUE   (LST)  VALUE       VALUE  FROM      YEAR
                                                  NORMAL
..................................................................
TEMPERATURE (F)
 YESTERDAY
  MAXIMUM         35    316 PM  71    1986  50    -15       36
  MINIMUM         16   1024 PM   3    1960  24     -8       13
  AVERAGE         26                        37    -11       25

PRECIPITATION (IN)
  YESTERDAY        0.01          0.39 1972   0.02  -0.01     0.00
  MONTH TO DATE    0.44                      0.56  -0.12     0.74
  SINCE OCT 1      2.31                      3.91  -1.60     7.09
  SINCE JAN 1      0.97                      1.43  -0.46     2.55

SNOWFALL (IN)
  YESTERDAY        0.3           3.7  1972   0.1    0.2      0.0
  MONTH TO DATE    6.9                       3.0    3.9      0.7
  SINCE DEC 1     10.4                      12.1   -1.7     15.2
  SINCE JUL 1     10.4                      15.6   -5.2     15.8
  SNOW DEPTH       1

DEGREE DAYS
 HEATING
  YESTERDAY       39                        28     11       40
  MONTH TO DATE  760                       728     32      589
  SINCE DEC 1   2646                      2913   -267     2964
  SINCE JUL 1   4082                      4481   -399     4299

 COOLING
  YESTERDAY        0                         0      0        0
  MONTH TO DATE    0                         0      0        0
  SINCE DEC 1      0                         0      0        0
  SINCE JAN 1      0                         0      0        0
..................................................................


WIND (MPH)
  HIGHEST WIND SPEED    28   HIGHEST WIND DIRECTION    NW (320)
  HIGHEST GUST SPEED    39   HIGHEST GUST DIRECTION    NW (320)
  AVERAGE WIND SPEED    11.3



WEATHER CONDITIONS
 THE FOLLOWING WEATHER WAS RECORDED YESTERDAY.
  SNOW
  LIGHT SNOW
  HAZE


RELATIVE HUMIDITY (PERCENT)
 HIGHEST    88           700 PM
 LOWEST     55           700 AM
 AVERAGE    72

..........................................................


THE WINNEMUCCA AIRPORT NV CLIMATE NORMALS FOR TODAY
                         NORMAL    RECORD    YEAR
 MAXIMUM TEMPERATURE (F)   51        69      1986
 MINIMUM TEMPERATURE (F)   24        -3      1987


SUNRISE AND SUNSET
FEBRUARY 25 2018......SUNRISE   631 AM PST   SUNSET   538 PM PST
FEBRUARY 26 2018......SUNRISE   630 AM PST   SUNSET   539 PM PST


-  INDICATES NEGATIVE NUMBERS.
R  INDICATES RECORD WAS SET OR TIED.
MM INDICATES DATA IS MISSING.
T  INDICATES TRACE AMOUNT.




$$
