000
CDUS45 KLKN 270947
CLIWMC


CLIMATE REPORT
NATIONAL WEATHER SERVICE ELKO NV
247 AM PDT WED JUL 27 2016


...................................

...THE WINNEMUCCA AIRPORT NV CLIMATE SUMMARY FOR JULY 26 2016...

CLIMATE NORMAL PERIOD 1981 TO 2010
CLIMATE RECORD PERIOD 1877 TO 2016


WEATHER ITEM   OBSERVED TIME   RECORD YEAR NORMAL DEPARTURE LAST
                VALUE   (LST)  VALUE       VALUE  FROM      YEAR
                                                  NORMAL
..................................................................
TEMPERATURE (F)
 YESTERDAY
  MAXIMUM        100    343 PM 106    1975  95      5       88
  MINIMUM         51    456 AM  39    1987  53     -2       44
  AVERAGE         76                        74      2       66

PRECIPITATION (IN)
  YESTERDAY        0.00          0.39 1952   0.01  -0.01     0.00
  MONTH TO DATE    T                         0.20  -0.20     0.66
  SINCE OCT 1      8.86                      7.61   1.25     8.90
  SINCE JAN 1      4.58                      5.13  -0.55     6.33

SNOWFALL (IN)
  YESTERDAY        0.0           0.0  1877   0.0    0.0      0.0
  MONTH TO DATE    0.0                       0.0    0.0      0.0
  SINCE JUN 1      0.0                       T      0.0      0.0
  SINCE JUL 1      0.0                       0.0    0.0      0.0
  SNOW DEPTH       0

DEGREE DAYS
 HEATING
  YESTERDAY        0                         0      0        0
  MONTH TO DATE   17                         6     11        2
  SINCE JUN 1     71                       111    -40       24
  SINCE JUL 1     17                         6     11        2

 COOLING
  YESTERDAY       11                         9      2        1
  MONTH TO DATE  153                       202    -49      178
  SINCE JUN 1    286                       281      5      383
  SINCE JAN 1    286                       292     -6      387
..................................................................


WIND (MPH)
  HIGHEST WIND SPEED    17   HIGHEST WIND DIRECTION     W (250)
  HIGHEST GUST SPEED    22   HIGHEST GUST DIRECTION     W (270)
  AVERAGE WIND SPEED     4.4



WEATHER CONDITIONS
 THE FOLLOWING WEATHER WAS RECORDED YESTERDAY.
  NO SIGNIFICANT WEATHER WAS OBSERVED.


RELATIVE HUMIDITY (PERCENT)
 HIGHEST    28           500 AM
 LOWEST      8          1200 PM
 AVERAGE    18

..........................................................


THE WINNEMUCCA AIRPORT NV CLIMATE NORMALS FOR TODAY
                         NORMAL    RECORD    YEAR
 MAXIMUM TEMPERATURE (F)   95       106      1975
 MINIMUM TEMPERATURE (F)   52        38      1909


SUNRISE AND SUNSET
JULY 27 2016..........SUNRISE   543 AM PDT   SUNSET   812 PM PDT
JULY 28 2016..........SUNRISE   544 AM PDT   SUNSET   811 PM PDT


-  INDICATES NEGATIVE NUMBERS.
R  INDICATES RECORD WAS SET OR TIED.
MM INDICATES DATA IS MISSING.
T  INDICATES TRACE AMOUNT.




$$
