000
CDUS45 KLKN 200043
CLIWMC


CLIMATE REPORT
NATIONAL WEATHER SERVICE ELKO NV
543 PM PDT FRI SEP 19 2014


...................................

...THE WINNEMUCCA AIRPORT NV CLIMATE SUMMARY FOR SEPTEMBER 19 2014...
VALID TODAY AS OF 0500 PM LOCAL TIME.

CLIMATE NORMAL PERIOD 1981 TO 2010
CLIMATE RECORD PERIOD 1877 TO 2014


WEATHER ITEM   OBSERVED TIME   RECORD YEAR NORMAL DEPARTURE LAST
                VALUE   (LST)  VALUE       VALUE  FROM      YEAR
                                                  NORMAL
..................................................................
TEMPERATURE (F)
 TODAY
  MAXIMUM         87        MM  97    1939  80      7       79
  MINIMUM         57        MM  18    1971  38     19       31
  AVERAGE         72                        59     13       55

PRECIPITATION (IN)
  TODAY            0.00          0.38 1982   0.02  -0.02     0.00
  MONTH TO DATE    0.01                      0.24  -0.23     0.39
  SINCE OCT 1      7.25                      8.08  -0.83     5.21
  SINCE JAN 1      4.59                      5.60  -1.01     2.80

SNOWFALL (IN)
  TODAY            0.0           0.0  1877   0.0    0.0      0.0
  MONTH TO DATE    0.0                       0.0    0.0      0.0
  SINCE SEP 1      0.0                       0.0    0.0      0.0
  SINCE JUL 1      0.0                       0.0    0.0       T
  SNOW DEPTH       0

DEGREE DAYS
 HEATING
  TODAY            0                         7     -7       10
  MONTH TO DATE   15                        78    -63       28
  SINCE SEP 1     15                        78    -63       28
  SINCE JUL 1     34                       108    -74       28

 COOLING
  TODAY            7                         1      6        0
  MONTH TO DATE   39                        29     10       79
  SINCE SEP 1     39                        29     10       79
  SINCE JAN 1    664                       539    125      760
..................................................................


WIND (MPH)
  HIGHEST WIND SPEED    21   HIGHEST WIND DIRECTION     N (20)
  HIGHEST GUST SPEED    30   HIGHEST GUST DIRECTION     N (20)



WEATHER CONDITIONS
 THE FOLLOWING WEATHER WAS RECORDED TODAY.
  NO SIGNIFICANT WEATHER WAS OBSERVED.


RELATIVE HUMIDITY (PERCENT)
 HIGHEST    52           100 AM
 LOWEST     17           200 PM
 AVERAGE    35

..........................................................


THE WINNEMUCCA AIRPORT NV CLIMATE NORMALS FOR TOMORROW
                         NORMAL    RECORD    YEAR
 MAXIMUM TEMPERATURE (F)   79        96      1939
 MINIMUM TEMPERATURE (F)   38        20      1978


SUNRISE AND SUNSET
SEPTEMBER 19 2014.....SUNRISE   636 AM PDT   SUNSET   653 PM PDT
SEPTEMBER 20 2014.....SUNRISE   637 AM PDT   SUNSET   652 PM PDT


-  INDICATES NEGATIVE NUMBERS.
R  INDICATES RECORD WAS SET OR TIED.
MM INDICATES DATA IS MISSING.
T  INDICATES TRACE AMOUNT.




$$
