000
CDUS45 KLKN 280935
CLIWMC


CLIMATE REPORT
NATIONAL WEATHER SERVICE ELKO NV
132 AM PST SAT FEB 28 2015


...................................

...THE WINNEMUCCA AIRPORT NV CLIMATE SUMMARY FOR FEBRUARY 27 2015...

CLIMATE NORMAL PERIOD 1981 TO 2010
CLIMATE RECORD PERIOD 1877 TO 2015


WEATHER ITEM   OBSERVED TIME   RECORD YEAR NORMAL DEPARTURE LAST
                VALUE   (LST)  VALUE       VALUE  FROM      YEAR
                                                  NORMAL
..................................................................
TEMPERATURE (F)
 YESTERDAY
  MAXIMUM         41    415 PM  71    1986  51    -10       53
  MINIMUM         29   1050 PM -22    1890  25      4       32
  AVERAGE         35                        38     -3       43

PRECIPITATION (IN)
  YESTERDAY        0.28          0.52 1902   0.03   0.25     0.11
  MONTH TO DATE    0.77                      0.64   0.13     1.09
  SINCE OCT 1      3.74                      3.99  -0.25     4.24
  SINCE JAN 1      1.17                      1.51  -0.34     1.58

SNOWFALL (IN)
  YESTERDAY        0.6           5.2  1922   0.1    0.5      0.0
  MONTH TO DATE    0.6                       3.3   -2.7      0.3
  SINCE DEC 1      0.6                      12.4  -11.8     14.9
  SINCE JUL 1      2.9                      15.9  -13.0     21.5
  SNOW DEPTH       0

DEGREE DAYS
 HEATING
  YESTERDAY       30                        27      3       22
  MONTH TO DATE  650                       809   -159      688
  SINCE DEC 1   2461                      2994   -533     3087
  SINCE JUL 1   3755                      4562   -807     4632

 COOLING
  YESTERDAY        0                         0      0        0
  MONTH TO DATE    0                         0      0        0
  SINCE DEC 1      0                         0      0        0
  SINCE JAN 1      0                         0      0        0
..................................................................


WIND (MPH)
  HIGHEST WIND SPEED    17   HIGHEST WIND DIRECTION    SE (150)
  HIGHEST GUST SPEED    20   HIGHEST GUST DIRECTION    SE (150)
  AVERAGE WIND SPEED     5.4



WEATHER CONDITIONS
 THE FOLLOWING WEATHER WAS RECORDED YESTERDAY.
  HEAVY RAIN
  LIGHT RAIN
  LIGHT SNOW
  FOG
  FOG W/VISIBILITY <= 1/4 MILE


RELATIVE HUMIDITY (PERCENT)
 HIGHEST    96           800 AM
 LOWEST     61          1200 AM
 AVERAGE    79

..........................................................


THE WINNEMUCCA AIRPORT NV CLIMATE NORMALS FOR TODAY
                         NORMAL    RECORD    YEAR
 MAXIMUM TEMPERATURE (F)   52        74      1986
 MINIMUM TEMPERATURE (F)   25        -6      1890


SUNRISE AND SUNSET
FEBRUARY 28 2015......SUNRISE   627 AM PST   SUNSET   541 PM PST
MARCH  1 2015.........SUNRISE   626 AM PST   SUNSET   542 PM PST


-  INDICATES NEGATIVE NUMBERS.
R  INDICATES RECORD WAS SET OR TIED.
MM INDICATES DATA IS MISSING.
T  INDICATES TRACE AMOUNT.




$$
