000
CDUS45 KLKN 280935
CLIWMC


CLIMATE REPORT
NATIONAL WEATHER SERVICE ELKO NV
233 AM PDT FRI APR 28 2017


...................................

...THE WINNEMUCCA AIRPORT NV CLIMATE SUMMARY FOR APRIL 27 2017...

CLIMATE NORMAL PERIOD 1981 TO 2010
CLIMATE RECORD PERIOD 1877 TO 2017


WEATHER ITEM   OBSERVED TIME   RECORD YEAR NORMAL DEPARTURE LAST
                VALUE   (LST)  VALUE       VALUE  FROM      YEAR
                                                  NORMAL
..................................................................
TEMPERATURE (F)
 YESTERDAY
  MAXIMUM         52    405 PM  88    1987  66    -14       53
  MINIMUM         33    115 AM  13    1955  33      0       38
  AVERAGE         43                        50     -7       46

PRECIPITATION (IN)
  YESTERDAY        0.00          0.53 1937   0.03  -0.03     0.02
  MONTH TO DATE    0.93                      0.79   0.14     0.92
  SINCE OCT 1      9.34                      5.63   3.71     8.05
  SINCE JAN 1      4.80                      3.15   1.65     3.77

SNOWFALL (IN)
  YESTERDAY        0.0           2.0  1899   0.0    0.0      0.0
  MONTH TO DATE    T                         1.5   -1.5       T
  SINCE MAR 1      2.2                       4.7   -2.5      1.7
  SINCE JUL 1     18.3                      20.7   -2.4     21.1
  SNOW DEPTH       0

DEGREE DAYS
 HEATING
  YESTERDAY       22                        15      7       19
  MONTH TO DATE  501                       506     -5      412
  SINCE MAR 1   1127                      1245   -118     1071
  SINCE JUL 1   5566                      5834   -268     5248

 COOLING
  YESTERDAY        0                         0      0        0
  MONTH TO DATE    0                         0      0        0
  SINCE MAR 1      0                         0      0        0
  SINCE JAN 1      0                         0      0        0
..................................................................


WIND (MPH)
  HIGHEST WIND SPEED    21   HIGHEST WIND DIRECTION     N (340)
  HIGHEST GUST SPEED    27   HIGHEST GUST DIRECTION    NW (330)
  AVERAGE WIND SPEED     9.4



WEATHER CONDITIONS
 THE FOLLOWING WEATHER WAS RECORDED YESTERDAY.
  NO SIGNIFICANT WEATHER WAS OBSERVED.


RELATIVE HUMIDITY (PERCENT)
 HIGHEST    82          1200 AM
 LOWEST     28           400 PM
 AVERAGE    55

..........................................................


THE WINNEMUCCA AIRPORT NV CLIMATE NORMALS FOR TODAY
                         NORMAL    RECORD    YEAR
 MAXIMUM TEMPERATURE (F)   66        84      2007
 MINIMUM TEMPERATURE (F)   33        19      1984
                                             1976


SUNRISE AND SUNSET
APRIL 28 2017.........SUNRISE   553 AM PDT   SUNSET   745 PM PDT
APRIL 29 2017.........SUNRISE   552 AM PDT   SUNSET   746 PM PDT


-  INDICATES NEGATIVE NUMBERS.
R  INDICATES RECORD WAS SET OR TIED.
MM INDICATES DATA IS MISSING.
T  INDICATES TRACE AMOUNT.




$$
