000
CDUS45 KLKN 030929
CLIWMC


CLIMATE REPORT
NATIONAL WEATHER SERVICE ELKO NV
229 AM PDT FRI JUL 3 2015


...................................

...THE WINNEMUCCA AIRPORT NV CLIMATE SUMMARY FOR JULY 2 2015...

CLIMATE NORMAL PERIOD 1981 TO 2010
CLIMATE RECORD PERIOD 1877 TO 2015


WEATHER ITEM   OBSERVED TIME   RECORD YEAR NORMAL DEPARTURE LAST
                VALUE   (LST)  VALUE       VALUE  FROM      YEAR
                                                  NORMAL
..................................................................
TEMPERATURE (F)
 YESTERDAY
  MAXIMUM        102    116 PM 106    2013  90     12      102
  MINIMUM         69    437 AM  33    1902  50     19       57
  AVERAGE         86                        70     16       80

PRECIPITATION (IN)
  YESTERDAY        T             0.79 1938   0.01  -0.01     0.00
  MONTH TO DATE    T                         0.02  -0.02     0.00
  SINCE OCT 1      8.24                      7.43   0.81     6.65
  SINCE JAN 1      5.67                      4.95   0.72     3.99

SNOWFALL (IN)
  YESTERDAY        0.0           T    1902   0.0    0.0      0.0
  MONTH TO DATE    0.0                       0.0    0.0      0.0
  SINCE JUN 1      0.0                       T      0.0      0.0
  SINCE JUL 1      0.0                       0.0    0.0      0.0
  SNOW DEPTH       0

DEGREE DAYS
 HEATING
  YESTERDAY        0                         1     -1        0
  MONTH TO DATE    0                         2     -2        0
  SINCE JUN 1     22                       107    -85       74
  SINCE JUL 1      0                         2     -2        0

 COOLING
  YESTERDAY       21                         6     15       15
  MONTH TO DATE   42                        11     31       26
  SINCE JUN 1    255                        90    165      100
  SINCE JAN 1    259                       101    158      109
..................................................................


WIND (MPH)
  HIGHEST WIND SPEED    29   HIGHEST WIND DIRECTION     E (80)
  HIGHEST GUST SPEED    39   HIGHEST GUST DIRECTION    NE (60)
  AVERAGE WIND SPEED     7.6



WEATHER CONDITIONS
 THE FOLLOWING WEATHER WAS RECORDED YESTERDAY.
  HAZE


RELATIVE HUMIDITY (PERCENT)
 HIGHEST    43          1100 PM
 LOWEST     16           200 PM
 AVERAGE    30

..........................................................


THE WINNEMUCCA AIRPORT NV CLIMATE NORMALS FOR TODAY
                         NORMAL    RECORD    YEAR
 MAXIMUM TEMPERATURE (F)   90       106      2001
 MINIMUM TEMPERATURE (F)   50        34      2010
                                             1993


SUNRISE AND SUNSET
JULY  3 2015..........SUNRISE   524 AM PDT   SUNSET   827 PM PDT
JULY  4 2015..........SUNRISE   525 AM PDT   SUNSET   826 PM PDT


-  INDICATES NEGATIVE NUMBERS.
R  INDICATES RECORD WAS SET OR TIED.
MM INDICATES DATA IS MISSING.
T  INDICATES TRACE AMOUNT.




$$
