000
CDUS45 KLKN 200931
CLIWMC


CLIMATE REPORT
NATIONAL WEATHER SERVICE ELKO NV
229 AM PDT MON OCT 20 2014


...................................

...THE WINNEMUCCA AIRPORT NV CLIMATE SUMMARY FOR OCTOBER 19 2014...

CLIMATE NORMAL PERIOD 1981 TO 2010
CLIMATE RECORD PERIOD 1877 TO 2014


WEATHER ITEM   OBSERVED TIME   RECORD YEAR NORMAL DEPARTURE LAST
                VALUE   (LST)  VALUE       VALUE  FROM      YEAR
                                                  NORMAL
..................................................................
TEMPERATURE (F)
 YESTERDAY
  MAXIMUM         77    348 PM  84    1927  66     11       70
  MINIMUM         29    446 AM  15    1932  29      0       17
                                      1905
  AVERAGE         53                        47      6       44

PRECIPITATION (IN)
  YESTERDAY        0.00          0.58 1957   0.03  -0.03     0.00
  MONTH TO DATE    T                         0.40  -0.40     0.16
  SINCE OCT 1      T                         0.40  -0.40     0.16
  SINCE JAN 1      5.98                      6.20  -0.22     3.22

SNOWFALL (IN)
  YESTERDAY        0.0           0.8  1984   0.0    0.0      0.0
  MONTH TO DATE    0.0                       0.2   -0.2      0.0
  SINCE SEP 1      T                         0.2   -0.2      0.0
  SINCE JUL 1      T                         0.2   -0.2       T
  SNOW DEPTH       0

DEGREE DAYS
 HEATING
  YESTERDAY       12                        18     -6       21
  MONTH TO DATE  213                       276    -63      381
  SINCE SEP 1    298                       450   -152      529
  SINCE JUL 1    317                       480   -163      529

 COOLING
  YESTERDAY        0                         0      0        0
  MONTH TO DATE    0                         0      0        0
  SINCE SEP 1     49                        31     18       81
  SINCE JAN 1    674                       541    133      762
..................................................................


WIND (MPH)
  HIGHEST WIND SPEED    12   HIGHEST WIND DIRECTION    NE (30)
  HIGHEST GUST SPEED    14   HIGHEST GUST DIRECTION     N (20)
  AVERAGE WIND SPEED     4.4



WEATHER CONDITIONS
 THE FOLLOWING WEATHER WAS RECORDED YESTERDAY.
  HAZE


RELATIVE HUMIDITY (PERCENT)
 HIGHEST    58           400 AM
 LOWEST     14           300 PM
 AVERAGE    36

..........................................................


THE WINNEMUCCA AIRPORT NV CLIMATE NORMALS FOR TODAY
                         NORMAL    RECORD    YEAR
 MAXIMUM TEMPERATURE (F)   65        83      2003
                                             1927
                                             1915
 MINIMUM TEMPERATURE (F)   28         7      1996


SUNRISE AND SUNSET
OCTOBER 20 2014.......SUNRISE   708 AM PDT   SUNSET   603 PM PDT
OCTOBER 21 2014.......SUNRISE   709 AM PDT   SUNSET   602 PM PDT


-  INDICATES NEGATIVE NUMBERS.
R  INDICATES RECORD WAS SET OR TIED.
MM INDICATES DATA IS MISSING.
T  INDICATES TRACE AMOUNT.




$$
