000
CDUS45 KRIW 230749
CLIWRL


CLIMATE REPORT
NATIONAL WEATHER SERVICE RIVERTON WY
138 AM MDT SUN JUL 23 2017


...................................

...THE WORLAND WY CLIMATE SUMMARY FOR JULY 22 2017...

CLIMATE NORMAL PERIOD 1981 TO 2010
CLIMATE RECORD PERIOD 1947 TO 2017


WEATHER ITEM   OBSERVED TIME   RECORD YEAR NORMAL DEPARTURE LAST
                VALUE   (LST)  VALUE       VALUE  FROM      YEAR
                                                  NORMAL
..................................................................
TEMPERATURE (F)
 YESTERDAY
  MAXIMUM         93    451 PM 103    1982  90      3      102
  MINIMUM         54    501 AM  45    1978  56     -2       61
  AVERAGE         74                        73      1       82

PRECIPITATION (IN)
  YESTERDAY        0.00          0.96 1973   0.02  -0.02     0.00
  MONTH TO DATE    0.05                      0.50  -0.45     0.06
  SINCE JUN 1      0.41                      1.65  -1.24     0.35
  SINCE JAN 1      5.21                      4.81   0.40     4.11

DEGREE DAYS
 HEATING
  YESTERDAY        0                         0      0        0
  MONTH TO DATE    0                        10    -10        4
  SINCE JUN 1     46                       103    -57       10
  SINCE JUL 1      0                        10    -10        4

 COOLING
  YESTERDAY        9                         8      1       17
  MONTH TO DATE  232                       156     76      171
  SINCE JUN 1    322                       240     82      366
  SINCE JAN 1    322                       252     70      368
..................................................................


WIND (MPH)
  HIGHEST WIND SPEED    13   HIGHEST WIND DIRECTION    SE (130)
  HIGHEST GUST SPEED    15   HIGHEST GUST DIRECTION    NW (310)
  AVERAGE WIND SPEED     4.6


SKY COVER
  POSSIBLE SUNSHINE  MM
  AVERAGE SKY COVER 0.0


WEATHER CONDITIONS
 THE FOLLOWING WEATHER WAS RECORDED YESTERDAY.
  NO SIGNIFICANT WEATHER WAS OBSERVED.


RELATIVE HUMIDITY (PERCENT)
 HIGHEST    47           500 AM
 LOWEST     11           300 PM
 AVERAGE    29

..........................................................


THE WORLAND WY CLIMATE NORMALS FOR TODAY
                         NORMAL    RECORD    YEAR
 MAXIMUM TEMPERATURE (F)   90       104      2014
                                             2007
 MINIMUM TEMPERATURE (F)   56        44      1972


SUNRISE AND SUNSET
JULY 23 2017..........SUNRISE   551 AM MDT   SUNSET   845 PM MDT
JULY 24 2017..........SUNRISE   552 AM MDT   SUNSET   844 PM MDT


-  INDICATES NEGATIVE NUMBERS.
R  INDICATES RECORD WAS SET OR TIED.
MM INDICATES DATA IS MISSING.
T  INDICATES TRACE AMOUNT.




$$
