000
CDUS45 KRIW 010734
CLIWRL


CLIMATE REPORT
NATIONAL WEATHER SERVICE RIVERTON WY
134 AM MDT WED OCT 1 2014


...................................

...THE WORLAND WY CLIMATE SUMMARY FOR SEPTEMBER 30 2014...

CLIMATE NORMAL PERIOD 1981 TO 2010
CLIMATE RECORD PERIOD 1947 TO 2014


WEATHER ITEM   OBSERVED TIME   RECORD YEAR NORMAL DEPARTURE LAST
                VALUE   (LST)  VALUE       VALUE  FROM      YEAR
                                                  NORMAL
..................................................................
TEMPERATURE (F)
 YESTERDAY
  MAXIMUM         64    408 PM  90    1963  67     -3       75
  MINIMUM         41    622 AM  22    1985  37      4       42
  AVERAGE         53                        52      1       59

PRECIPITATION (IN)
  YESTERDAY        0.12          0.49 1995   0.03   0.09     0.00
  MONTH TO DATE    1.13                      0.85   0.28     2.63
  SINCE SEP 1      1.13                      0.85   0.28     2.63
  SINCE JAN 1      6.72                      6.30   0.42     5.84

DEGREE DAYS
 HEATING
  YESTERDAY       12                        13     -1        6
  MONTH TO DATE  178                       221    -43      146
  SINCE SEP 1    178                       221    -43      146
  SINCE JUL 1    212                       257    -45      146

 COOLING
  YESTERDAY        0                         0      0        0
  MONTH TO DATE   34                        29      5       91
  SINCE SEP 1     34                        29      5       91
  SINCE JAN 1    543                       535      8      852
..................................................................


WIND (MPH)
  HIGHEST WIND SPEED    12   HIGHEST WIND DIRECTION    NW (310)
  HIGHEST GUST SPEED    14   HIGHEST GUST DIRECTION    NW (310)
  AVERAGE WIND SPEED     3.6


SKY COVER
  POSSIBLE SUNSHINE  MM
  AVERAGE SKY COVER 0.6


WEATHER CONDITIONS
 THE FOLLOWING WEATHER WAS RECORDED YESTERDAY.
  HEAVY RAIN
  RAIN
  LIGHT RAIN
  FOG


RELATIVE HUMIDITY (PERCENT)
 HIGHEST    96           600 AM
 LOWEST     43           400 PM
 AVERAGE    70

..........................................................


THE WORLAND WY CLIMATE NORMALS FOR TODAY
                         NORMAL    RECORD    YEAR
 MAXIMUM TEMPERATURE (F)   66        91      2011
 MINIMUM TEMPERATURE (F)   36        24      1985


SUNRISE AND SUNSET
OCTOBER  1 2014.......SUNRISE   710 AM MDT   SUNSET   653 PM MDT
OCTOBER  2 2014.......SUNRISE   711 AM MDT   SUNSET   651 PM MDT


-  INDICATES NEGATIVE NUMBERS.
R  INDICATES RECORD WAS SET OR TIED.
MM INDICATES DATA IS MISSING.
T  INDICATES TRACE AMOUNT.




$$
