000
CDUS45 KRIW 020737
CLIWRL


CLIMATE REPORT
NATIONAL WEATHER SERVICE RIVERTON WY
135 AM MDT THU JUL 2 2015


...................................

...THE WORLAND WY CLIMATE SUMMARY FOR JULY 1 2015...

CLIMATE NORMAL PERIOD 1981 TO 2010
CLIMATE RECORD PERIOD 1947 TO 2015


WEATHER ITEM   OBSERVED TIME   RECORD YEAR NORMAL DEPARTURE LAST
                VALUE   (LST)  VALUE       VALUE  FROM      YEAR
                                                  NORMAL
..................................................................
TEMPERATURE (F)
 YESTERDAY
  MAXIMUM         95    405 PM 104    2012  86      9       79
  MINIMUM         58    448 AM  37    1968  53      5       49
  AVERAGE         77                        69      8       64

PRECIPITATION (IN)
  YESTERDAY        0.07          0.32 1992   0.02   0.05     0.00
  MONTH TO DATE    0.07                      0.02   0.05     0.00
  SINCE JUN 1      1.13                      1.17  -0.04     1.62
  SINCE JAN 1      5.31                      4.33   0.98     3.83

DEGREE DAYS
 HEATING
  YESTERDAY        0                         1     -1        1
  MONTH TO DATE    0                         1     -1        1
  SINCE JUN 1      4                        94    -90       91
  SINCE JUL 1      0                         1     -1        1

 COOLING
  YESTERDAY       12                         5      7        0
  MONTH TO DATE   12                         5      7        0
  SINCE JUN 1    191                        89    102       29
  SINCE JAN 1    193                       101     92       59
..................................................................


WIND (MPH)
  HIGHEST WIND SPEED    30   HIGHEST WIND DIRECTION    SW (220)
  HIGHEST GUST SPEED    38   HIGHEST GUST DIRECTION    SW (230)
  AVERAGE WIND SPEED     5.4


SKY COVER
  POSSIBLE SUNSHINE  MM
  AVERAGE SKY COVER 0.1


WEATHER CONDITIONS
 THE FOLLOWING WEATHER WAS RECORDED YESTERDAY.
  THUNDERSTORM
  RAIN
  LIGHT RAIN


RELATIVE HUMIDITY (PERCENT)
 HIGHEST    90           400 AM
 LOWEST     20           300 PM
 AVERAGE    55

..........................................................


THE WORLAND WY CLIMATE NORMALS FOR TODAY
                         NORMAL    RECORD    YEAR
 MAXIMUM TEMPERATURE (F)   86       104      1990
 MINIMUM TEMPERATURE (F)   53        41      1968


SUNRISE AND SUNSET
JULY  2 2015..........SUNRISE   533 AM MDT   SUNSET   858 PM MDT
JULY  3 2015..........SUNRISE   534 AM MDT   SUNSET   858 PM MDT


-  INDICATES NEGATIVE NUMBERS.
R  INDICATES RECORD WAS SET OR TIED.
MM INDICATES DATA IS MISSING.
T  INDICATES TRACE AMOUNT.




$$
