000
CDUS45 KRIW 250753
CLIWRL


CLIMATE REPORT
NATIONAL WEATHER SERVICE RIVERTON WY
146 AM MDT SAT OCT 25 2014


...................................

...THE WORLAND WY CLIMATE SUMMARY FOR OCTOBER 24 2014...

CLIMATE NORMAL PERIOD 1981 TO 2010
CLIMATE RECORD PERIOD 1947 TO 2014


WEATHER ITEM   OBSERVED TIME   RECORD YEAR NORMAL DEPARTURE LAST
                VALUE   (LST)  VALUE       VALUE  FROM      YEAR
                                                  NORMAL
..................................................................
TEMPERATURE (F)
 YESTERDAY
  MAXIMUM         77    425 PM  83    1992  57     20       59
  MINIMUM         33    603 AM  19    1976  28      5       31
  AVERAGE         55                        42     13       45

PRECIPITATION (IN)
  YESTERDAY        0.00          0.24 1981   0.01  -0.01     0.00
  MONTH TO DATE    0.27                      0.59  -0.32     1.65
  SINCE SEP 1      1.40                      1.44  -0.04     4.28
  SINCE JAN 1      6.99                      6.89   0.10     7.49

DEGREE DAYS
 HEATING
  YESTERDAY       10                        23    -13       20
  MONTH TO DATE  302                       435   -133      534
  SINCE SEP 1    480                       656   -176      680
  SINCE JUL 1    514                       692   -178      680

 COOLING
  YESTERDAY        0                         0      0        0
  MONTH TO DATE    0                         0      0        0
  SINCE SEP 1     34                        29      5       91
  SINCE JAN 1    543                       535      8      852
..................................................................


WIND (MPH)
  HIGHEST WIND SPEED     9   HIGHEST WIND DIRECTION    SE (120)
  HIGHEST GUST SPEED    13   HIGHEST GUST DIRECTION     N (360)
  AVERAGE WIND SPEED     3.2


SKY COVER
  POSSIBLE SUNSHINE  MM
  AVERAGE SKY COVER 0.0


WEATHER CONDITIONS
 THE FOLLOWING WEATHER WAS RECORDED YESTERDAY.
  LIGHT SNOW
  HAZE


RELATIVE HUMIDITY (PERCENT)
 HIGHEST    70          1100 PM
 LOWEST     16           400 PM
 AVERAGE    43

..........................................................


THE WORLAND WY CLIMATE NORMALS FOR TODAY
                         NORMAL    RECORD    YEAR
 MAXIMUM TEMPERATURE (F)   57        79      1979
 MINIMUM TEMPERATURE (F)   27        16      2001


SUNRISE AND SUNSET
OCTOBER 25 2014.......SUNRISE   739 AM MDT   SUNSET   612 PM MDT
OCTOBER 26 2014.......SUNRISE   740 AM MDT   SUNSET   610 PM MDT


-  INDICATES NEGATIVE NUMBERS.
R  INDICATES RECORD WAS SET OR TIED.
MM INDICATES DATA IS MISSING.
T  INDICATES TRACE AMOUNT.




$$
