000
CDUS45 KRIW 210732
CLIWRL


CLIMATE REPORT
NATIONAL WEATHER SERVICE RIVERTON WY
130 AM MDT SUN SEP 21 2014


...................................

...THE WORLAND WY CLIMATE SUMMARY FOR SEPTEMBER 20 2014...

CLIMATE NORMAL PERIOD 1981 TO 2010
CLIMATE RECORD PERIOD 1947 TO 2014


WEATHER ITEM   OBSERVED TIME   RECORD YEAR NORMAL DEPARTURE LAST
                VALUE   (LST)  VALUE       VALUE  FROM      YEAR
                                                  NORMAL
..................................................................
TEMPERATURE (F)
 YESTERDAY
  MAXIMUM         77    410 PM  91    1984  72      5       77
  MINIMUM         47    610 AM  24    1983  41      6       37
  AVERAGE         62                        56      6       57

PRECIPITATION (IN)
  YESTERDAY        0.00          0.47 1995   0.03  -0.03     0.00
  MONTH TO DATE    0.68                      0.52   0.16     0.91
  SINCE SEP 1      0.68                      0.52   0.16     0.91
  SINCE JAN 1      6.27                      5.97   0.30     4.12

DEGREE DAYS
 HEATING
  YESTERDAY        3                         9     -6        8
  MONTH TO DATE  135                       108     27       42
  SINCE SEP 1    135                       108     27       42
  SINCE JUL 1    169                       144     25       42

 COOLING
  YESTERDAY        0                         0      0        0
  MONTH TO DATE   16                        28    -12       90
  SINCE SEP 1     16                        28    -12       90
  SINCE JAN 1    525                       534     -9      851
..................................................................


WIND (MPH)
  HIGHEST WIND SPEED    12   HIGHEST WIND DIRECTION    SE (130)
  HIGHEST GUST SPEED    14   HIGHEST GUST DIRECTION     N (20)
  AVERAGE WIND SPEED     4.3


SKY COVER
  POSSIBLE SUNSHINE  MM
  AVERAGE SKY COVER 0.0


WEATHER CONDITIONS
 THE FOLLOWING WEATHER WAS RECORDED YESTERDAY.
  NO SIGNIFICANT WEATHER WAS OBSERVED.


RELATIVE HUMIDITY (PERCENT)
 HIGHEST    86           500 AM
 LOWEST     24           300 PM
 AVERAGE    55

..........................................................


THE WORLAND WY CLIMATE NORMALS FOR TODAY
                         NORMAL    RECORD    YEAR
 MAXIMUM TEMPERATURE (F)   71        90      1966
 MINIMUM TEMPERATURE (F)   40        24      1983


SUNRISE AND SUNSET
SEPTEMBER 21 2014.....SUNRISE   658 AM MDT   SUNSET   711 PM MDT
SEPTEMBER 22 2014.....SUNRISE   659 AM MDT   SUNSET   709 PM MDT


-  INDICATES NEGATIVE NUMBERS.
R  INDICATES RECORD WAS SET OR TIED.
MM INDICATES DATA IS MISSING.
T  INDICATES TRACE AMOUNT.




$$
