000
CDUS45 KRIW 100822
CLIWRL


CLIMATE REPORT
NATIONAL WEATHER SERVICE RIVERTON WY
122 AM MST SAT DEC 10 2016


...................................

...THE WORLAND WY CLIMATE SUMMARY FOR DECEMBER 9 2016...

CLIMATE NORMAL PERIOD 1981 TO 2010
CLIMATE RECORD PERIOD 1947 TO 2016


WEATHER ITEM   OBSERVED TIME   RECORD YEAR NORMAL DEPARTURE LAST
                VALUE   (LST)  VALUE       VALUE  FROM      YEAR
                                                  NORMAL
..................................................................
TEMPERATURE (F)
 YESTERDAY
  MAXIMUM         14    312 PM  53    1962  31    -17       46
  MINIMUM         -2    728 AM -32    1972   6     -8       23
  AVERAGE          6                        18    -12       35

PRECIPITATION (IN)
  YESTERDAY        0.00          0.15 1985   0.00   0.00     0.03
  MONTH TO DATE    0.02                      0.07  -0.05     0.03
  SINCE DEC 1      0.02                      0.07  -0.05     0.03
  SINCE JAN 1      9.77                      7.41   2.36     7.29

DEGREE DAYS
 HEATING
  YESTERDAY       59                        46     13       30
  MONTH TO DATE  434                       404     30      390
  SINCE DEC 1    434                       404     30      390
  SINCE JUL 1   1973                      2296   -323     1974

 COOLING
  YESTERDAY        0                         0      0        0
  MONTH TO DATE    0                         0      0        0
  SINCE DEC 1      0                         0      0        0
  SINCE JAN 1    690                       535    155      631
..................................................................


WIND (MPH)
  HIGHEST WIND SPEED    10   HIGHEST WIND DIRECTION     S (160)
  HIGHEST GUST SPEED    11   HIGHEST GUST DIRECTION     S (160)
  AVERAGE WIND SPEED     2.5


SKY COVER
  POSSIBLE SUNSHINE  MM
  AVERAGE SKY COVER 0.2


WEATHER CONDITIONS
 THE FOLLOWING WEATHER WAS RECORDED YESTERDAY.
  NO SIGNIFICANT WEATHER WAS OBSERVED.


RELATIVE HUMIDITY (PERCENT)
 HIGHEST    91           200 AM
 LOWEST     61           100 PM
 AVERAGE    76

..........................................................


THE WORLAND WY CLIMATE NORMALS FOR TODAY
                         NORMAL    RECORD    YEAR
 MAXIMUM TEMPERATURE (F)   31        64      1981
 MINIMUM TEMPERATURE (F)    5       -36      1972


SUNRISE AND SUNSET
DECEMBER 10 2016......SUNRISE   736 AM MST   SUNSET   434 PM MST
DECEMBER 11 2016......SUNRISE   737 AM MST   SUNSET   434 PM MST


-  INDICATES NEGATIVE NUMBERS.
R  INDICATES RECORD WAS SET OR TIED.
MM INDICATES DATA IS MISSING.
T  INDICATES TRACE AMOUNT.




$$
